000
CXUS51 KPHI 071420
CF6TTN
PRELIMINARY LOCAL CLIMATOLOGICAL DATA (WS FORM: F-6)
STATION: TRENTON NJ
MONTH: JANUARY
YEAR: 2022
LATITUDE: 40 16 N
LONGITUDE: 74 49 W
TEMPERATURE IN F: :PCPN: SNOW: WIND :SUNSHINE: SKY :PK WND
================================================================================
1 2 3 4 5 6A 6B 7 8 9 10 11 12 13 14 15 16 17 18
12Z AVG MX 2MIN
DY MAX MIN AVG DEP HDD CDD WTR SNW DPTH SPD SPD DIR MIN PSBL S-S WX SPD DR
================================================================================
1 54 49 52 19 13 0 0.96 0.0 0 4.1 16 340 M M 10 12 22 340
2 59 34 47 14 18 0 0.07 0.0 0 7.3 20 330 M M 8 1 27 340
3 35 21 28 -5 37 0 0.00 0.0 0 11.5 21 340 M M 6 27 340
4 34 18 26 -7 39 0 0.00 0.0 0 6.1 15 340 M M 0 21 330
5 45 23 34 1 31 0 0.01 T 0 5.7 20 210 M M 5 16 24 210
6 38 29 34 2 31 0 0.00 0.0 0 6.9 20 270 M M 1 28 270
7 31 21 26 -6 39 0 0.26 4.6 5 11.1 21 290 M M 5 1 31 300
8 30 17 24 -8 41 0 0.00 0.0 2 5.4 16 340 M M 0 21 350
9 41 19 30 -2 35 0 0.16 T 2 6.5 16 220 M M 8 1 26 310
10 39 23 31 -1 34 0 0.00 0.0 T 11.2 21 300 M M 3 29 300
11 23 13 18 -14 47 0 0.00 0.0 0 8.2 21 320 M M 0 28 320
12 40 14 27 -5 38 0 0.00 0.0 0 6.5 22 210 M M 0 29 220
13 48 23 36 4 29 0 0.00 0.0 0 2.0 8 340 M M 0 14 290
14 45 21 33 1 32 0 0.00 0.0 0 13.1 23 330 M M 1 33 350
15 21 10 16 -16 49 0 0.00 0.0 0 10.3 21 340 M M 0 25 340
16 41 4 23 -9 42 0 0.33 0.5 0 9.8 23 70 M M 5 1 31 50
17 46 32 39 7 26 0 0.64 T T 14.4 30 70 M M 10 1 41 90
18 37 22 30 -2 35 0 T T 0 8.3 23 280 M M 5 36 330
19 48 23 36 4 29 0 0.00 0.0 0 7.2 24 210 M M 2 31 220
20 42 18 30 -2 35 0 0.25 T 0 8.9 21 340 M M 7 1 26 350
21 23 13 18 -14 47 0 0.00 0.0 0 9.4 18 350 M M 0 23 360
22 31 8 20 -12 45 0 0.00 0.0 0 3.8 13 20 M M 0 16 30
23 36 18 27 -5 38 0 T T 0 4.0 12 230 M M 5 1 16 250
24 33 22 28 -4 37 0 0.00 0.0 0 5.4 15 340 M M 5 1 17 350
25 41 25 33 1 32 0 0.00 0.0 0 4.5 15 320 M M 6 18 20 290
26 29 14 22 -10 43 0 0.00 0.0 0 6.8 16 300 M M 0 23 290
27 31 8 20 -12 45 0 0.00 0.0 0 3.5 12 210 M M 1 15 220
28 32 26 29 -3 36 0 0.17 1.7 0 3.9 13 360 M M 10 1 18 20
29 28 10 19 -13 46 0 0.53 5.4 4 15.0 24 360 M M 8 129 33 350
30 23 6 15 -17 50 0 0.00 0.0 6 6.4 15 310 M M 0 25 340
31 32 9 21 -11 44 0 0.00 0.0 5 3.6 8 110 M M 1 11 110
================================================================================
SM 1136 593 1143 0 3.38 12.2 230.8 M 112
================================================================================
AV 36.6 19.1 7.4 FASTST M M 4 MAX(MPH)
MISC ----> 30 70 41 90
================================================================================
NOTES:
# LAST OF SEVERAL OCCURRENCES
COLUMN 17 PEAK WIND IN M.P.H.
PRELIMINARY LOCAL CLIMATOLOGICAL DATA (WS FORM: F-6) , PAGE 2
STATION: TRENTON NJ
MONTH: JANUARY
YEAR: 2022
LATITUDE: 40 16 N
LONGITUDE: 74 49 W
[TEMPERATURE DATA] [PRECIPITATION DATA] SYMBOLS USED IN COLUMN 16
AVERAGE MONTHLY: 27.9 TOTAL FOR MONTH: 3.38 1 = FOG OR MIST
DPTR FM NORMAL: -4.1 DPTR FM NORMAL: 0.09 2 = FOG REDUCING VISIBILITY
HIGHEST: 59 ON 2 GRTST 24HR 0.96 ON 1- 1 TO 1/4 MILE OR LESS
LOWEST: 4 ON 16 3 = THUNDER
SNOW, ICE PELLETS, HAIL 4 = ICE PELLETS
TOTAL MONTH: 12.2 INCHES 5 = HAIL
GRTST 24HR 5.4 ON 29-29 6 = FREEZING RAIN OR DRIZZLE
GRTST DEPTH: 6 ON 30 7 = DUSTSTORM OR SANDSTORM:
VSBY 1/2 MILE OR LESS
8 = SMOKE OR HAZE
[NO. OF DAYS WITH] [WEATHER - DAYS WITH] 9 = BLOWING SNOW
X = TORNADO
MAX 32 OR BELOW: 12 0.01 INCH OR MORE: 10
MAX 90 OR ABOVE: 0 0.10 INCH OR MORE: 8
MIN 32 OR BELOW: 29 0.50 INCH OR MORE: 3
MIN 0 OR BELOW: 0 1.00 INCH OR MORE: 0
[HDD (BASE 65) ]
TOTAL THIS MO. 1143 CLEAR (SCALE 0-3) 15
DPTR FM NORMAL 120 PTCLDY (SCALE 4-7) 12
TOTAL FM JUL 1 2666 CLOUDY (SCALE 8-10) 4
DPTR FM NORMAL -169
[CDD (BASE 65) ]
TOTAL THIS MO. 0
DPTR FM NORMAL 0 [PRESSURE DATA]
TOTAL FM JAN 1 0 HIGHEST SLP M ON M
DPTR FM NORMAL 0 LOWEST SLP 29.07 ON 17
[REMARKS]
#FINAL-01-22#