080
CXUS54 KTSA 010840
CF6TUL
PRELIMINARY LOCAL CLIMATOLOGICAL DATA (WS FORM: F-6)
STATION: TULSA OKLAHOMA
MONTH: APRIL
YEAR: 2020
LATITUDE: 36 12 N
LONGITUDE: 95 54 W
TEMPERATURE IN F: :PCPN: SNOW: WIND :SUNSHINE: SKY :PK WND
================================================================================
1 2 3 4 5 6A 6B 7 8 9 10 11 12 13 14 15 16 17 18
12Z AVG MX 2MIN
DY MAX MIN AVG DEP HDD CDD WTR SNW DPTH SPD SPD DIR MIN PSBL S-S WX SPD DR
================================================================================
1 71 49 60 4 5 0 0.00 0.0 0 9.9 21 170 M M 7 31 180
2 75 59 67 11 0 2 0.02 0.0 0 14.9 31 180 M M 6 1 47 180
3 63 36 50 -7 15 0 0.02 0.0 0 13.7 22 340 M M 10 1 28 330
4 43 36 40 -17 25 0 T 0.0 0 8.7 16 10 M M 10 18 22 10
5 65 42 54 -3 11 0 0.00 0.0 0 6.1 15 150 M M 8 1 21 160
6 74 60 67 9 0 2 0.00 0.0 0 12.0 20 180 M M 10 29 170
7 88 65 77 19 0 12 0.00 0.0 0 10.9 22 190 M M 7 31 190
8 93 61 77 19 0 12 T 0.0 0 7.6 25 10 M M 3 8 40 20
9 70 48 59 0 6 0 0.00 0.0 0 10.4 21 10 M M 6 28 60
10 65 40 53 -6 12 0 0.00 0.0 0 7.4 18 10 M M 1 27 20
11 72 54 63 4 2 0 0.59 0.0 0 16.4 31 190 M M 9 13 40 160
12 66 38 52 -8 13 0 0.18 0.0 0 16.5 31 340 M M 10 13 44 330
13 48 34 41 -19 24 0 0.03 T 0 13.1 29 350 M M 9 37 360
14 52 35 44 -16 21 0 0.01 T 0 4.5 12 40 M M 7 15 100
15 63 37 50 -10 15 0 0.00 0.0 0 7.5 17 190 M M 1 23 280
16 71 40 56 -5 9 0 T 0.0 0 12.0 28 170 M M 2 3 43 180
17 63 37 50 -11 15 0 0.03 0.0 0 10.1 20 340 M M 8 13 26 320
18 68 30 49 -12 16 0 T 0.0 0 6.5 17 180 M M 4 13 27 170
19 72 52 62 0 3 0 T 0.0 0 6.0 20 40 M M 7 27 60
20 79 46 63 1 2 0 0.16 0.0 0 4.5 26 340 M M 3 13 34 330
21 80 48 64 2 1 0 T 0.0 0 5.2 12 70 M M 3 1 16 110
22 65 56 61 -2 4 0 1.81 T 0 9.5 23 40 M M 9 135 34 120
23 80 55 68 5 0 3 T 0.0 0 7.1 16 320 M M 5 21 330
24 79 55 67 4 0 2 1.28 T 0 11.5 41 300 M M 8 135 59 290
25 75 52 64 0 1 0 T 0.0 0 11.5 22 350 M M 3 30 300
26 78 46 62 -2 3 0 0.00 0.0 0 4.8 14 120 M M 5 20 120
27 76 60 68 4 0 3 0.02 0.0 0 11.0 30 180 M M 8 39 190
28 81 60 71 7 0 6 0.76 T 0 12.7 39 340 M M 5 135 51 350
29 72 51 62 -3 3 0 0.00 0.0 0 13.2 29 320 M M 2 42 320
30 78 50 64 -1 1 0 0.00 0.0 0 5.1 10 170 M M 3 14 300
================================================================================
SM 2125 1432 207 42 4.91 T 290.3 M 179
================================================================================
AV 70.8 47.7 9.7 FASTST M M 6 MAX(MPH)
MISC ----> # 41 300 # 59 290
================================================================================
NOTES:
# LAST OF SEVERAL OCCURRENCES
COLUMN 17 PEAK WIND IN M.P.H.
PRELIMINARY LOCAL CLIMATOLOGICAL DATA (WS FORM: F-6) , PAGE 2
STATION: TULSA OKLAHOMA
MONTH: APRIL
YEAR: 2020
LATITUDE: 36 12 N
LONGITUDE: 95 54 W
[TEMPERATURE DATA] [PRECIPITATION DATA] SYMBOLS USED IN COLUMN 16
AVERAGE MONTHLY: 59.3 TOTAL FOR MONTH: 4.91 1 = FOG OR MIST
DPTR FM NORMAL: -1.3 DPTR FM NORMAL: 1.12 2 = FOG REDUCING VISIBILITY
HIGHEST: 93 ON 8 GRTST 24HR 1.81 ON 22-22 TO 1/4 MILE OR LESS
LOWEST: 30 ON 18 3 = THUNDER
SNOW, ICE PELLETS, HAIL 4 = ICE PELLETS
TOTAL MONTH: T 5 = HAIL
GRTST 24HR T ON 28-28 6 = FREEZING RAIN OR DRIZZLE
GRTST DEPTH: 0 7 = DUSTSTORM OR SANDSTORM:
VSBY 1/2 MILE OR LESS
8 = SMOKE OR HAZE
[NO. OF DAYS WITH] [WEATHER - DAYS WITH] 9 = BLOWING SNOW
X = TORNADO
MAX 32 OR BELOW: 0 0.01 INCH OR MORE: 12
MAX 90 OR ABOVE: 1 0.10 INCH OR MORE: 6
MIN 32 OR BELOW: 1 0.50 INCH OR MORE: 4
MIN 0 OR BELOW: 0 1.00 INCH OR MORE: 2
[HDD (BASE 65) ]
TOTAL THIS MO. 207 CLEAR (SCALE 0-3) 6
DPTR FM NORMAL 21 PTCLDY (SCALE 4-7) 16
TOTAL FM JUL 1 3202 CLOUDY (SCALE 8-10) 8
DPTR FM NORMAL -333
[CDD (BASE 65) ]
TOTAL THIS MO. 42
DPTR FM NORMAL -11 [PRESSURE DATA]
TOTAL FM JAN 1 78 HIGHEST SLP 30.40 ON 14
DPTR FM NORMAL 13 LOWEST SLP 29.42 ON 12
[REMARKS]
#FINAL-04-20#