000
CXUS54 KJAN 011925
CF6TVR
PRELIMINARY LOCAL CLIMATOLOGICAL DATA (WS FORM: F-6)
STATION: VICKSBURG
MONTH: NOVEMBER
YEAR: 2022
LATITUDE: 32 20 N
LONGITUDE: 91 2 W
TEMPERATURE IN F: :PCPN: SNOW: WIND :SUNSHINE: SKY :PK WND
================================================================================
1 2 3 4 5 6A 6B 7 8 9 10 11 12 13 14 15 16 17 18
12Z AVG MX 2MIN
DY MAX MIN AVG DEP HDD CDD WTR SNW DPTH SPD SPD DIR MIN PSBL S-S WX SPD DR
================================================================================
1 72 50 61 1 4 0 T 0.0 0 1.4 9 130 M M 2 12 13 130
2 81 52 67 7 0 2 0.00 0.0 0 0.9 8 150 M M 1 12 13 130
3 84 54 69 9 0 4 0.00 0.0 0 3.4 10 150 M M 1 18 16 120
4 87 60 74 15 0 9 T 0.0 0 12.1 23 170 M M 4 1 32 170
5 73 51 62 3 3 0 1.93 0.0 0 3.5 20 160 M M 4 13 38 320
6 84 59 72 14 0 7 0.11 0.0 0 2.2 7 160 M M 7 1 9 150
7 89 65 77 19 0 12 0.00 0.0 0 2.2 12 360 M M 3 12 17 360
8 87 69 78 20 0 13 0.00 0.0 0 4.5 9 10 M M M 12 12 10
9 83 56 70 12 0 5 0.00 0.0 0 5.7 14 130 M M M 1 19 140
10 78 47 63 6 2 0 0.00 0.0 0 2.6 9 10 M M M 14 100
11 77 49 63 6 2 0 0.29 0.0 0 2.9 14 130 M M M 1 21 300
12 62 33 48 -9 17 0 0.18 0.0 0 7.1 16 360 M M M 1 27 350
13 49 30 40 -16 25 0 0.00 0.0 0 8.5 17 10 M M 0 22 10
14 53 32 43 -13 22 0 0.46 0.0 0 6.1 20 20 M M 4 1 25 10
15 48 37 43 -13 22 0 0.21 0.0 0 5.2 16 80 M M 8 1 23 70
16 55 33 44 -12 21 0 0.00 0.0 0 4.7 15 10 M M 0 21 360
17 51 28 40 -15 25 0 0.00 0.0 0 4.0 14 360 M M 0 19 10
18 59 26 43 -12 22 0 0.00 0.0 0 3.4 12 20 M M 0 15 10
19 47 32 40 -15 25 0 0.00 0.0 0 4.1 12 360 M M 2 15 360
20 54 28 41 -13 24 0 0.00 0.0 0 5.3 13 20 M M 0 17 10
21 54 35 45 -9 20 0 T M 0 2.5 9 20 M M 4 12 20
22 67 43 55 1 10 0 T 0.0 0 2.9 8 360 M M 5 11 20
23 74 36 55 1 10 0 0.00 0.0 0 1.9 8 120 M M 0 11 40
24 74 52 63 9 2 0 1.46 0.0 0 8.1 23 30 M M 4 1 32 30
25 63 58 61 8 4 0 0.04 0.0 0 5.8 15 360 M M 10 1 22 10
26 67 56 62 9 3 0 0.44 0.0 0 8.2 18 120 M M 7 1 26 190
27 69 45 57 4 8 0 0.00 0.0 0 3.2 12 360 M M 0 23 290
28 69 41 55 2 10 0 0.00 0.0 0 1.1 7 90 M M 1 12 10 130
29 78 48 63 10 2 0 0.58 0.0 0 10.3 29 170 M M 6 13 40 170
30 75 37 56 4 9 0 0.07 0.0 0 10.8 24 350 M M 1 1 38 10
================================================================================
SM 2063 1342 292 52 5.77 0.0 144.6 M 74
================================================================================
AV 68.8 44.7 4.8 FASTST M M 3 MAX(MPH)
MISC ----> 29 170 40 170
================================================================================
NOTES:
# LAST OF SEVERAL OCCURRENCES
COLUMN 17 PEAK WIND IN M.P.H.
PRELIMINARY LOCAL CLIMATOLOGICAL DATA (WS FORM: F-6) , PAGE 2
STATION: VICKSBURG
MONTH: NOVEMBER
YEAR: 2022
LATITUDE: 32 20 N
LONGITUDE: 91 2 W
[TEMPERATURE DATA] [PRECIPITATION DATA] SYMBOLS USED IN COLUMN 16
AVERAGE MONTHLY: 56.8 TOTAL FOR MONTH: 5.77 1 = FOG OR MIST
DPTR FM NORMAL: 0.8 DPTR FM NORMAL: 1.85 2 = FOG REDUCING VISIBILITY
HIGHEST: 89 ON 7 GRTST 24HR 1.93 ON 4- 5 TO 1/4 MILE OR LESS
LOWEST: 26 ON 18 3 = THUNDER
SNOW, ICE PELLETS, HAIL 4 = ICE PELLETS
TOTAL MONTH: 0.0 INCH 5 = HAIL
GRTST 24HR 0.0 6 = FREEZING RAIN OR DRIZZLE
GRTST DEPTH: 0 7 = DUSTSTORM OR SANDSTORM:
VSBY 1/2 MILE OR LESS
8 = SMOKE OR HAZE
[NO. OF DAYS WITH] [WEATHER - DAYS WITH] 9 = BLOWING SNOW
X = TORNADO
MAX 32 OR BELOW: 0 0.01 INCH OR MORE: 11
MAX 90 OR ABOVE: 0 0.10 INCH OR MORE: 9
MIN 32 OR BELOW: 6 0.50 INCH OR MORE: 3
MIN 0 OR BELOW: 0 1.00 INCH OR MORE: 2
[HDD (BASE 65) ]
TOTAL THIS MO. 292 CLEAR (SCALE 0-3) 14
DPTR FM NORMAL -2 PTCLDY (SCALE 4-7) 9
TOTAL FM JUL 1 363 CLOUDY (SCALE 8-10) 7
DPTR FM NORMAL -19
[CDD (BASE 65) ]
TOTAL THIS MO. 52
DPTR FM NORMAL 31 [PRESSURE DATA]
TOTAL FM JAN 1 2778 HIGHEST SLP 30.53 ON 20
DPTR FM NORMAL 248 LOWEST SLP 29.70 ON 26
[REMARKS]
#FINAL-11-22#