000
CXUS54 KJAN 011410
CF6TVR
PRELIMINARY LOCAL CLIMATOLOGICAL DATA (WS FORM: F-6)
STATION: VICKSBURG
MONTH: AUGUST
YEAR: 2022
LATITUDE: 32 20 N
LONGITUDE: 91 2 W
TEMPERATURE IN F: :PCPN: SNOW: WIND :SUNSHINE: SKY :PK WND
================================================================================
1 2 3 4 5 6A 6B 7 8 9 10 11 12 13 14 15 16 17 18
12Z AVG MX 2MIN
DY MAX MIN AVG DEP HDD CDD WTR SNW DPTH SPD SPD DIR MIN PSBL S-S WX SPD DR
================================================================================
1 96 73 85 2 0 20 0.00 0.0 0 2.6 21 180 M M 1 31 170
2 94 74 84 1 0 19 0.18 0.0 0 2.7 14 180 M M 3 3 20 170
3 94 72 83 0 0 18 T 0.0 0 3.1 15 170 M M 3 21 180
4 91 70 81 -2 0 16 0.00 0.0 0 2.7 13 130 M M 1 17 130
5 93 73 83 0 0 18 T 0.0 0 5.8 15 170 M M 2 21 170
6 95 72 84 1 0 19 T 0.0 0 5.0 29 170 M M 1 3 45 170
7 95 73 84 1 0 19 0.00 0.0 0 3.7 12 140 M M 1 18 140
8 96 72 84 1 0 19 0.00 0.0 0 3.3 20 160 M M 1 3 27 170
9 89 72 81 -2 0 16 0.01 0.0 0 3.0 12 140 M M 2 3 17 310
10 89 73 81 -2 0 16 0.31 0.0 0 2.1 12 160 M M 1 3 14 140
11 92 73 83 0 0 18 T 0.0 0 3.1 12 150 M M 3 14 150
12 95 72 84 1 0 19 0.19 0.0 0 3.8 20 40 M M 4 13 27 30
13 94 73 84 1 0 19 0.00 0.0 0 1.9 8 50 M M 2 12 30
14 95 73 84 1 0 19 0.00 0.0 0 2.0 9 180 M M 0 13 M
15 98 74 86 3 0 21 0.00 0.0 0 2.0 9 140 M M 1 14 330
16 99 75 87 4 0 22 T 0.0 0 4.1 15 170 M M 1 3 26 180
17 91 74 83 1 0 18 0.00 0.0 0 4.5 10 360 M M 1 19 350
18 79 72 76 -6 0 11 1.00 0.0 0 1.3 12 70 M M 7 13 17 320
19 88 72 80 -2 0 15 T 0.0 0 3.6 12 170 M M 4 15 180
20 88 72 80 -2 0 15 0.30 0.0 0 3.7 10 180 M M 1 13 22 200
21 86 72 79 -3 0 14 0.52 0.0 0 3.0 12 290 M M 4 13 26 300
22 80 73 77 -5 0 12 1.81 0.0 0 3.6 10 180 M M 7 13 21 230
23 75 73 74 -8 0 9 3.04 0.0 0 6.8 16 110 M M 10 3 25 110
24 86 73 80 -2 0 15 2.90 0.0 0 6.8 22 120 M M 8 13 29 140
25 85 72 79 -3 0 14 1.02 0.0 0 4.9 13 110 M M 6 3 18 120
26 88 74 81 -1 0 16 T 0.0 0 4.0 10 140 M M 6 14 140
27 89 74 82 1 0 17 0.00 0.0 0 2.4 10 150 M M 3 14 190
28 91 75 83 2 0 18 0.00 0.0 0 4.2 15 170 M M 2 21 180
29 93 75 84 3 0 19 0.00 0.0 0 1.4 9 160 M M 1 13 160
30 94 75 85 4 0 20 1.72 0.0 0 3.8 22 110 M M 1 3 29 100
31 94 75 85 4 0 20 T 0.0 0 1.7 17 30 M M 1 3 23 20
================================================================================
SM 2812 2265 0 531 13.00 0.0 106.6 M 89
================================================================================
AV 90.7 73.1 3.4 FASTST M M 3 MAX(MPH)
MISC ----> 29 170 45 170
================================================================================
NOTES:
# LAST OF SEVERAL OCCURRENCES
COLUMN 17 PEAK WIND IN M.P.H.
PRELIMINARY LOCAL CLIMATOLOGICAL DATA (WS FORM: F-6) , PAGE 2
STATION: VICKSBURG
MONTH: AUGUST
YEAR: 2022
LATITUDE: 32 20 N
LONGITUDE: 91 2 W
[TEMPERATURE DATA] [PRECIPITATION DATA] SYMBOLS USED IN COLUMN 16
AVERAGE MONTHLY: 81.9 TOTAL FOR MONTH: 13.00 1 = FOG OR MIST
DPTR FM NORMAL: -0.5 DPTR FM NORMAL: 9.25 2 = FOG REDUCING VISIBILITY
HIGHEST: 99 ON 16 GRTST 24HR 5.22 ON 23-24 TO 1/4 MILE OR LESS
LOWEST: 70 ON 4 3 = THUNDER
SNOW, ICE PELLETS, HAIL 4 = ICE PELLETS
TOTAL MONTH: 0.0 INCH 5 = HAIL
GRTST 24HR 0.0 6 = FREEZING RAIN OR DRIZZLE
GRTST DEPTH: 0 7 = DUSTSTORM OR SANDSTORM:
VSBY 1/2 MILE OR LESS
8 = SMOKE OR HAZE
[NO. OF DAYS WITH] [WEATHER - DAYS WITH] 9 = BLOWING SNOW
X = TORNADO
MAX 32 OR BELOW: 0 0.01 INCH OR MORE: 12
MAX 90 OR ABOVE: 19 0.10 INCH OR MORE: 11
MIN 32 OR BELOW: 0 0.50 INCH OR MORE: 7
MIN 0 OR BELOW: 0 1.00 INCH OR MORE: 6
[HDD (BASE 65) ]
TOTAL THIS MO. 0 CLEAR (SCALE 0-3) 21
DPTR FM NORMAL 0 PTCLDY (SCALE 4-7) 9
TOTAL FM JUL 1 0 CLOUDY (SCALE 8-10) 1
DPTR FM NORMAL 0
[CDD (BASE 65) ]
TOTAL THIS MO. 531
DPTR FM NORMAL -8 [PRESSURE DATA]
TOTAL FM JAN 1 2265 HIGHEST SLP 30.21 ON 7
DPTR FM NORMAL 259 LOWEST SLP 29.87 ON 23
[REMARKS]
#FINAL-08-22#