000
CXUS54 KJAN 011529
CF6TVR
PRELIMINARY LOCAL CLIMATOLOGICAL DATA (WS FORM: F-6)
STATION: VICKSBURG
MONTH: MARCH
YEAR: 2020
LATITUDE: 32 20 N
LONGITUDE: 91 2 W
TEMPERATURE IN F: :PCPN: SNOW: WIND :SUNSHINE: SKY :PK WND
================================================================================
1 2 3 4 5 6A 6B 7 8 9 10 11 12 13 14 15 16 17 18
12Z AVG MX 2MIN
DY MAX MIN AVG DEP HDD CDD WTR SNW DPTH SPD SPD DIR MIN PSBL S-S WX SPD DR
================================================================================
1 73 49 61 7 4 0 T 0.0 0 9.7 20 170 M M 3 28 160
2 74 60 67 13 0 2 T 0.0 0 6.3 15 170 M M 8 21 180
3 75 63 69 15 0 4 0.10 0.0 0 3.9 10 360 M M 7 18 14 350
4 66 54 60 6 5 0 1.42 0.0 0 12.8 24 120 M M 10 13 38 110
5 67 51 59 4 6 0 0.36 0.0 0 8.1 24 30 M M 4 1 32 30
6 62 49 56 1 9 0 0.00 0.0 0 9.1 22 10 M M 0 29 20
7 61 45 53 -2 12 0 0.00 0.0 0 5.6 14 100 M M 0 18 110
8 73 44 59 4 6 0 0.00 0.0 0 7.1 16 170 M M 0 23 160
9 71 57 64 8 1 0 0.16 0.0 0 11.3 22 160 M M 6 28 150
10 77 63 70 14 0 5 0.13 0.0 0 4.6 12 170 M M 7 1 16 170
11 80 62 71 15 0 6 0.00 0.0 0 6.1 15 180 M M 3 24 170
12 80 63 72 16 0 7 0.00 0.0 0 7.8 21 180 M M 2 34 210
13 74 63 69 12 0 4 0.01 0.0 0 6.8 16 30 M M 7 18 20 30
14 80 63 72 15 0 7 0.01 0.0 0 4.9 14 170 M M 5 1 20 170
15 68 54 61 4 4 0 0.00 0.0 0 8.3 16 10 M M 9 1 21 360
16 76 55 66 9 0 1 0.00 0.0 0 3.9 12 20 M M 4 15 10
17 76 60 68 10 0 3 0.00 0.0 0 3.9 12 360 M M 3 1 19 30
18 82 67 75 17 0 10 0.00 0.0 0 7.9 18 170 M M 5 25 180
19 86 70 78 20 0 13 T 0.0 0 9.7 20 180 M M 4 28 170
20 80 62 71 13 0 6 1.41 0.0 0 6.3 17 170 M M 8 1 27 180
21 62 54 58 0 7 0 0.00 0.0 0 10.1 17 10 M M 7 25 10
22 75 54 65 6 0 0 1.03 0.0 0 7.1 15 180 M M 7 1 20 180
23 74 65 70 11 0 5 T 0.0 0 5.1 12 180 M M 6 16 180
24 83 65 74 15 0 9 T 0.0 0 6.3 17 180 M M 4 1 30 200
25 78 63 71 12 0 6 0.00 0.0 0 3.0 10 360 M M 4 1 15 20
26 88 59 74 14 0 9 0.00 0.0 0 6.9 17 180 M M 1 18 27 200
27 88 66 77 17 0 12 0.00 0.0 0 7.9 16 170 M M 2 18 23 180
28 86 64 75 15 0 10 0.11 0.0 0 8.5 17 180 M M 1 1 27 270
29 76 54 65 5 0 0 0.01 0.0 0 1.9 12 270 M M 1 138 20 280
30 70 58 64 3 1 0 0.04 0.0 0 5.4 15 80 M M 7 22 70
31 69 50 60 -1 5 0 0.81 0.0 0 6.7 16 360 M M 6 13 30 310
================================================================================
SM 2330 1806 60 119 5.60 0.0 213.0 M 141
================================================================================
AV 75.2 58.3 6.9 FASTST M M 5 MAX(MPH)
MISC ----> # 24 120 # 38 110
================================================================================
NOTES:
# LAST OF SEVERAL OCCURRENCES
COLUMN 17 PEAK WIND IN M.P.H.
PRELIMINARY LOCAL CLIMATOLOGICAL DATA (WS FORM: F-6) , PAGE 2
STATION: VICKSBURG
MONTH: MARCH
YEAR: 2020
LATITUDE: 32 20 N
LONGITUDE: 91 2 W
[TEMPERATURE DATA] [PRECIPITATION DATA] SYMBOLS USED IN COLUMN 16
AVERAGE MONTHLY: 66.7 TOTAL FOR MONTH: 5.60 1 = FOG OR MIST
DPTR FM NORMAL: 9.5 DPTR FM NORMAL: 0.57 2 = FOG REDUCING VISIBILITY
HIGHEST: 88 ON 27,26 GRTST 24HR 1.42 ON 4- 4 TO 1/4 MILE OR LESS
LOWEST: 44 ON 8 3 = THUNDER
SNOW, ICE PELLETS, HAIL 4 = ICE PELLETS
TOTAL MONTH: 0.0 INCH 5 = HAIL
GRTST 24HR 0.0 6 = FREEZING RAIN OR DRIZZLE
GRTST DEPTH: 0 7 = DUSTSTORM OR SANDSTORM:
VSBY 1/2 MILE OR LESS
8 = SMOKE OR HAZE
[NO. OF DAYS WITH] [WEATHER - DAYS WITH] 9 = BLOWING SNOW
X = TORNADO
MAX 32 OR BELOW: 0 0.01 INCH OR MORE: 13
MAX 90 OR ABOVE: 0 0.10 INCH OR MORE: 9
MIN 32 OR BELOW: 0 0.50 INCH OR MORE: 4
MIN 0 OR BELOW: 0 1.00 INCH OR MORE: 3
[HDD (BASE 65) ]
TOTAL THIS MO. 60 CLEAR (SCALE 0-3) 11
DPTR FM NORMAL -205 PTCLDY (SCALE 4-7) 18
TOTAL FM JUL 1 1585 CLOUDY (SCALE 8-10) 2
DPTR FM NORMAL -656
[CDD (BASE 65) ]
TOTAL THIS MO. 119
DPTR FM NORMAL 96 [PRESSURE DATA]
TOTAL FM JAN 1 133 HIGHEST SLP M ON M
DPTR FM NORMAL 101 LOWEST SLP 29.66 ON 31
[REMARKS]
#FINAL-03-20#