000
CXUS55 KBOI 011002
CF6TWF
PRELIMINARY LOCAL CLIMATOLOGICAL DATA (WS FORM: F-6)
STATION: TWIN FALLS ID
MONTH: APRIL
YEAR: 2020
LATITUDE: 42 28 N
LONGITUDE: 114 29 W
TEMPERATURE IN F: :PCPN: SNOW: WIND :SUNSHINE: SKY :PK WND
================================================================================
1 2 3 4 5 6A 6B 7 8 9 10 11 12 13 14 15 16 17 18
12Z AVG MX 2MIN
DY MAX MIN AVG DEP HDD CDD WTR SNW DPTH SPD SPD DIR MIN PSBL S-S WX SPD DR
================================================================================
1 36 27 32 -13 33 0 T M M 12.7 25 280 M M 8 18 29 280
2 43 24 34 -11 31 0 T M M 13.5 25 280 M M 1 35 280
3 49 21 35 -11 30 0 0.00 M M 6.9 21 270 M M 2 25 270
4 58 26 42 -4 23 0 T M M 7.3 21 250 M M 3 27 250
5 55 30 43 -3 22 0 T M M 9.0 29 170 M M 5 34 170
6 55 37 46 0 19 0 0.06 M M 6.7 17 310 M M 8 38 22 310
7 62 37 50 4 15 0 0.00 M M 10.1 16 310 M M 0 21 330
8 66 39 53 7 12 0 0.00 M M 7.1 15 210 M M 0 19 210
9 69 33 51 5 14 0 0.00 M M 11.2 31 190 M M 0 40 190
10 69 43 56 9 9 0 0.00 M M 13.5 24 200 M M 0 31 200
11 61 37 49 2 16 0 0.00 M M 23.6 36 290 M M 2 43 290
12 49 28 39 -8 26 0 T M M 14.4 26 290 M M 2 34 290
13 45 20 33 -14 32 0 0.00 M M 10.5 21 280 M M 4 26 290
14 56 25 41 -7 24 0 0.00 M M 16.2 30 290 M M 2 37 300
15 57 33 45 -3 20 0 0.07 M M 19.5 38 300 M M 9 1 48 310
16 45 25 35 -13 30 0 T M M 10.1 22 90 M M 7 1 26 90
17 60 23 42 -6 23 0 0.00 M M 8.8 15 210 M M 0 8 18 210
18 65 24 45 -3 20 0 T M M 6.7 18 340 M M 0 25 330
19 63 42 53 4 12 0 0.00 M M 12.1 21 280 M M 2 25 270
20 66 39 53 4 12 0 0.00 M M 10.6 17 210 M M 0 21 320
21 70 41 56 7 9 0 T M M 15.6 29 290 M M 0 34 270
22 65 43 54 5 11 0 T M M 17.5 30 290 M M 3 37 280
23 61 41 51 1 14 0 T M M 20.9 37 310 M M 4 45 310
24 62 37 50 0 15 0 0.00 M M 11.7 20 300 M M 2 26 230
25 67 39 53 3 12 0 0.00 M M 8.2 16 200 M M 0 19 220
26 70 45 58 8 7 0 T M M 10.9 20 300 M M 2 25 290
27 68 44 56 5 9 0 0.00 M M 15.9 37 290 M M 1 46 290
28 71 45 58 7 7 0 0.00 M M 11.8 18 290 M M 0 24 310
29 86 42 64 13 1 0 0.00 M M 11.5 29 190 M M 1 38 38 190
30 76 45 61 9 4 0 T M M 15.6 46 300 M M 4 8 54 300
================================================================================
SM 1825 1035 512 0 0.13 M 370.1 M 72
================================================================================
AV 60.8 34.5 12.3 FASTST M M 2 MAX(MPH)
MISC ----> 46 300 54 300
================================================================================
NOTES:
# LAST OF SEVERAL OCCURRENCES
COLUMN 17 PEAK WIND IN M.P.H.
PRELIMINARY LOCAL CLIMATOLOGICAL DATA (WS FORM: F-6) , PAGE 2
STATION: TWIN FALLS ID
MONTH: APRIL
YEAR: 2020
LATITUDE: 42 28 N
LONGITUDE: 114 29 W
[TEMPERATURE DATA] [PRECIPITATION DATA] SYMBOLS USED IN COLUMN 16
AVERAGE MONTHLY: 47.7 TOTAL FOR MONTH: 0.13 1 = FOG OR MIST
DPTR FM NORMAL: -0.4 DPTR FM NORMAL: -1.01 2 = FOG REDUCING VISIBILITY
HIGHEST: 86 ON 29 GRTST 24HR 0.09 ON 31- 1 TO 1/4 MILE OR LESS
LOWEST: 20 ON 13 3 = THUNDER
SNOW, ICE PELLETS, HAIL 4 = ICE PELLETS
TOTAL MONTH: M 5 = HAIL
GRTST 24HR M ON M 6 = FREEZING RAIN OR DRIZZLE
GRTST DEPTH: M ON M 7 = DUSTSTORM OR SANDSTORM:
VSBY 1/2 MILE OR LESS
8 = SMOKE OR HAZE
[NO. OF DAYS WITH] [WEATHER - DAYS WITH] 9 = BLOWING SNOW
X = TORNADO
MAX 32 OR BELOW: 0 0.01 INCH OR MORE: 2
MAX 90 OR ABOVE: 0 0.10 INCH OR MORE: 0
MIN 32 OR BELOW: 11 0.50 INCH OR MORE: 0
MIN 0 OR BELOW: 0 1.00 INCH OR MORE: 0
[HDD (BASE 65) ]
TOTAL THIS MO. 512 CLEAR (SCALE 0-3) 21
DPTR FM NORMAL 3 PTCLDY (SCALE 4-7) 8
TOTAL FM JUL 1 5841 CLOUDY (SCALE 8-10) 1
DPTR FM NORMAL 43
[CDD (BASE 65) ]
TOTAL THIS MO. 0
DPTR FM NORMAL -1 [PRESSURE DATA]
TOTAL FM JAN 1 0 HIGHEST SLP 30.29 ON 14
DPTR FM NORMAL -1 LOWEST SLP 29.53 ON 5
[REMARKS]
#FINAL-04-20#