000
CXUS54 KSHV 011300
CF6TXK
PRELIMINARY LOCAL CLIMATOLOGICAL DATA (WS FORM: F-6)
STATION: TEXARKANA
MONTH: JUNE
YEAR: 2023
LATITUDE: 33 27 N
LONGITUDE: 94 0 W
TEMPERATURE IN F: :PCPN: SNOW: WIND :SUNSHINE: SKY :PK WND
================================================================================
1 2 3 4 5 6A 6B 7 8 9 10 11 12 13 14 15 16 17 18
12Z AVG MX 2MIN
DY MAX MIN AVG DEP HDD CDD WTR SNW DPTH SPD SPD DIR MIN PSBL S-S WX SPD DR
================================================================================
1 94 67 81 5 0 16 0.00 0.0 0 4.7 10 70 M M 1 16 70
2 94 70 82 6 0 17 0.00 0.0 0 3.5 12 140 M M 1 14 150
3 95 69 82 5 0 17 0.02 0.0 0 4.1 18 330 M M 1 138 28 330
4 91 68 80 3 0 15 0.00 0.0 0 3.9 12 190 M M 1 16 70
5 96 70 83 6 0 18 0.00 0.0 0 4.5 13 180 M M 1 17 190
6 92 67 80 3 0 15 0.00 0.0 0 3.7 13 130 M M 1 3 16 130
7 96 70 83 5 0 18 0.00 0.0 0 2.9 12 230 M M 0 3 16 350
8 98 71 85 7 0 20 0.13 0.0 0 4.6 16 10 M M 2 3 27 60
9 96 70 83 5 0 18 0.00 0.0 0 3.7 10 220 M M 0 18 17 220
10 93 70 82 4 0 17 0.26 0.0 0 5.2 33 320 M M 1 3 44 320
11 94 69 82 4 0 17 T 0.0 0 7.5 20 250 M M 1 3 28 250
12 85 68 77 -1 0 12 T 0.0 0 6.7 18 10 M M 2 27 350
13 84 68 76 -3 0 11 3.41 0.0 0 6.0 18 50 M M 8 13 26 40
14 84 71 78 -1 0 13 0.45 0.0 0 6.1 21 180 M M 7 138 28 190
15 96 73 85 6 0 20 T 0.0 0 4.2 24 230 M M 3 13 32 230
16 91 74 83 4 0 18 0.04 0.0 0 6.4 24 160 M M 4 3 32 180
17 97 76 87 8 0 22 0.07 0.0 0 5.4 13 280 M M 2 3 16 270
18 92 70 81 1 0 16 1.29 0.0 0 9.4 35 330 M M 5 13 49 340
19 95 70 83 3 0 18 0.00 0.0 0 3.5 8 80 M M 1 11 190
20 93 78 86 6 0 21 0.00 0.0 0 5.6 12 70 M M 5 17 110
21 95 73 84 4 0 19 0.00 0.0 0 5.1 14 20 M M 0 18 19 20
22 93 73 83 3 0 18 0.01 0.0 0 5.2 13 60 M M 1 3 18 40
23 94 72 83 3 0 18 0.00 0.0 0 4.9 14 120 M M 2 3 22 140
24 98 75 87 7 0 22 0.00 0.0 0 7.1 15 210 M M 0 21 200
25 98 80 89 9 0 24 0.00 0.0 0 8.1 16 220 M M 3 22 220
26 92 73 83 2 0 18 0.87 0.0 0 6.6 24 330 M M 5 13 38 330
27 99 78 89 8 0 24 0.00 0.0 0 6.2 23 40 M M 3 138 32 40
28 99 76 88 7 0 23 0.00 0.0 0 5.4 14 210 M M 0 1 18 230
29 99 79 89 8 0 24 0.00 0.0 0 6.9 15 260 M M 0 21 240
30 99 82 91 10 0 26 0.00 0.0 0 6.3 14 230 M M 0 19 230
================================================================================
SM 2822 2170 0 555 6.55 0.0 163.4 M 61
================================================================================
AV 94.1 72.3 5.4 FASTST M M 2 MAX(MPH)
MISC ----> 35 330 49 340
================================================================================
NOTES:
# LAST OF SEVERAL OCCURRENCES
COLUMN 17 PEAK WIND IN M.P.H.
PRELIMINARY LOCAL CLIMATOLOGICAL DATA (WS FORM: F-6) , PAGE 2
STATION: TEXARKANA
MONTH: JUNE
YEAR: 2023
LATITUDE: 33 27 N
LONGITUDE: 94 0 W
[TEMPERATURE DATA] [PRECIPITATION DATA] SYMBOLS USED IN COLUMN 16
AVERAGE MONTHLY: 83.2 TOTAL FOR MONTH: 6.55 1 = FOG OR MIST
DPTR FM NORMAL: 4.3 DPTR FM NORMAL: 2.63 2 = FOG REDUCING VISIBILITY
HIGHEST: 99 ON 30,29 GRTST 24HR 3.73 ON 13-14 TO 1/4 MILE OR LESS
LOWEST: 67 ON 6, 1 3 = THUNDER
SNOW, ICE PELLETS, HAIL 4 = ICE PELLETS
TOTAL MONTH: 0.0 INCH 5 = HAIL
GRTST 24HR 0.0 6 = FREEZING RAIN OR DRIZZLE
GRTST DEPTH: 0 7 = DUSTSTORM OR SANDSTORM:
VSBY 1/2 MILE OR LESS
8 = SMOKE OR HAZE
[NO. OF DAYS WITH] [WEATHER - DAYS WITH] 9 = BLOWING SNOW
X = TORNADO
MAX 32 OR BELOW: 0 0.01 INCH OR MORE: 10
MAX 90 OR ABOVE: 27 0.10 INCH OR MORE: 6
MIN 32 OR BELOW: 0 0.50 INCH OR MORE: 3
MIN 0 OR BELOW: 0 1.00 INCH OR MORE: 2
[HDD (BASE 65) ]
TOTAL THIS MO. 0 CLEAR (SCALE 0-3) 23
DPTR FM NORMAL 0 PTCLDY (SCALE 4-7) 7
TOTAL FM JUL 1 1658 CLOUDY (SCALE 8-10) 0
DPTR FM NORMAL -920
[CDD (BASE 65) ]
TOTAL THIS MO. 555
DPTR FM NORMAL 138 [PRESSURE DATA]
TOTAL FM JAN 1 1099 HIGHEST SLP 30.04 ON 12
DPTR FM NORMAL 361 LOWEST SLP 29.66 ON 14
[REMARKS]
#FINAL-06-23#