000
CXUS54 KSHV 011300
CF6TXK
PRELIMINARY LOCAL CLIMATOLOGICAL DATA (WS FORM: F-6)
STATION: TEXARKANA
MONTH: JUNE
YEAR: 2022
LATITUDE: 33 27 N
LONGITUDE: 94 0 W
TEMPERATURE IN F: :PCPN: SNOW: WIND :SUNSHINE: SKY :PK WND
================================================================================
1 2 3 4 5 6A 6B 7 8 9 10 11 12 13 14 15 16 17 18
12Z AVG MX 2MIN
DY MAX MIN AVG DEP HDD CDD WTR SNW DPTH SPD SPD DIR MIN PSBL S-S WX SPD DR
================================================================================
1 93 76 85 9 0 20 T 0.0 0 5.2 12 160 M M 2 38 16 150
2 81 68 75 -1 0 10 0.77 0.0 0 5.2 32 330 M M 4 13 42 320
3 84 67 76 -1 0 11 0.00 0.0 0 4.4 14 70 M M 2 17 70
4 86 66 76 -1 0 11 0.00 0.0 0 4.1 9 80 M M 0 12 70
5 90 67 79 2 0 14 0.17 0.0 0 6.2 33 320 M M 2 3 46 310
6 91 69 80 3 0 15 0.17 0.0 0 8.2 21 20 M M 5 13 29 20
7 89 76 83 5 0 18 0.01 0.0 0 8.5 20 140 M M 2 13 26 180
8 89 71 80 2 0 15 0.19 0.0 0 7.3 16 250 M M 3 138 25 210
9 90 71 81 3 0 16 0.00 0.0 0 3.6 9 50 M M 5 11 120
10 83 70 77 -1 0 12 0.75 0.0 0 6.7 23 10 M M 5 13 33 10
11 92 71 82 4 0 17 0.04 0.0 0 6.0 17 360 M M 4 13 21 350
12 96 78 87 9 0 22 0.00 0.0 0 9.2 16 230 M M 0 21 190
13 96 78 87 8 0 22 0.00 0.0 0 9.1 16 200 M M 0 8 20 200
14 95 76 86 7 0 21 0.00 0.0 0 11.0 17 180 M M 1 22 170
15 95 76 86 7 0 21 0.00 0.0 0 9.4 16 200 M M 2 8 20 220
16 97 79 88 9 0 23 0.00 0.0 0 5.7 12 230 M M 0 8 15 180
17 99 79 89 10 0 24 0.02 0.0 0 4.5 20 120 M M 0 38 23 120
18 97 74 86 6 0 21 0.04 0.0 0 2.9 20 50 M M 1 3 31 70
19 92 72 82 2 0 17 0.00 0.0 0 6.5 14 60 M M 0 17 70
20 96 64 80 0 0 15 0.00 0.0 0 3.6 9 80 M M 0 12 70
21 98 72 85 5 0 20 0.00 0.0 0 3.2 10 150 M M 1 16 160
22 98 78 88 8 0 23 T 0.0 0 3.6 14 170 M M 1 3 20 270
23 100 77 89 9 0 24 0.00 0.0 0 3.4 10 30 M M 0 14 20
24 101 78 90 10 0 25 0.00 0.0 0 3.0 9 130 M M 1 14 190
25 101 81 91 11 0 26 0.00 0.0 0 5.3 12 240 M M 1 17 220
26 103 74 89 8 0 24 0.48 0.0 0 6.2 31 360 M M 1 13 45 10
27 88 71 80 -1 0 15 0.00 0.0 0 8.3 16 40 M M 0 1 22 50
28 89 66 78 -3 0 13 0.00 0.0 0 5.8 15 50 M M 0 20 60
29 91 65 78 -3 0 13 0.00 0.0 0 5.5 12 50 M M 0 16 50
30 95 71 83 2 0 18 0.00 0.0 0 4.5 14 130 M M 2 18 150
================================================================================
SM 2795 2181 0 546 2.64 0.0 176.1 M 45
================================================================================
AV 93.2 72.7 5.9 FASTST M M 2 MAX(MPH)
MISC ----> 33 320 46 310
================================================================================
NOTES:
# LAST OF SEVERAL OCCURRENCES
COLUMN 17 PEAK WIND IN M.P.H.
PRELIMINARY LOCAL CLIMATOLOGICAL DATA (WS FORM: F-6) , PAGE 2
STATION: TEXARKANA
MONTH: JUNE
YEAR: 2022
LATITUDE: 33 27 N
LONGITUDE: 94 0 W
[TEMPERATURE DATA] [PRECIPITATION DATA] SYMBOLS USED IN COLUMN 16
AVERAGE MONTHLY: 82.9 TOTAL FOR MONTH: 2.64 1 = FOG OR MIST
DPTR FM NORMAL: 4.0 DPTR FM NORMAL: -1.28 2 = FOG REDUCING VISIBILITY
HIGHEST: 103 ON 26 GRTST 24HR 0.77 ON 1- 2 TO 1/4 MILE OR LESS
LOWEST: 64 ON 20 3 = THUNDER
SNOW, ICE PELLETS, HAIL 4 = ICE PELLETS
TOTAL MONTH: 0.0 INCH 5 = HAIL
GRTST 24HR 0.0 6 = FREEZING RAIN OR DRIZZLE
GRTST DEPTH: 0 7 = DUSTSTORM OR SANDSTORM:
VSBY 1/2 MILE OR LESS
8 = SMOKE OR HAZE
[NO. OF DAYS WITH] [WEATHER - DAYS WITH] 9 = BLOWING SNOW
X = TORNADO
MAX 32 OR BELOW: 0 0.01 INCH OR MORE: 10
MAX 90 OR ABOVE: 22 0.10 INCH OR MORE: 6
MIN 32 OR BELOW: 0 0.50 INCH OR MORE: 2
MIN 0 OR BELOW: 0 1.00 INCH OR MORE: 0
[HDD (BASE 65) ]
TOTAL THIS MO. 0 CLEAR (SCALE 0-3) 24
DPTR FM NORMAL 0 PTCLDY (SCALE 4-7) 6
TOTAL FM JUL 1 1886 CLOUDY (SCALE 8-10) 0
DPTR FM NORMAL -692
[CDD (BASE 65) ]
TOTAL THIS MO. 546
DPTR FM NORMAL 129 [PRESSURE DATA]
TOTAL FM JAN 1 1062 HIGHEST SLP 30.20 ON 29
DPTR FM NORMAL 324 LOWEST SLP 29.65 ON 5
[REMARKS]
#FINAL-06-22#