000
CXUS54 KSHV 011400
CF6TYR
PRELIMINARY LOCAL CLIMATOLOGICAL DATA (WS FORM: F-6)
STATION: TYLER
MONTH: FEBRUARY
YEAR: 2021
LATITUDE: 32 22 N
LONGITUDE: 95 24 W
TEMPERATURE IN F: :PCPN: SNOW: WIND :SUNSHINE: SKY :PK WND
================================================================================
1 2 3 4 5 6A 6B 7 8 9 10 11 12 13 14 15 16 17 18
12Z AVG MX 2MIN
DY MAX MIN AVG DEP HDD CDD WTR SNW DPTH SPD SPD DIR MIN PSBL S-S WX SPD DR
================================================================================
1 59 35 47 -1 18 0 0.00 0.0 0 7.3 17 330 M M 0 24 330
2 62 36 49 1 16 0 0.00 0.0 0 5.3 10 120 M M 0 14 170
3 69 39 54 6 11 0 0.00 0.0 0 11.5 21 180 M M 0 28 170
4 73 48 61 13 4 0 0.00 0.0 0 15.3 24 320 M M 6 33 320
5 61 41 51 3 14 0 0.00 0.0 0 6.9 14 120 M M 3 20 10
6 55 40 48 -1 17 0 T 0.0 0 10.0 25 330 M M 9 1 35 330
7 61 40 51 2 14 0 0.00 0.0 0 9.3 16 110 M M 4 22 120
8 68 44 56 7 9 0 0.00 0.0 0 11.3 24 190 M M 6 18 29 210
9 57 39 48 -1 17 0 0.00 0.0 0 7.6 14 320 M M 10 18 16 330
10 39 33 36 -13 29 0 0.28 0.0 0 8.2 15 360 M M 10 123 22 10
11 33 28 31 -19 34 0 0.06 T 0 11.6 18 360 M M 10 136 22 360
12 29 27 28 -22 37 0 0.00 0.0 0 11.5 18 350 M M 10 1 23 350
13 29 25 27 -23 38 0 T T 0 10.9 16 10 M M 10 16 22 20
14 26 13 20 -30 45 0 0.18 2.5 0 12.5 20 340 M M 10 1468 26 30
15 13 4 9 -42 56 0 0.60 6.5 9 12.8 22 320 M M 8 129 29 310
16 24 -6 9 -42 56 0 T T 9 3.6 13 30 M M 2 16 30
17 27 22 25 -26 40 0 0.50 0.5 9 9.5 14 10 M M 10 16 20 10
18 32 20 26 -25 39 0 0.00 0.0 9 9.3 16 360 M M 6 21 10
19 39 11 25 -27 40 0 0.00 0.0 8 3.5 9 270 M M 0 13 270
20 51 22 37 -15 28 0 0.00 0.0 5 7.8 15 170 M M 0 1 20 160
21 67 38 53 1 12 0 0.00 0.0 T 10.9 23 200 M M 6 31 200
22 69 33 51 -1 14 0 0.00 0.0 0 3.7 12 210 M M 0 14 190
23 77 41 59 7 6 0 0.00 0.0 0 12.4 23 190 M M 0 28 210
24 80 55 68 15 0 3 0.00 0.0 0 12.5 21 240 M M 4 28 230
25 62 49 56 3 9 0 0.14 0.0 0 7.4 18 320 M M 6 13 23 320
26 55 47 51 -2 14 0 0.30 0.0 0 4.5 22 100 M M 10 1 27 110
27 76 54 65 12 0 0 0.01 0.0 0 9.8 21 180 M M 8 12 26 170
28 78 52 65 11 0 0 0.53 0.0 0 12.2 24 190 M M 9 13 31 200
================================================================================
SM 1471 930 617 3 2.60 9.5 259.1 M 157
================================================================================
AV 52.5 33.2 9.3 FASTST M M 6 MAX(MPH)
MISC ----> 25 330 35 330
================================================================================
NOTES:
# LAST OF SEVERAL OCCURRENCES
COLUMN 17 PEAK WIND IN M.P.H.
PRELIMINARY LOCAL CLIMATOLOGICAL DATA (WS FORM: F-6) , PAGE 2
STATION: TYLER
MONTH: FEBRUARY
YEAR: 2021
LATITUDE: 32 22 N
LONGITUDE: 95 24 W
[TEMPERATURE DATA] [PRECIPITATION DATA] SYMBOLS USED IN COLUMN 16
AVERAGE MONTHLY: 42.9 TOTAL FOR MONTH: 2.60 1 = FOG OR MIST
DPTR FM NORMAL: -7.6 DPTR FM NORMAL: -1.21 2 = FOG REDUCING VISIBILITY
HIGHEST: 80 ON 24 GRTST 24HR 0.60 ON 15-15 TO 1/4 MILE OR LESS
LOWEST: -6 ON 16 3 = THUNDER
SNOW, ICE PELLETS, HAIL 4 = ICE PELLETS
TOTAL MONTH: 9.5 INCHES 5 = HAIL
GRTST 24HR 6.5 ON 15-15 6 = FREEZING RAIN OR DRIZZLE
GRTST DEPTH: 9 ON 18,17 7 = DUSTSTORM OR SANDSTORM:
VSBY 1/2 MILE OR LESS
8 = SMOKE OR HAZE
[NO. OF DAYS WITH] [WEATHER - DAYS WITH] 9 = BLOWING SNOW
X = TORNADO
MAX 32 OR BELOW: 7 0.01 INCH OR MORE: 9
MAX 90 OR ABOVE: 0 0.10 INCH OR MORE: 7
MIN 32 OR BELOW: 10 0.50 INCH OR MORE: 3
MIN 0 OR BELOW: 1 1.00 INCH OR MORE: 0
[HDD (BASE 65) ]
TOTAL THIS MO. 617 CLEAR (SCALE 0-3) 9
DPTR FM NORMAL 203 PTCLDY (SCALE 4-7) 8
TOTAL FM JUL 1 1831 CLOUDY (SCALE 8-10) 11
DPTR FM NORMAL -60
[CDD (BASE 65) ]
TOTAL THIS MO. 3
DPTR FM NORMAL -5 [PRESSURE DATA]
TOTAL FM JAN 1 3 HIGHEST SLP 30.55 ON 19
DPTR FM NORMAL -1 LOWEST SLP 29.69 ON 4
[REMARKS]
#FINAL-02-21#