909
CXUS54 KSHV 011400
CF6TYR
PRELIMINARY LOCAL CLIMATOLOGICAL DATA (WS FORM: F-6)
STATION: TYLER
MONTH: JANUARY
YEAR: 2021
LATITUDE: 32 22 N
LONGITUDE: 95 24 W
TEMPERATURE IN F: :PCPN: SNOW: WIND :SUNSHINE: SKY :PK WND
================================================================================
1 2 3 4 5 6A 6B 7 8 9 10 11 12 13 14 15 16 17 18
12Z AVG MX 2MIN
DY MAX MIN AVG DEP HDD CDD WTR SNW DPTH SPD SPD DIR MIN PSBL S-S WX SPD DR
================================================================================
1 44 38 41 -6 24 0 0.01 0.0 0 10.4 21 220 M M 10 28 210
2 53 37 45 -1 20 0 T 0.0 0 6.5 15 320 M M 5 20 310
3 66 36 51 5 14 0 0.00 0.0 0 11.5 23 210 M M 0 29 200
4 70 42 56 10 9 0 0.00 0.0 0 3.4 10 320 M M 0 17 70
5 67 37 52 6 13 0 0.00 0.0 0 5.2 14 140 M M 0 18 130
6 55 47 51 5 14 0 1.89 0.0 0 9.4 18 150 M M 9 138 26 160
7 47 44 46 0 19 0 0.01 0.0 0 11.7 21 330 M M 10 1 27 330
8 47 33 40 -6 25 0 0.00 0.0 0 5.8 14 320 M M 7 19 330
9 50 28 39 -7 26 0 0.00 0.0 0 3.0 9 70 M M 0 12 70
10 38 33 36 -10 29 0 0.41 4.5 0 5.1 9 20 M M 9 12 13 10
11 42 30 36 -10 29 0 T T 4 4.7 9 360 M M 7 18 12 340
12 51 27 39 -7 26 0 0.00 0.0 T 3.3 12 210 M M 0 18 15 210
13 60 37 49 3 16 0 0.00 0.0 0 9.9 16 190 M M 1 21 190
14 64 40 52 6 13 0 0.00 0.0 0 11.7 23 330 M M 0 30 360
15 53 39 46 0 19 0 0.00 0.0 0 12.3 29 310 M M 0 39 310
16 55 32 44 -2 21 0 0.00 0.0 0 6.8 15 300 M M 0 20 290
17 59 34 47 1 18 0 0.00 0.0 0 7.1 21 320 M M 2 29 320
18 68 32 50 4 15 0 0.00 0.0 0 9.7 22 190 M M 3 26 190
19 58 51 55 9 10 0 0.71 0.0 0 7.6 17 170 M M 10 1 22 170
20 55 47 51 5 14 0 0.06 0.0 0 4.4 14 120 M M 10 1 15 140
21 56 48 52 6 13 0 0.17 0.0 0 5.9 16 190 M M 9 1 19 200
22 54 50 52 6 13 0 0.05 0.0 0 7.1 13 60 M M 10 12 15 100
23 54 47 51 5 14 0 T 0.0 0 8.2 14 100 M M 10 1 17 110
24 68 51 60 13 5 0 0.04 0.0 0 6.1 18 140 M M 10 12 26 150
25 71 45 58 11 7 0 0.21 0.0 0 9.6 26 290 M M 6 13 38 290
26 66 41 54 7 11 0 0.00 0.0 0 6.9 20 330 M M 1 24 330
27 55 36 46 -1 19 0 0.00 0.0 0 10.4 24 330 M M 2 30 340
28 53 30 42 -5 23 0 0.00 0.0 0 5.4 13 80 M M 0 16 90
29 62 36 49 2 16 0 0.00 0.0 0 8.1 15 170 M M 2 20 200
30 72 53 63 16 2 0 0.03 0.0 0 12.4 24 200 M M 8 1 31 200
31 59 41 50 2 15 0 0.00 0.0 0 13.1 25 320 M M 1 31 310
================================================================================
SM 1772 1222 512 0 3.59 4.5 242.7 M 142
================================================================================
AV 57.2 39.4 7.8 FASTST M M 5 MAX(MPH)
MISC ----> 29 310 39 310
================================================================================
NOTES:
# LAST OF SEVERAL OCCURRENCES
COLUMN 17 PEAK WIND IN M.P.H.
PRELIMINARY LOCAL CLIMATOLOGICAL DATA (WS FORM: F-6) , PAGE 2
STATION: TYLER
MONTH: JANUARY
YEAR: 2021
LATITUDE: 32 22 N
LONGITUDE: 95 24 W
[TEMPERATURE DATA] [PRECIPITATION DATA] SYMBOLS USED IN COLUMN 16
AVERAGE MONTHLY: 48.3 TOTAL FOR MONTH: 3.59 1 = FOG OR MIST
DPTR FM NORMAL: 1.8 DPTR FM NORMAL: 0.53 2 = FOG REDUCING VISIBILITY
HIGHEST: 72 ON 30 GRTST 24HR 3.15 ON 6- 7 TO 1/4 MILE OR LESS
LOWEST: 27 ON 12 3 = THUNDER
SNOW, ICE PELLETS, HAIL 4 = ICE PELLETS
TOTAL MONTH: 4.5 INCHES 5 = HAIL
GRTST 24HR 4.5 ON 10-10 6 = FREEZING RAIN OR DRIZZLE
GRTST DEPTH: 4 ON 11 7 = DUSTSTORM OR SANDSTORM:
VSBY 1/2 MILE OR LESS
8 = SMOKE OR HAZE
[NO. OF DAYS WITH] [WEATHER - DAYS WITH] 9 = BLOWING SNOW
X = TORNADO
MAX 32 OR BELOW: 0 0.01 INCH OR MORE: 11
MAX 90 OR ABOVE: 0 0.10 INCH OR MORE: 5
MIN 32 OR BELOW: 6 0.50 INCH OR MORE: 2
MIN 0 OR BELOW: 0 1.00 INCH OR MORE: 1
[HDD (BASE 65) ]
TOTAL THIS MO. 512 CLEAR (SCALE 0-3) 16
DPTR FM NORMAL -65 PTCLDY (SCALE 4-7) 5
TOTAL FM JUL 1 1214 CLOUDY (SCALE 8-10) 10
DPTR FM NORMAL -268
[CDD (BASE 65) ]
TOTAL THIS MO. 0
DPTR FM NORMAL -4 [PRESSURE DATA]
TOTAL FM JAN 1 0 HIGHEST SLP 30.62 ON 28
DPTR FM NORMAL -4 LOWEST SLP 29.60 ON 25
[REMARKS]
#FINAL-01-21#