000
CXUS54 KMRX 011958
CLMTYS
CLIMATE REPORT
NATIONAL WEATHER SERVICE MORRISTOWN, TN
258 PM EST FRI MAR 01 2024
...................................
...THE KNOXVILLE MCGHEE TYSON AIRPORT CLIMATE SUMMARY FOR THE MONTH OF FEBRUARY 2024...
CLIMATE NORMAL PERIOD: 1991 TO 2020
CLIMATE RECORD PERIOD: 1871 TO 2024
WEATHER OBSERVED NORMAL DEPART
VALUE DATE(S) VALUE FROM
NORMAL
................................................
TEMPERATURE (F)
HIGHEST 73 02/26
LOWEST 24 02/18
02/19
AVG. MAXIMUM 60.2 52.8 7.4
AVG. MINIMUM 36.2 33.1 3.1
MEAN 48.2 42.9 5.3
DAYS MAX >= 90 0
DAYS MAX <= 32 0
DAYS MIN <= 32 13
DAYS MIN <= 0 0
PRECIPITATION (INCHES)
RECORD
MAXIMUM 13.08 2019
MINIMUM 0.56 1898
TOTALS 4.64 4.81 -0.17
DAYS >= .01 9
DAYS >= .10 6
DAYS >= .50 4
DAYS >= 1.00 2
GREATEST
24 HR. TOTAL 2.49 02/10 TO 02/11
SNOWFALL (INCHES)
TOTALS 0.0 1.4 -1.4
SINCE 7/1 8.5
SNOWDEPTH AVG. 0
DAYS >= TRACE 0
GREATEST
SNOW DEPTH 0
DEGREE DAYS
HEATING TOTAL 481 618 -137
SINCE 7/1 2502 2862 -360
COOLING TOTAL 1 0 1
SINCE 1/1 1 0 1
................................................
WEATHER CONDITIONS. NUMBER OF DAYS WITH
THUNDERSTORM 2 RAIN 6
SNOW 0 FOG 8
FOG W/VIS <= 1/4 MILE 1
- INDICATES NEGATIVE NUMBERS.
R INDICATES RECORD WAS SET OR TIED.
MM INDICATES DATA IS MISSING.
T INDICATES TRACE AMOUNT.
$$