000
CXUS55 KSEW 010930
CF6UIL
PRELIMINARY LOCAL CLIMATOLOGICAL DATA (WS FORM: F-6)
STATION: QUILLAYUTE WA AIRPORT
MONTH: APRIL
YEAR: 2022
LATITUDE: 47 57 N
LONGITUDE: 124 33 W
TEMPERATURE IN F: :PCPN: SNOW: WIND :SUNSHINE: SKY :PK WND
================================================================================
1 2 3 4 5 6A 6B 7 8 9 10 11 12 13 14 15 16 17 18
12Z AVG MX 2MIN
DY MAX MIN AVG DEP HDD CDD WTR SNW DPTH SPD SPD DIR MIN PSBL S-S WX SPD DR
================================================================================
1 47 37 42 -3 23 0 0.20 M M 3.5 13 250 M M 10 1 26 140
2 50 36 43 -2 22 0 0.12 M M 5.5 14 180 M M 10 1 25 220
3 49 43 46 1 19 0 3.15 M M 11.4 25 220 M M 10 1 48 180
4 49 40 45 -1 20 0 0.16 M M 18.5 37 250 M M 10 1 60 240
5 51 34 43 -3 22 0 0.08 M M 10.7 29 270 M M 5 1 43 260
6 59 30 45 -1 20 0 0.00 M M 4.3 12 240 M M 1 16 50
7 68 40 54 8 11 0 0.39 M M 5.0 13 210 M M 3 1 20 180
8 51 42 47 1 18 0 0.15 M M 10.5 20 250 M M 9 1 29 310
9 47 34 41 -5 24 0 0.44 M M 6.6 21 270 M M 8 1 28 230
10 46 30 38 -8 27 0 0.33 M M 4.5 17 240 M M 7 1 23 240
11 54 32 43 -3 22 0 T M M 7.9 18 280 M M 4 28 280
12 44 31 38 -8 27 0 0.48 M M 5.0 16 190 M M 9 1 29 190
13 47 26 37 -9 28 0 0.13 M M 2.6 14 240 M M 5 1 21 260
14 48 31 40 -6 25 0 0.03 M M 4.6 10 240 M M 6 12 14 30
15 52 33 43 -4 22 0 0.01 M M 6.4 16 220 M M 6 12 24 190
16 50 30 40 -7 25 0 0.07 M M 3.5 12 280 M M 5 1 17 260
17 56 33 45 -2 20 0 0.10 M M 5.8 17 140 M M 5 1 31 170
18 46 37 42 -5 23 0 1.51 M M 7.7 17 240 M M 10 1 29 130
19 56 35 46 -1 19 0 0.11 M M 5.8 13 230 M M 5 1 23 100
20 50 36 43 -4 22 0 0.53 M M 6.8 17 130 M M 8 1 28 170
21 53 40 47 -1 18 0 0.55 M M 6.9 22 180 M M 8 1 37 190
22 56 34 45 -3 20 0 0.00 M M 4.2 14 240 M M 4 19 240
23 58 33 46 -2 19 0 0.00 M M 3.6 14 230 M M 2 1 20 230
24 57 35 46 -2 19 0 0.74 M M 6.1 18 180 M M 8 1 29 180
25 56 40 48 0 17 0 0.15 M M 4.3 16 240 M M 7 1 25 240
26 51 38 45 -3 20 0 0.39 M M 5.9 16 270 M M 7 1 22 220
27 56 34 45 -3 20 0 0.12 M M 4.9 14 270 M M 5 1 21 320
28 53 33 43 -6 22 0 0.00 M M 5.2 15 260 M M 7 1 20 270
29 56 42 49 0 16 0 0.45 M M 5.9 15 190 M M 10 1 25 180
30 58 41 50 1 15 0 0.13 M M 3.6 12 290 M M 8 1 16 300
================================================================================
SM 1574 1060 625 0 10.52 M 187.2 M 202
================================================================================
AV 52.5 35.3 6.2 FASTST M M 7 MAX(MPH)
MISC ----> 37 250 60 240
================================================================================
NOTES:
# LAST OF SEVERAL OCCURRENCES
COLUMN 17 PEAK WIND IN M.P.H.
PRELIMINARY LOCAL CLIMATOLOGICAL DATA (WS FORM: F-6) , PAGE 2
STATION: QUILLAYUTE WA AIRPORT
MONTH: APRIL
YEAR: 2022
LATITUDE: 47 57 N
LONGITUDE: 124 33 W
[TEMPERATURE DATA] [PRECIPITATION DATA] SYMBOLS USED IN COLUMN 16
AVERAGE MONTHLY: 43.9 TOTAL FOR MONTH: 10.52 1 = FOG OR MIST
DPTR FM NORMAL: -3.0 DPTR FM NORMAL: 2.41 2 = FOG REDUCING VISIBILITY
HIGHEST: 68 ON 7 GRTST 24HR 3.18 ON 3- 4 TO 1/4 MILE OR LESS
LOWEST: 26 ON 13 3 = THUNDER
SNOW, ICE PELLETS, HAIL 4 = ICE PELLETS
TOTAL MONTH: M 5 = HAIL
GRTST 24HR M ON M 6 = FREEZING RAIN OR DRIZZLE
GRTST DEPTH: M ON M 7 = DUSTSTORM OR SANDSTORM:
VSBY 1/2 MILE OR LESS
8 = SMOKE OR HAZE
[NO. OF DAYS WITH] [WEATHER - DAYS WITH] 9 = BLOWING SNOW
X = TORNADO
MAX 32 OR BELOW: 0 0.01 INCH OR MORE: 25
MAX 90 OR ABOVE: 0 0.10 INCH OR MORE: 21
MIN 32 OR BELOW: 7 0.50 INCH OR MORE: 5
MIN 0 OR BELOW: 0 1.00 INCH OR MORE: 2
[HDD (BASE 65) ]
TOTAL THIS MO. 625 CLEAR (SCALE 0-3) 3
DPTR FM NORMAL 80 PTCLDY (SCALE 4-7) 17
TOTAL FM JUL 1 5037 CLOUDY (SCALE 8-10) 10
DPTR FM NORMAL 88
[CDD (BASE 65) ]
TOTAL THIS MO. 0
DPTR FM NORMAL 0 [PRESSURE DATA]
TOTAL FM JAN 1 0 HIGHEST SLP M ON M
DPTR FM NORMAL 0 LOWEST SLP 29.34 ON 3
[REMARKS]
#FINAL-04-22#