000
CXUS53 KLSX 011445
CF6UIN
PRELIMINARY LOCAL CLIMATOLOGICAL DATA (WS FORM: F-6)
STATION: QUINCY IL
MONTH: MAY
YEAR: 2021
LATITUDE: 39 57 N
LONGITUDE: 91 12 W
TEMPERATURE IN F: :PCPN: SNOW: WIND :SUNSHINE: SKY :PK WND
================================================================================
1 2 3 4 5 6A 6B 7 8 9 10 11 12 13 14 15 16 17 18
12Z AVG MX 2MIN
DY MAX MIN AVG DEP HDD CDD WTR SNW DPTH SPD SPD DIR MIN PSBL S-S WX SPD DR
================================================================================
1 82 53 68 9 0 3 0.00 0.0 0 14.0 28 240 M M 0 39 240
2 80 62 71 12 0 6 0.00 0.0 0 13.1 24 200 M M 4 31 180
3 77 58 68 9 0 3 0.26 0.0 0 9.0 28 290 M M 8 13 37 290
4 61 46 54 -6 11 0 0.00 0.0 0 11.7 20 340 M M 5 1 27 340
5 66 41 54 -6 11 0 0.00 0.0 0 4.7 13 20 M M 1 18 10
6 64 46 55 -5 10 0 T 0.0 0 11.5 26 330 M M 5 8 36 340
7 72 38 55 -6 10 0 0.00 0.0 0 11.5 28 300 M M 1 41 290
8 57 46 52 -9 13 0 0.03 0.0 0 15.3 26 110 M M 10 1 41 110
9 52 40 46 -15 19 0 1.00 0.0 0 14.1 33 70 M M 8 13 45 90
10 63 37 50 -12 15 0 0.00 0.0 0 5.0 13 220 M M 2 1 18 220
11 60 46 53 -9 12 0 0.00 0.0 0 9.2 18 80 M M 4 1 34 40
12 63 38 51 -11 14 0 0.00 0.0 0 7.4 20 70 M M 0 29 60
13 66 37 52 -11 13 0 0.00 0.0 0 4.3 14 70 M M 0 18 60
14 71 47 59 -4 6 0 0.00 0.0 0 7.6 16 190 M M 2 23 160
15 61 51 56 -7 9 0 0.15 0.0 0 8.1 15 200 M M 9 1 24 170
16 68 51 60 -4 5 0 0.49 0.0 0 9.1 20 110 M M 8 13 27 110
17 67 58 63 -1 2 0 0.89 0.0 0 11.1 20 110 M M 10 1 26 100
18 67 60 64 0 1 0 1.68 0.0 0 13.3 22 120 M M 10 13 31 120
19 77 65 71 6 0 6 0.02 0.0 0 10.8 17 150 M M 9 26 170
20 81 65 73 8 0 8 0.14 0.0 0 10.9 21 190 M M 5 31 170
21 75 67 71 6 0 6 T 0.0 0 8.1 16 160 M M 6 24 170
22 73 65 69 3 0 4 0.04 0.0 0 5.7 14 220 M M 6 1 20 220
23 83 63 73 7 0 8 0.00 0.0 0 4.6 13 240 M M 3 17 200
24 85 65 75 9 0 10 0.00 0.0 0 7.4 15 210 M M 1 21 210
25 80 68 74 7 0 9 0.01 0.0 0 10.5 18 210 M M 7 27 210
26 85 65 75 8 0 10 0.00 0.0 0 5.7 10 290 M M 1 1 17 300
27 75 64 70 3 0 5 0.03 0.0 0 6.9 20 230 M M 6 13 28 250
28 66 46 56 -12 9 0 0.07 0.0 0 13.9 18 20 M M 10 1 25 10
29 65 43 54 -14 11 0 0.00 0.0 0 8.8 17 40 M M 2 24 10
30 69 46 58 -10 7 0 0.00 0.0 0 5.6 10 170 M M 0 18 120
31 65 58 62 -7 3 0 0.02 0.0 0 6.7 14 200 M M 9 19 160
================================================================================
SM 2176 1635 181 78 4.83 0.0 285.6 M 152
================================================================================
AV 70.2 52.7 9.2 FASTST M M 5 MAX(MPH)
MISC ----> 33 70 45 90
================================================================================
NOTES:
# LAST OF SEVERAL OCCURRENCES
COLUMN 17 PEAK WIND IN M.P.H.
PRELIMINARY LOCAL CLIMATOLOGICAL DATA (WS FORM: F-6) , PAGE 2
STATION: QUINCY IL
MONTH: MAY
YEAR: 2021
LATITUDE: 39 57 N
LONGITUDE: 91 12 W
[TEMPERATURE DATA] [PRECIPITATION DATA] SYMBOLS USED IN COLUMN 16
AVERAGE MONTHLY: 61.5 TOTAL FOR MONTH: 4.83 1 = FOG OR MIST
DPTR FM NORMAL: -2.1 DPTR FM NORMAL: 0.28 2 = FOG REDUCING VISIBILITY
HIGHEST: 85 ON 26,24 GRTST 24HR 2.23 ON 17-18 TO 1/4 MILE OR LESS
LOWEST: 37 ON 13,10 3 = THUNDER
SNOW, ICE PELLETS, HAIL 4 = ICE PELLETS
TOTAL MONTH: 0.0 INCH 5 = HAIL
GRTST 24HR 0.0 6 = FREEZING RAIN OR DRIZZLE
GRTST DEPTH: 0 7 = DUSTSTORM OR SANDSTORM:
VSBY 1/2 MILE OR LESS
8 = SMOKE OR HAZE
[NO. OF DAYS WITH] [WEATHER - DAYS WITH] 9 = BLOWING SNOW
X = TORNADO
MAX 32 OR BELOW: 0 0.01 INCH OR MORE: 14
MAX 90 OR ABOVE: 0 0.10 INCH OR MORE: 7
MIN 32 OR BELOW: 0 0.50 INCH OR MORE: 3
MIN 0 OR BELOW: 0 1.00 INCH OR MORE: 2
[HDD (BASE 65) ]
TOTAL THIS MO. 181 CLEAR (SCALE 0-3) 12
DPTR FM NORMAL 51 PTCLDY (SCALE 4-7) 9
TOTAL FM JUL 1 5408 CLOUDY (SCALE 8-10) 10
DPTR FM NORMAL -66
[CDD (BASE 65) ]
TOTAL THIS MO. 78
DPTR FM NORMAL -9 [PRESSURE DATA]
TOTAL FM JAN 1 96 HIGHEST SLP 30.48 ON 12
DPTR FM NORMAL -7 LOWEST SLP 29.51 ON 3
[REMARKS]
#FINAL-05-21#