000
CXUS53 KUNR 022210
CLSUNR
CLIMATE REPORT
NATIONAL WEATHER SERVICE RAPID CITY SD
410 PM MDT THU JUN 02 2022
...................................
...THE EAST RAPID CITY SD CLIMATE SUMMARY FOR THE SEASON, FROM
3/1/2022 TO 5/31/2022...
CLIMATE NORMAL PERIOD 1991 TO 2020
CLIMATE RECORD PERIOD 1888 TO 2022
WEATHER OBSERVED NORMAL DEPART LAST YEAR`S
VALUE DATE(S) VALUE FROM VALUE DATE(S)
NORMAL
................................................................
TEMPERATURE (F)
RECORD
HIGH 99 05/27/1969
LOW -17 03/03/1891
HIGHEST 93 05/27 84 04/30
LOWEST 2 03/10 20 03/31
AVG. MAXIMUM 55.3 55.9 -0.6 57.1
AVG. MINIMUM 33.2 34.7 -1.5 36.0
MEAN 44.3 45.3 -1.0 46.6
DAYS MAX >= 90 1 0
DAYS MAX <= 32 11 2
DAYS MIN <= 32 42 39
DAYS MIN <= 0 0 0
PRECIPITATION (INCHES)
RECORD
MAXIMUM 12.99 1920
MINIMUM 2.12 1936
TOTALS 3.40 7.32 -3.92 4.73
DAILY AVG. 0.04 0.08 -0.04 0.05
DAYS >= .01 24 29
DAYS >= .10 11 13
DAYS >= .50 0 2
DAYS >= 1.00 0 1
GREATEST
24 HR. TOTAL 0.75 05/08 TO 05/09 MM
SNOWFALL (INCHES)
RECORDS
TOTAL 65.5 1950
TOTALS 6.1 22.6 -16.5 17.0
SINCE 7/1 29.0 53.6 -24.6 MM
SNOWDEPTH AVG. T 0
DAYS >= 1.0 2 5.9 -3.9 5
GREATEST
SNOW DEPTH 4 03/05 7 03/15
24 HR TOTAL 3.6 03/05 TO 03/05 9.1
DEGREE DAYS
HEATING TOTAL 1901 1827 74 1678
COOLING TOTAL 15 17 -2 8
................................................................
WIND (MPH)
AVERAGE WIND SPEED 11.4
HIGHEST WIND SPEED/DIRECTION 47/320 DATE 04/24
HIGHEST GUST SPEED/DIRECTION 76/320 DATE 04/24
AVERAGE RH (PERCENT) 65
WEATHER CONDITIONS. NUMBER OF DAYS WITH
THUNDERSTORM 6 MIXED PRECIP 1
HEAVY RAIN 2 RAIN 6
LIGHT RAIN 35 FREEZING RAIN 0
LT FREEZING RAIN 2 HAIL 2
HEAVY SNOW 0 SNOW 0
LIGHT SNOW 17 SLEET 4
FOG 5 FOG W/VIS <= 1/4 MILE 4
HAZE 0
- INDICATES NEGATIVE NUMBERS.
R INDICATES RECORD WAS SET OR TIED.
MM INDICATES DATA IS MISSING.
T INDICATES TRACE AMOUNT.
$$