000
CXUS54 KEWX 011010
CF6UVA
PRELIMINARY LOCAL CLIMATOLOGICAL DATA (WS FORM: F-6)
STATION: UVALDE
MONTH: OCTOBER
YEAR: 2022
LATITUDE: 29 12 N
LONGITUDE: 99 44 W
TEMPERATURE IN F: :PCPN: SNOW: WIND :SUNSHINE: SKY :PK WND
================================================================================
1 2 3 4 5 6A 6B 7 8 9 10 11 12 13 14 15 16 17 18
12Z AVG MX 2MIN
DY MAX MIN AVG DEP HDD CDD WTR SNW DPTH SPD SPD DIR MIN PSBL S-S WX SPD DR
================================================================================
1 88 60 74 M 0 9 0.00 M M 6.1 10 140 M M 0 M M
2 82 56 69 M 0 4 0.00 M M 3.8 10 110 M M 0 10 100
3 83 59 71 M 0 6 0.00 M M 2.3 9 190 M M 0 9 170
4 85 61 73 M 0 8 0.00 M M 4.6 8 110 M M 0 16 110
5 87 56 72 M 0 7 0.00 M M 2.3 10 140 M M 1 16 130
6 88 60 74 M 0 9 0.00 M M 5.0 13 110 M M 1 18 180
7 83 66 75 M 0 10 0.00 M M 2.8 6 170 M M 1 M M
8 88 66 77 M 0 12 0.00 M M 4.0 10 80 M M 3 18 80
9 86 62 74 M 0 9 0.00 M M 7.1 13 160 M M 2 17 150
10 86 60 73 M 0 8 0.00 M M 7.6 16 140 M M 4 23 130
11 87 63 75 M 0 10 0.00 M M 7.5 16 180 M M 4 21 160
12 92 63 78 M 0 13 0.00 M M 2.7 8 300 M M 2 1 M M
13 94 64 79 M 0 14 0.00 M M 2.9 10 70 M M 0 16 0
14 90 65 78 M 0 13 0.00 M M 6.0 12 130 M M 4 17 190
15 92 70 81 M 0 16 0.00 M M 8.1 16 150 M M 4 22 150
16 90 70 80 M 0 15 0.01 M M 4.1 14 110 M M 7 18 110
17 76 62 69 M 0 4 0.97 M M 10.5 21 50 M M 10 28 50
18 70 53 62 M 3 0 0.00 M M 0.7 8 40 M M 6 M M
19 73 48 61 M 4 0 0.00 M M 0.0 M M M M 2 M M
20 79 46 63 M 2 0 0.00 0.0 M 0.6 9 210 M M 0 M M
21 83 49 66 M 0 1 0.00 0.0 M 1.5 10 210 M M 0 M M
22 85 56 71 M 0 6 0.00 M M 3.8 13 160 M M 3 1 20 170
23 84 61 73 M 0 8 0.00 M M 7.3 16 130 M M 2 1 23 150
24 90 69 80 M 0 15 0.00 M M 7.5 29 340 M M 6 38 340
25 76 48 62 M 3 0 0.00 0.0 M 6.1 22 320 M M 0 32 320
26 78 45 62 M 3 0 0.00 M M 6.5 13 140 M M 0 16 140
27 76 51 64 M 1 0 0.00 M M 7.3 13 170 M M 5 18 120
28 71 55 63 M 2 0 0.60 M M 12.0 24 330 M M 3 3 31 330
29 71 48 60 M 5 0 0.00 M M 6.4 15 310 M M 0 20 330
30 76 45 61 M 4 0 0.00 M M 0.5 6 30 M M 0 M M
31 77 53 65 M 0 0 0.00 M M 5.2 10 130 M M 5 3 M M
================================================================================
SM 2566 1790 27 197 1.58 0.0 152.7 M 75
================================================================================
AV 82.8 57.7 4.9 FASTST M M 2 MAX(MPH)
MISC ----> 29 340 38 340
================================================================================
NOTES:
# LAST OF SEVERAL OCCURRENCES
COLUMN 17 PEAK WIND IN M.P.H.
PRELIMINARY LOCAL CLIMATOLOGICAL DATA (WS FORM: F-6) , PAGE 2
STATION: UVALDE
MONTH: OCTOBER
YEAR: 2022
LATITUDE: 29 12 N
LONGITUDE: 99 44 W
[TEMPERATURE DATA] [PRECIPITATION DATA] SYMBOLS USED IN COLUMN 16
AVERAGE MONTHLY: 70.3 TOTAL FOR MONTH: 1.58 1 = FOG OR MIST
DPTR FM NORMAL: 0.0 DPTR FM NORMAL: M 2 = FOG REDUCING VISIBILITY
HIGHEST: 94 ON 13 GRTST 24HR 0.97 ON 17-17 TO 1/4 MILE OR LESS
LOWEST: 45 ON 30,26 3 = THUNDER
SNOW, ICE PELLETS, HAIL 4 = ICE PELLETS
TOTAL MONTH: 0.0 INCH 5 = HAIL
GRTST 24HR 0.0 6 = FREEZING RAIN OR DRIZZLE
GRTST DEPTH: M ON M 7 = DUSTSTORM OR SANDSTORM:
VSBY 1/2 MILE OR LESS
8 = SMOKE OR HAZE
[NO. OF DAYS WITH] [WEATHER - DAYS WITH] 9 = BLOWING SNOW
X = TORNADO
MAX 32 OR BELOW: 0 0.01 INCH OR MORE: 3
MAX 90 OR ABOVE: 6 0.10 INCH OR MORE: 2
MIN 32 OR BELOW: 0 0.50 INCH OR MORE: 2
MIN 0 OR BELOW: 0 1.00 INCH OR MORE: 0
[HDD (BASE 65) ]
TOTAL THIS MO. 27 CLEAR (SCALE 0-3) 20
DPTR FM NORMAL M PTCLDY (SCALE 4-7) 10
TOTAL FM JUL 1 27 CLOUDY (SCALE 8-10) 1
DPTR FM NORMAL M
[CDD (BASE 65) ]
TOTAL THIS MO. 197
DPTR FM NORMAL M [PRESSURE DATA]
TOTAL FM JAN 1 3461 HIGHEST SLP M ON M
DPTR FM NORMAL M LOWEST SLP M ON M
[REMARKS]
#FINAL-10-22#