000
CXUS54 KEWX 011010
CF6UVA
PRELIMINARY LOCAL CLIMATOLOGICAL DATA (WS FORM: F-6)
STATION: UVALDE
MONTH: MARCH
YEAR: 2021
LATITUDE: 29 12 N
LONGITUDE: 99 44 W
TEMPERATURE IN F: :PCPN: SNOW: WIND :SUNSHINE: SKY :PK WND
================================================================================
1 2 3 4 5 6A 6B 7 8 9 10 11 12 13 14 15 16 17 18
12Z AVG MX 2MIN
DY MAX MIN AVG DEP HDD CDD WTR SNW DPTH SPD SPD DIR MIN PSBL S-S WX SPD DR
================================================================================
1 66 45 56 M 9 0 0.00 M M 12.0 17 360 M M 9 23 360
2 66 38 52 M 13 0 0.00 M M 4.4 12 350 M M 0 M M
3 73 40 57 M 8 0 0.00 M M 6.9 12 180 M M 0 16 180
4 76 45 61 M 4 0 0.00 M M 8.9 15 130 M M 2 21 160
5 78 57 68 M 0 3 0.00 M M 10.2 27 330 M M 3 1 31 330
6 69 46 58 M 7 0 0.00 M M 6.9 10 360 M M 2 21 10
7 69 42 56 M 9 0 0.00 M M 8.2 15 150 M M 4 18 140
8 74 50 62 M 3 0 0.00 M M 9.1 15 160 M M 7 22 130
9 77 57 67 M 0 2 0.00 M M 11.5 20 160 M M 7 25 150
10 81 60 71 M 0 6 0.00 M M 10.6 18 120 M M 5 25 120
11 83 62 73 M 0 8 0.00 M M 11.7 18 150 M M 6 25 150
12 83 67 75 M 0 10 0.00 M M 13.8 20 150 M M 7 24 130
13 83 66 75 M 0 10 0.00 M M 14.7 24 130 M M 8 1 30 140
14 77 49 63 M 2 0 0.00 M M 9.7 18 340 M M 5 28 350
15 82 41 62 M 3 0 0.00 M M 4.6 9 180 M M 0 M M
16 82 58 70 M 0 5 0.00 M M 8.7 15 150 M M 7 1 20 140
17 77 57 67 M 0 2 0.00 M M 15.0 26 300 M M 4 18 41 310
18 75 45 60 M 5 0 0.00 M M 7.7 12 320 M M 0 25 360
19 74 40 57 M 8 0 0.00 M M 4.8 9 40 M M 0 M M
20 73 42 58 M 7 0 0.00 M M 7.5 10 130 M M 0 17 140
21 77 42 60 M 5 0 0.00 M M 10.3 17 120 M M 0 23 120
22 78 57 68 M 0 3 0.00 M M 11.5 22 140 M M 7 26 140
23 82 43 63 M 2 0 0.00 M M 4.2 12 340 M M 2 1 M M
24 86 52 69 M 0 4 0.00 M M 9.7 18 80 M M 5 1 24 80
25 76 51 64 M 1 0 0.00 M M 9.2 21 360 M M 1 28 360
26 86 46 66 M 0 1 0.00 M M 9.8 16 170 M M 0 22 170
27 88 64 76 M 0 11 0.00 M M 4.9 12 120 M M 4 1 M M
28 77 54 66 M 0 1 0.00 M M 12.7 21 30 M M 6 30 40
29 76 44 60 M 5 0 0.00 M M 6.3 14 140 M M 4 18 180
30 77 60 69 M 0 4 0.00 M M 6.5 10 170 M M 6 1 9 160
31 77 61 69 M 0 4 0.00 M M 11.7 16 60 M M 5 23 60
================================================================================
SM 2398 1581 91 74 0.00 M 283.5 M 116
================================================================================
AV 77.4 51.0 9.1 FASTST M M 4 MAX(MPH)
MISC ----> 27 330 41 310
================================================================================
NOTES:
# LAST OF SEVERAL OCCURRENCES
COLUMN 17 PEAK WIND IN M.P.H.
PRELIMINARY LOCAL CLIMATOLOGICAL DATA (WS FORM: F-6) , PAGE 2
STATION: UVALDE
MONTH: MARCH
YEAR: 2021
LATITUDE: 29 12 N
LONGITUDE: 99 44 W
[TEMPERATURE DATA] [PRECIPITATION DATA] SYMBOLS USED IN COLUMN 16
AVERAGE MONTHLY: 64.2 TOTAL FOR MONTH: 0.00 1 = FOG OR MIST
DPTR FM NORMAL: 0.0 DPTR FM NORMAL: M 2 = FOG REDUCING VISIBILITY
HIGHEST: 88 ON 27 GRTST 24HR 0.00 ON 1- 1 TO 1/4 MILE OR LESS
LOWEST: 38 ON 2 3 = THUNDER
SNOW, ICE PELLETS, HAIL 4 = ICE PELLETS
TOTAL MONTH: M 5 = HAIL
GRTST 24HR M ON M 6 = FREEZING RAIN OR DRIZZLE
GRTST DEPTH: M ON M 7 = DUSTSTORM OR SANDSTORM:
VSBY 1/2 MILE OR LESS
8 = SMOKE OR HAZE
[NO. OF DAYS WITH] [WEATHER - DAYS WITH] 9 = BLOWING SNOW
X = TORNADO
MAX 32 OR BELOW: 0 0.01 INCH OR MORE: 0
MAX 90 OR ABOVE: 0 0.10 INCH OR MORE: 0
MIN 32 OR BELOW: 0 0.50 INCH OR MORE: 0
MIN 0 OR BELOW: 0 1.00 INCH OR MORE: 0
[HDD (BASE 65) ]
TOTAL THIS MO. 91 CLEAR (SCALE 0-3) 13
DPTR FM NORMAL M PTCLDY (SCALE 4-7) 16
TOTAL FM JUL 1 1181 CLOUDY (SCALE 8-10) 2
DPTR FM NORMAL M
[CDD (BASE 65) ]
TOTAL THIS MO. 74
DPTR FM NORMAL M [PRESSURE DATA]
TOTAL FM JAN 1 89 HIGHEST SLP M ON M
DPTR FM NORMAL M LOWEST SLP M ON M
[REMARKS]
#FINAL-03-21#