000
CXUS54 KEWX 011010
CF6UVA
PRELIMINARY LOCAL CLIMATOLOGICAL DATA (WS FORM: F-6)
STATION: UVALDE
MONTH: JULY
YEAR: 2023
LATITUDE: 29 12 N
LONGITUDE: 99 44 W
TEMPERATURE IN F: :PCPN: SNOW: WIND :SUNSHINE: SKY :PK WND
================================================================================
1 2 3 4 5 6A 6B 7 8 9 10 11 12 13 14 15 16 17 18
12Z AVG MX 2MIN
DY MAX MIN AVG DEP HDD CDD WTR SNW DPTH SPD SPD DIR MIN PSBL S-S WX SPD DR
================================================================================
1 99 71 85 M 0 20 0.08 M M 9.4 22 10 M M 5 3 30 10
2 85 70 78 M 0 13 1.60 M M 5.5 14 170 M M 2 21 170
3 92 75 84 M 0 19 0.00 M M 5.2 10 240 M M 2 M M
4 92 75 84 M 0 19 0.00 M M 5.4 12 120 M M 1 16 110
5 93 76 85 M 0 20 0.00 M M 8.2 14 100 M M 2 20 100
6 91 75 83 M 0 18 0.00 M M 6.4 16 120 M M 5 23 120
7 89 73 81 M 0 16 0.00 M M 4.8 14 130 M M 6 18 0
8 95 74 85 M 0 20 0.00 M M 3.4 12 100 M M 4 18 130
9 98 74 86 M 0 21 0.00 M M 5.1 12 150 M M 2 21 150
10 100 74 87 M 0 22 0.00 M M 3.3 12 140 M M 2 18 140
11 100 76 88 M 0 23 0.00 M M 3.4 13 140 M M 3 21 120
12 102 75 89 M 0 24 0.00 M M 4.0 14 130 M M 2 21 130
13 102 76 89 M 0 24 0.00 M M 7.0 16 130 M M 1 21 140
14 103 76 90 M 0 25 0.00 M M 9.3 14 110 M M 1 22 170
15 102 76 89 M 0 24 0.00 M M 6.8 14 90 M M 2 20 120
16 102 74 88 M 0 23 0.00 M M 5.2 12 130 M M 1 17 180
17 102 71 87 M 0 22 0.00 M M 4.3 10 100 M M 0 16 130
18 103 73 88 M 0 23 0.00 M M 4.1 13 130 M M 0 20 140
19 103 73 88 M 0 23 0.00 M M 6.2 17 130 M M 0 23 140
20 103 71 87 M 0 22 0.00 M M 6.5 16 130 M M 1 22 150
21 101 72 87 M 0 22 0.00 M M 2.6 14 130 M M 0 23 100
22 103 72 88 M 0 23 0.00 M M 2.5 12 120 M M 0 23 120
23 101 76 89 M 0 24 0.00 M M 2.8 13 30 M M 1 25 200
24 102 73 88 M 0 23 0.00 M M 2.4 12 130 M M 1 21 70
25 100 73 87 M 0 22 0.00 M M 3.2 13 160 M M 2 18 100
26 102 75 89 M 0 24 0.00 M M 6.0 17 130 M M 1 23 150
27 101 72 87 M 0 22 0.00 M M 5.1 13 130 M M 1 20 0
28 100 72 86 M 0 21 0.00 M M 6.5 15 140 M M 1 25 110
29 97 72 85 M 0 20 0.00 M M 4.2 10 140 M M 0 22 0
30 101 72 87 M 0 22 0.00 M M 3.8 12 150 M M 0 20 140
31 102 75 89 M 0 24 0.00 M M 4.6 13 110 M M 0 21 90
================================================================================
SM 3066 2282 0 668 1.68 M 157.3 M 49
================================================================================
AV 98.9 73.6 5.1 FASTST M M 2 MAX(MPH)
MISC ----> 22 10 30 10
================================================================================
NOTES:
# LAST OF SEVERAL OCCURRENCES
COLUMN 17 PEAK WIND IN M.P.H.
PRELIMINARY LOCAL CLIMATOLOGICAL DATA (WS FORM: F-6) , PAGE 2
STATION: UVALDE
MONTH: JULY
YEAR: 2023
LATITUDE: 29 12 N
LONGITUDE: 99 44 W
[TEMPERATURE DATA] [PRECIPITATION DATA] SYMBOLS USED IN COLUMN 16
AVERAGE MONTHLY: 86.3 TOTAL FOR MONTH: 1.68 1 = FOG OR MIST
DPTR FM NORMAL: 0.0 DPTR FM NORMAL: M 2 = FOG REDUCING VISIBILITY
HIGHEST: 103 ON 22,20 GRTST 24HR 1.60 ON 2- 2 TO 1/4 MILE OR LESS
LOWEST: 70 ON 2 3 = THUNDER
SNOW, ICE PELLETS, HAIL 4 = ICE PELLETS
TOTAL MONTH: M 5 = HAIL
GRTST 24HR M ON M 6 = FREEZING RAIN OR DRIZZLE
GRTST DEPTH: M ON M 7 = DUSTSTORM OR SANDSTORM:
VSBY 1/2 MILE OR LESS
8 = SMOKE OR HAZE
[NO. OF DAYS WITH] [WEATHER - DAYS WITH] 9 = BLOWING SNOW
X = TORNADO
MAX 32 OR BELOW: 0 0.01 INCH OR MORE: 2
MAX 90 OR ABOVE: 29 0.10 INCH OR MORE: 1
MIN 32 OR BELOW: 0 0.50 INCH OR MORE: 1
MIN 0 OR BELOW: 0 1.00 INCH OR MORE: 1
[HDD (BASE 65) ]
TOTAL THIS MO. 0 CLEAR (SCALE 0-3) 27
DPTR FM NORMAL M PTCLDY (SCALE 4-7) 4
TOTAL FM JUL 1 0 CLOUDY (SCALE 8-10) 0
DPTR FM NORMAL M
[CDD (BASE 65) ]
TOTAL THIS MO. 668
DPTR FM NORMAL M [PRESSURE DATA]
TOTAL FM JAN 1 1889 HIGHEST SLP M ON M
DPTR FM NORMAL M LOWEST SLP M ON M
[REMARKS]
#FINAL-07-23#