000
CXUS56 KSTO 011300
CF6VCB
PRELIMINARY LOCAL CLIMATOLOGICAL DATA (WS FORM: F-6)
STATION: VACAVILLE
MONTH: JUNE
YEAR: 2023
LATITUDE: 38 22 N
LONGITUDE: 121-58 E
TEMPERATURE IN F: :PCPN: SNOW: WIND :SUNSHINE: SKY :PK WND
================================================================================
1 2 3 4 5 6A 6B 7 8 9 10 11 12 13 14 15 16 17 18
12Z AVG MX 2MIN
DY MAX MIN AVG DEP HDD CDD WTR SNW DPTH SPD SPD DIR MIN PSBL S-S WX SPD DR
================================================================================
1 83 53 68 -2 0 3 0.00 M M 8.6 17 220 M M 0 23 220
2 87 53 70 0 0 5 0.00 M M 4.8 14 220 M M 0 17 220
3 92 54 73 3 0 8 0.00 M M 4.8 15 230 M M 0 19 220
4 94 53 74 4 0 9 0.00 M M 4.1 13 180 M M 0 17 220
5 83 59 71 1 0 6 0.00 M M 9.9 22 210 M M 0 33 210
6 74 60 67 -4 0 2 0.00 M M 9.2 20 260 M M 1 3 26 220
7 76 58 67 -4 0 2 0.00 M M 8.1 17 240 M M 2 23 260
8 82 53 68 -3 0 3 0.00 M M 6.5 16 210 M M 0 24 200
9 80 56 68 -4 0 3 0.00 M M 9.9 20 220 M M 0 27 220
10 83 53 68 -4 0 3 0.00 M M 6.9 15 230 M M 0 21 210
11 84 56 70 -2 0 5 0.00 M M 10.0 18 220 M M 0 26 210
12 80 59 70 -2 0 5 T M M 10.8 21 220 M M 3 28 230
13 83 58 71 -1 0 6 0.00 M M 8.5 17 220 M M 0 25 220
14 87 57 72 -1 0 7 0.00 M M 6.8 14 210 M M 0 19 220
15 90 57 74 1 0 9 0.00 M M 5.7 14 220 M M 0 8 20 210
16 92 58 75 2 0 10 0.00 M M 7.3 16 220 M M 0 8 22 220
17 89 57 73 0 0 8 0.00 M M 8.4 18 220 M M 0 25 180
18 87 58 73 -1 0 8 0.00 M M 10.7 25 220 M M 0 35 220
19 79 51 65 -9 0 0 0.00 M M 8.1 23 220 M M 0 33 240
20 80 44 62 -12 3 0 0.00 M M 4.3 14 230 M M 0 19 210
21 85 47 66 -8 0 1 0.00 M M 5.0 16 220 M M 0 8 20 200
22 78 55 67 -7 0 2 0.00 M M 12.1 22 220 M M 0 29 220
23 80 57 69 -6 0 4 0.00 M M 10.8 17 210 M M 0 24 210
24 83 55 69 -6 0 4 0.00 M M 9.6 17 220 M M 0 23 210
25 79 56 68 -7 0 3 0.00 M M 10.7 17 220 M M 0 24 210
26 86 53 70 -5 0 5 0.00 M M 8.2 16 220 M M 0 22 220
27 86 56 71 -5 0 6 0.00 M M 7.6 14 230 M M 0 18 200
28 93 56 75 -1 0 10 0.00 M M 8.0 16 210 M M 0 24 210
29 101 56 79 3 0 14 0.00 0.0 M 3.6 10 150 M M 0 14 120
30 103 59 81 5 0 16 0.00 M M 3.0 9 220 M M 0 14 210
================================================================================
SM 2559 1657 3 167 T 0.0 232.0 M 6
================================================================================
AV 85.3 55.2 7.7 FASTST M M 0 MAX(MPH)
MISC ----> 25 220 35 220
================================================================================
NOTES:
# LAST OF SEVERAL OCCURRENCES
COLUMN 17 PEAK WIND IN M.P.H.
PRELIMINARY LOCAL CLIMATOLOGICAL DATA (WS FORM: F-6) , PAGE 2
STATION: VACAVILLE
MONTH: JUNE
YEAR: 2023
LATITUDE: 38 22 N
LONGITUDE: 121-58 E
[TEMPERATURE DATA] [PRECIPITATION DATA] SYMBOLS USED IN COLUMN 16
AVERAGE MONTHLY: 70.3 TOTAL FOR MONTH: T 1 = FOG OR MIST
DPTR FM NORMAL: -2.7 DPTR FM NORMAL: -0.17 2 = FOG REDUCING VISIBILITY
HIGHEST: 103 ON 30 GRTST 24HR T ON 12-12 TO 1/4 MILE OR LESS
LOWEST: 44 ON 20 3 = THUNDER
SNOW, ICE PELLETS, HAIL 4 = ICE PELLETS
TOTAL MONTH: 0.0 INCH 5 = HAIL
GRTST 24HR 0.0 6 = FREEZING RAIN OR DRIZZLE
GRTST DEPTH: M ON M 7 = DUSTSTORM OR SANDSTORM:
VSBY 1/2 MILE OR LESS
8 = SMOKE OR HAZE
[NO. OF DAYS WITH] [WEATHER - DAYS WITH] 9 = BLOWING SNOW
X = TORNADO
MAX 32 OR BELOW: 0 0.01 INCH OR MORE: 0
MAX 90 OR ABOVE: 7 0.10 INCH OR MORE: 0
MIN 32 OR BELOW: 0 0.50 INCH OR MORE: 0
MIN 0 OR BELOW: 0 1.00 INCH OR MORE: 0
[HDD (BASE 65) ]
TOTAL THIS MO. 3 CLEAR (SCALE 0-3) 30
DPTR FM NORMAL -5 PTCLDY (SCALE 4-7) 0
TOTAL FM JUL 1 2744 CLOUDY (SCALE 8-10) 0
DPTR FM NORMAL 300
[CDD (BASE 65) ]
TOTAL THIS MO. 167
DPTR FM NORMAL -80 [PRESSURE DATA]
TOTAL FM JAN 1 265 HIGHEST SLP 30.13 ON 20
DPTR FM NORMAL -100 LOWEST SLP 29.66 ON 5
[REMARKS]
#FINAL-06-23#