000
CXUS56 KSTO 011300
CF6VCB
PRELIMINARY LOCAL CLIMATOLOGICAL DATA (WS FORM: F-6)
STATION: VACAVILLE
MONTH: OCTOBER
YEAR: 2022
LATITUDE: 38 22 N
LONGITUDE: 121-58 E
TEMPERATURE IN F: :PCPN: SNOW: WIND :SUNSHINE: SKY :PK WND
================================================================================
1 2 3 4 5 6A 6B 7 8 9 10 11 12 13 14 15 16 17 18
12Z AVG MX 2MIN
DY MAX MIN AVG DEP HDD CDD WTR SNW DPTH SPD SPD DIR MIN PSBL S-S WX SPD DR
================================================================================
1 86 53 70 0 0 5 0.00 M M 5.8 15 220 M M 0 20 220
2 84 50 67 -2 0 2 0.00 M M 5.4 13 220 M M 0 20 220
3 89 52 71 2 0 6 0.00 M M 3.7 14 220 M M 0 17 210
4 88 52 70 1 0 5 0.00 M M 2.3 9 160 M M 0 12 150
5 91 53 72 4 0 7 0.00 M M 1.5 10 220 M M 0 13 220
6 94 53 74 6 0 9 0.00 M M 1.6 7 150 M M 0 11 360
7 97 54 76 8 0 11 0.00 M M 1.1 8 30 M M 0 12 30
8 96 55 76 9 0 11 0.00 M M 2.2 9 170 M M 0 13 190
9 91 54 73 6 0 8 0.00 M M 2.6 12 220 M M 0 14 210
10 94 52 73 6 0 8 0.00 M M 2.3 13 220 M M 0 15 220
11 90 50 70 4 0 5 0.00 M M 2.3 8 10 M M 0 11 30
12 87 53 70 4 0 5 0.00 M M 5.8 12 230 M M 0 14 220
13 84 53 69 3 0 4 0.00 M M 4.0 10 250 M M 0 13 250
14 86 50 68 3 0 3 0.00 0.0 0 3.7 10 230 M M 0 13 240
15 81 51 66 1 0 1 0.00 M M 7.0 17 220 M M 0 23 220
16 74 48 61 -4 4 0 0.00 M M 3.9 15 230 M M 0 18 19 220
17 79 47 63 -1 2 0 0.00 M M 2.3 10 360 M M 0 18 14 360
18 88 54 71 7 0 6 0.00 M M 3.6 12 30 M M 0 8 15 40
19 93 50 72 8 0 7 0.00 M M 2.8 7 220 M M 0 8 9 40
20 89 49 69 6 0 4 0.00 M M 3.0 9 20 M M 0 14 80
21 83 49 66 3 0 1 0.00 M M 5.5 16 210 M M 0 23 210
22 77 59 68 6 0 3 0.00 M M 9.2 22 310 M M 1 27 320
23 72 50 61 -1 4 0 0.00 M M 13.2 29 360 M M 0 36 350
24 77 47 62 0 3 0 0.00 M M 5.0 14 210 M M 0 18 220
25 75 49 62 1 3 0 0.00 M M 5.1 17 360 M M 0 24 360
26 75 41 58 -3 7 0 0.00 M M 5.0 15 350 M M 0 18 360
27 75 41 58 -3 7 0 0.00 M M 3.6 15 360 M M 0 19 350
28 74 40 57 -3 8 0 0.00 M M 2.2 10 10 M M 0 14 10
29 77 40 59 -1 6 0 0.00 M M 2.0 12 220 M M 0 15 220
30 79 42 61 1 4 0 0.00 M M 2.3 8 220 M M 0 11 220
31 71 46 59 0 6 0 0.00 M M 4.7 15 180 M M 0 21 180
================================================================================
SM 2596 1537 54 111 0.00 0.0 124.7 M 1
================================================================================
AV 83.7 49.6 4.0 FASTST M M 0 MAX(MPH)
MISC ----> 29 360 36 350
================================================================================
NOTES:
# LAST OF SEVERAL OCCURRENCES
COLUMN 17 PEAK WIND IN M.P.H.
PRELIMINARY LOCAL CLIMATOLOGICAL DATA (WS FORM: F-6) , PAGE 2
STATION: VACAVILLE
MONTH: OCTOBER
YEAR: 2022
LATITUDE: 38 22 N
LONGITUDE: 121-58 E
[TEMPERATURE DATA] [PRECIPITATION DATA] SYMBOLS USED IN COLUMN 16
AVERAGE MONTHLY: 66.7 TOTAL FOR MONTH: 0.00 1 = FOG OR MIST
DPTR FM NORMAL: 2.2 DPTR FM NORMAL: -1.08 2 = FOG REDUCING VISIBILITY
HIGHEST: 97 ON 7 GRTST 24HR T ON 22-22 TO 1/4 MILE OR LESS
LOWEST: 40 ON 29,28 3 = THUNDER
SNOW, ICE PELLETS, HAIL 4 = ICE PELLETS
TOTAL MONTH: 0.0 INCH 5 = HAIL
GRTST 24HR 0.0 6 = FREEZING RAIN OR DRIZZLE
GRTST DEPTH: 0 7 = DUSTSTORM OR SANDSTORM:
VSBY 1/2 MILE OR LESS
8 = SMOKE OR HAZE
[NO. OF DAYS WITH] [WEATHER - DAYS WITH] 9 = BLOWING SNOW
X = TORNADO
MAX 32 OR BELOW: 0 0.01 INCH OR MORE: 0
MAX 90 OR ABOVE: 8 0.10 INCH OR MORE: 0
MIN 32 OR BELOW: 0 0.50 INCH OR MORE: 0
MIN 0 OR BELOW: 0 1.00 INCH OR MORE: 0
[HDD (BASE 65) ]
TOTAL THIS MO. 54 CLEAR (SCALE 0-3) 31
DPTR FM NORMAL -29 PTCLDY (SCALE 4-7) 0
TOTAL FM JUL 1 54 CLOUDY (SCALE 8-10) 0
DPTR FM NORMAL -36
[CDD (BASE 65) ]
TOTAL THIS MO. 111
DPTR FM NORMAL 43 [PRESSURE DATA]
TOTAL FM JAN 1 1791 HIGHEST SLP 30.25 ON 29
DPTR FM NORMAL 402 LOWEST SLP 29.68 ON 22
[REMARKS]
#FINAL-10-22#