000
CXUS56 KSTO 090547
CF6VCB
PRELIMINARY LOCAL CLIMATOLOGICAL DATA (WS FORM: F-6)
STATION: VACAVILLE
MONTH: MARCH
YEAR: 2022
LATITUDE: 38 22 N
LONGITUDE: 121-58 E
TEMPERATURE IN F: :PCPN: SNOW: WIND :SUNSHINE: SKY :PK WND
================================================================================
1 2 3 4 5 6A 6B 7 8 9 10 11 12 13 14 15 16 17 18
12Z AVG MX 2MIN
DY MAX MIN AVG DEP HDD CDD WTR SNW DPTH SPD SPD DIR MIN PSBL S-S WX SPD DR
================================================================================
1 77 40 59 5 6 0 0.00 0.0 M 2.9 10 220 M M 0 13 210
2 76 41 59 5 6 0 0.00 0.0 M 3.7 13 200 M M 0 16 200
3 61 50 56 2 9 0 0.10 0.0 M 4.6 14 360 M M 6 13 19 350
4 67 43 55 1 10 0 0.03 M M 8.7 29 270 M M 5 1 37 270
5 60 34 47 -7 18 0 0.00 0.0 M 3.7 16 360 M M 3 20 350
6 67 33 50 -4 15 0 0.00 0.0 M 4.4 14 360 M M 0 20 30
7 71 40 56 2 9 0 0.00 M M 12.5 29 350 M M 0 35 350
8 78 39 59 4 6 0 0.00 0.0 M 7.2 18 10 M M 0 24 30
9 73 39 56 1 9 0 0.00 M M 3.2 16 220 M M 0 20 220
10 69 44 57 2 8 0 0.00 M M 16.9 32 360 M M 0 42 360
11 75 37 56 1 9 0 0.00 M M 3.6 12 350 M M 0 14 350
12 72 32 52 -3 13 0 0.00 M M 8.0 24 220 M M 1 31 210
13 69 47 58 3 7 0 0.00 M M 6.8 16 220 M M 3 23 210
14 74 37 56 1 9 0 0.00 M M 4.4 15 220 M M 2 18 210
15 74 48 61 6 4 0 0.04 M M 7.4 20 220 M M 3 1 25 240
16 77 42 60 5 5 0 0.00 M M 3.0 10 20 M M 0 M M
17 75 45 60 4 5 0 0.00 0.0 M 4.1 17 250 M M 1 23 250
18 75 41 58 2 7 0 0.00 0.0 M 4.2 12 210 M M 0 15 210
19 64 53 59 3 6 0 0.00 0.0 M 8.5 20 350 M M 5 26 350
20 75 48 62 6 3 0 0.00 M M 8.7 20 360 M M 0 27 360
21 85 41 63 7 2 0 0.00 M M 9.1 20 360 M M 0 31 350
22 88 55 72 16 0 7 0.00 0.0 M 10.9 23 360 M M 0 8 32 360
23 83 47 65 9 0 0 0.00 0.0 M 3.5 9 220 M M 0 12 150
24 83 45 64 8 1 0 0.00 0.0 M 4.0 12 220 M M 0 16 210
25 80 47 64 8 1 0 0.00 0.0 M 5.6 10 220 M M 0 13 160
26 83 41 62 6 3 0 0.00 0.0 M 5.8 15 220 M M 0 19 220
27 68 54 61 5 4 0 0.30 0.0 M 10.4 18 220 M M 2 1 26 230
28 63 47 55 -1 10 0 0.25 M M 3.5 15 30 M M 8 1 20 120
29 74 41 58 2 7 0 0.00 M M 5.2 17 210 M M 0 1 22 210
30 65 49 57 0 8 0 0.00 0.0 M 6.2 15 210 M M 5 20 220
31 73 47 60 3 5 0 0.00 0.0 M 4.6 14 220 M M 1 17 220
================================================================================
SM 2274 1347 205 7 0.72 0.0 195.3 M 45
================================================================================
AV 73.4 43.5 6.3 FASTST M M 1 MAX(MPH)
MISC ----> 32 360 42 360
================================================================================
NOTES:
# LAST OF SEVERAL OCCURRENCES
COLUMN 17 PEAK WIND IN M.P.H.
PRELIMINARY LOCAL CLIMATOLOGICAL DATA (WS FORM: F-6) , PAGE 2
STATION: VACAVILLE
MONTH: MARCH
YEAR: 2022
LATITUDE: 38 22 N
LONGITUDE: 121-58 E
[TEMPERATURE DATA] [PRECIPITATION DATA] SYMBOLS USED IN COLUMN 16
AVERAGE MONTHLY: 58.4 TOTAL FOR MONTH: 0.72 1 = FOG OR MIST
DPTR FM NORMAL: 3.1 DPTR FM NORMAL: -2.97 2 = FOG REDUCING VISIBILITY
HIGHEST: 88 ON 22 GRTST 24HR 0.55 ON 27-28 TO 1/4 MILE OR LESS
LOWEST: 32 ON 12 3 = THUNDER
SNOW, ICE PELLETS, HAIL 4 = ICE PELLETS
TOTAL MONTH: 0.0 INCH 5 = HAIL
GRTST 24HR 0.0 6 = FREEZING RAIN OR DRIZZLE
GRTST DEPTH: M ON M 7 = DUSTSTORM OR SANDSTORM:
VSBY 1/2 MILE OR LESS
8 = SMOKE OR HAZE
[NO. OF DAYS WITH] [WEATHER - DAYS WITH] 9 = BLOWING SNOW
X = TORNADO
MAX 32 OR BELOW: 0 0.01 INCH OR MORE: 5
MAX 90 OR ABOVE: 0 0.10 INCH OR MORE: 3
MIN 32 OR BELOW: 1 0.50 INCH OR MORE: 0
MIN 0 OR BELOW: 0 1.00 INCH OR MORE: 0
[HDD (BASE 65) ]
TOTAL THIS MO. 205 CLEAR (SCALE 0-3) 24
DPTR FM NORMAL -96 PTCLDY (SCALE 4-7) 7
TOTAL FM JUL 1 1976 CLOUDY (SCALE 8-10) 0
DPTR FM NORMAL -208
[CDD (BASE 65) ]
TOTAL THIS MO. 7
DPTR FM NORMAL 5 [PRESSURE DATA]
TOTAL FM JAN 1 7 HIGHEST SLP 30.37 ON 7
DPTR FM NORMAL 5 LOWEST SLP 29.65 ON 27
[REMARKS]
#FINAL-03-22#