000
CXUS56 KSTO 010216
CF6VCB
PRELIMINARY LOCAL CLIMATOLOGICAL DATA (WS FORM: F-6)
STATION: VACAVILLE
MONTH: OCTOBER
YEAR: 2021
LATITUDE: 38 22 N
LONGITUDE: 121-58 E
TEMPERATURE IN F: :PCPN: SNOW: WIND :SUNSHINE: SKY :PK WND
================================================================================
1 2 3 4 5 6A 6B 7 8 9 10 11 12 13 14 15 16 17 18
12Z AVG MX 2MIN
DY MAX MIN AVG DEP HDD CDD WTR SNW DPTH SPD SPD DIR MIN PSBL S-S WX SPD DR
================================================================================
1 89 49 69 -1 0 4 0.00 0.0 M 3.1 9 90 M M 0 11 90
2 92 51 72 3 0 7 0.00 0.0 M 2.8 8 150 M M 0 11 150
3 89 53 71 2 0 6 0.00 0.0 M 3.3 9 10 M M 0 12 80
4 92 52 72 3 0 7 0.00 0.0 M 3.1 10 160 M M 0 13 180
5 81 58 70 2 0 5 0.00 0.0 M 9.8 22 220 M M 0 27 210
6 80 56 68 0 0 3 0.00 M M 9.2 17 220 M M 1 24 220
7 73 55 64 -4 1 0 0.00 M M 10.2 20 230 M M 1 26 220
8 71 47 59 -8 6 0 0.00 0.0 M 8.5 20 220 M M 1 27 210
9 77 46 62 -5 3 0 0.00 0.0 M 4.7 14 360 M M 1 20 330
10 81 43 62 -5 3 0 0.00 0.0 M 5.0 16 220 M M 0 21 220
11 70 54 62 -4 3 0 0.00 0.0 M 19.1 37 350 M M 1 8 49 350
12 72 42 57 -9 8 0 0.00 0.0 M 12.9 31 360 M M 0 41 360
13 73 43 58 -8 7 0 0.00 0.0 M 3.0 9 20 M M 4 14 30
14 80 43 62 -3 3 0 0.00 0.0 M 6.6 22 350 M M 0 28 360
15 81 41 61 -4 4 0 0.00 M M 3.3 14 30 M M 0 17 30
16 83 42 63 -2 2 0 0.00 M M 3.5 10 240 M M 0 13 210
17 72 50 61 -3 4 0 T 0.0 M 11.2 26 220 M M 2 33 220
18 66 43 55 -9 10 0 0.00 0.0 M 3.4 16 220 M M 2 21 210
19 68 38 53 -11 12 0 T 0.0 M 4.3 17 230 M M 2 22 230
20 64 51 58 -5 7 0 0.03 0.0 M 3.0 10 250 M M 10 18 17 210
21 68 57 63 0 2 0 0.02 0.0 M 6.5 22 240 M M 9 1 30 220
22 66 57 62 0 3 0 0.01 M M 7.1 18 260 M M 6 1 29 210
23 66 51 59 -3 6 0 0.02 M M 3.8 14 240 M M 8 1 18 240
24 61 54 58 -4 7 0 M M M 11.0 23 140 M M 10 1 33 190
25 66 53 60 -1 5 0 M M M 7.4 16 250 M M 4 1 21 250
26 66 52 59 -2 6 0 0.00 0.0 M 5.6 12 180 M M 8 16 210
27 73 53 63 2 2 0 0.00 0.0 M 4.8 13 350 M M 2 1 16 30
28 76 50 63 3 2 0 0.00 0.0 M 3.5 12 20 M M 0 1 14 20
29 74 50 62 2 3 0 0.00 0.0 M 1.6 7 240 M M 0 18 10 90
30 67 55 61 1 4 0 0.00 0.0 M 9.9 22 240 M M 1 25 240
31 67 51 59 0 6 0 0.00 0.0 M 4.4 10 260 M M 2 14 270
================================================================================
SM 2304 1540 119 32 0.08 0.0 195.6 M 75
================================================================================
AV 74.3 49.7 6.3 FASTST M M 2 MAX(MPH)
MISC ----> 37 350 49 350
================================================================================
NOTES:
# LAST OF SEVERAL OCCURRENCES
COLUMN 17 PEAK WIND IN M.P.H.
PRELIMINARY LOCAL CLIMATOLOGICAL DATA (WS FORM: F-6) , PAGE 2
STATION: VACAVILLE
MONTH: OCTOBER
YEAR: 2021
LATITUDE: 38 22 N
LONGITUDE: 121-58 E
[TEMPERATURE DATA] [PRECIPITATION DATA] SYMBOLS USED IN COLUMN 16
AVERAGE MONTHLY: 62.0 TOTAL FOR MONTH: 0.08 1 = FOG OR MIST
DPTR FM NORMAL: -2.5 DPTR FM NORMAL: -1.00 2 = FOG REDUCING VISIBILITY
HIGHEST: 92 ON 4, 2 GRTST 24HR 0.38 ON 23-24 TO 1/4 MILE OR LESS
LOWEST: 38 ON 19 3 = THUNDER
SNOW, ICE PELLETS, HAIL 4 = ICE PELLETS
TOTAL MONTH: 0.0 INCH 5 = HAIL
GRTST 24HR 0.0 6 = FREEZING RAIN OR DRIZZLE
GRTST DEPTH: M ON M 7 = DUSTSTORM OR SANDSTORM:
VSBY 1/2 MILE OR LESS
8 = SMOKE OR HAZE
[NO. OF DAYS WITH] [WEATHER - DAYS WITH] 9 = BLOWING SNOW
X = TORNADO
MAX 32 OR BELOW: 0 0.01 INCH OR MORE: 4
MAX 90 OR ABOVE: 2 0.10 INCH OR MORE: 0
MIN 32 OR BELOW: 0 0.50 INCH OR MORE: 0
MIN 0 OR BELOW: 0 1.00 INCH OR MORE: 0
[HDD (BASE 65) ]
TOTAL THIS MO. 119 CLEAR (SCALE 0-3) 23
DPTR FM NORMAL 36 PTCLDY (SCALE 4-7) 5
TOTAL FM JUL 1 119 CLOUDY (SCALE 8-10) 3
DPTR FM NORMAL 29
[CDD (BASE 65) ]
TOTAL THIS MO. 32
DPTR FM NORMAL -36 [PRESSURE DATA]
TOTAL FM JAN 1 1672 HIGHEST SLP 30.36 ON 27
DPTR FM NORMAL 283 LOWEST SLP 29.56 ON 24
[REMARKS]
#FINAL-10-21#