000
CXUS56 KSTO 011400
CF6VCB
PRELIMINARY LOCAL CLIMATOLOGICAL DATA (WS FORM: F-6)
STATION: VACAVILLE
MONTH: NOVEMBER
YEAR: 2023
LATITUDE: 38 22 N
LONGITUDE: 121-58 E
TEMPERATURE IN F: :PCPN: SNOW: WIND :SUNSHINE: SKY :PK WND
================================================================================
1 2 3 4 5 6A 6B 7 8 9 10 11 12 13 14 15 16 17 18
12Z AVG MX 2MIN
DY MAX MIN AVG DEP HDD CDD WTR SNW DPTH SPD SPD DIR MIN PSBL S-S WX SPD DR
================================================================================
1 77 36 57 -2 8 0 0.00 M M 2.1 8 30 M M 0 11 60
2 77 41 59 1 6 0 0.00 0.0 M 2.0 14 350 M M 0 17 360
3 82 47 65 7 0 0 0.00 M M 1.9 7 350 M M 0 10 10
4 82 48 65 7 0 0 0.00 M M 4.6 15 240 M M 1 19 240
5 73 60 67 9 0 2 0.01 M M 6.6 17 240 M M 8 1 23 220
6 71 49 60 3 5 0 0.29 M M 6.5 16 220 M M 4 1 23 220
7 68 43 56 -1 9 0 0.00 M M 5.4 17 340 M M 0 26 350
8 72 42 57 1 8 0 0.00 M M 9.6 20 350 M M 0 26 360
9 68 35 52 -4 13 0 0.00 M M 2.0 8 350 M M 0 12 360
10 70 37 54 -2 11 0 0.00 M M 2.2 10 30 M M 2 13 30
11 74 38 56 1 9 0 0.00 M M 1.4 7 30 M M 0 10 40
12 71 39 55 0 10 0 0.00 M M 3.6 14 210 M M 0 20 220
13 70 45 58 3 7 0 0.00 M M 2.7 16 220 M M 0 21 210
14 70 48 59 5 6 0 0.01 0.0 M 4.2 9 350 M M 2 8 13 210
15 67 52 60 6 5 0 0.02 M M 5.3 14 360 M M 7 18 360
16 69 52 61 7 4 0 0.04 M M 7.7 16 350 M M 6 21 360
17 69 53 61 8 4 0 0.20 M M 3.5 10 360 M M 6 1 13 30
18 63 52 58 5 7 0 0.64 M M 5.7 22 310 M M 9 1 27 310
19 65 40 53 0 12 0 0.00 M M 9.7 25 350 M M 0 33 340
20 68 39 54 2 11 0 0.00 M M 9.6 25 360 M M 0 35 360
21 67 36 52 0 13 0 0.00 M M 3.2 10 350 M M 0 13 360
22 70 33 52 0 13 0 0.00 M M 1.9 8 330 M M 0 11 30
23 72 37 55 3 10 0 0.00 M M 11.1 29 350 M M 1 38 350
24 62 37 50 -1 15 0 0.00 M M 13.5 29 350 M M 0 38 10
25 63 32 48 -3 17 0 0.00 M M 8.4 20 360 M M 0 28 340
26 65 28 47 -4 18 0 0.00 M M 4.6 16 350 M M 0 20 350
27 63 26 45 -5 20 0 0.00 M M 2.4 10 360 M M 0 12 360
28 63 29 46 -4 19 0 0.00 M M 3.1 10 360 M M 0 13 30
29 64 39 52 2 13 0 0.14 M M 4.2 12 30 M M 4 1 15 30
30 67 38 53 3 12 0 0.00 M M 3.5 14 310 M M 1 22 310
================================================================================
SM 2082 1231 285 2 1.35 0.0 152.2 M 51
================================================================================
AV 69.4 41.0 5.1 FASTST M M 2 MAX(MPH)
MISC ----> # 29 350 # 38 10
================================================================================
NOTES:
# LAST OF SEVERAL OCCURRENCES
COLUMN 17 PEAK WIND IN M.P.H.
PRELIMINARY LOCAL CLIMATOLOGICAL DATA (WS FORM: F-6) , PAGE 2
STATION: VACAVILLE
MONTH: NOVEMBER
YEAR: 2023
LATITUDE: 38 22 N
LONGITUDE: 121-58 E
[TEMPERATURE DATA] [PRECIPITATION DATA] SYMBOLS USED IN COLUMN 16
AVERAGE MONTHLY: 55.2 TOTAL FOR MONTH: 1.35 1 = FOG OR MIST
DPTR FM NORMAL: 1.2 DPTR FM NORMAL: -0.96 2 = FOG REDUCING VISIBILITY
HIGHEST: 82 ON 4, 3 GRTST 24HR 0.83 ON 17-18 TO 1/4 MILE OR LESS
LOWEST: 26 ON 27 3 = THUNDER
SNOW, ICE PELLETS, HAIL 4 = ICE PELLETS
TOTAL MONTH: 0.0 INCH 5 = HAIL
GRTST 24HR 0.0 6 = FREEZING RAIN OR DRIZZLE
GRTST DEPTH: M ON M 7 = DUSTSTORM OR SANDSTORM:
VSBY 1/2 MILE OR LESS
8 = SMOKE OR HAZE
[NO. OF DAYS WITH] [WEATHER - DAYS WITH] 9 = BLOWING SNOW
X = TORNADO
MAX 32 OR BELOW: 0 0.01 INCH OR MORE: 8
MAX 90 OR ABOVE: 0 0.10 INCH OR MORE: 4
MIN 32 OR BELOW: 4 0.50 INCH OR MORE: 1
MIN 0 OR BELOW: 0 1.00 INCH OR MORE: 0
[HDD (BASE 65) ]
TOTAL THIS MO. 285 CLEAR (SCALE 0-3) 23
DPTR FM NORMAL -47 PTCLDY (SCALE 4-7) 5
TOTAL FM JUL 1 366 CLOUDY (SCALE 8-10) 2
DPTR FM NORMAL -55
[CDD (BASE 65) ]
TOTAL THIS MO. 2
DPTR FM NORMAL 0 [PRESSURE DATA]
TOTAL FM JAN 1 1370 HIGHEST SLP 30.43 ON 21
DPTR FM NORMAL -21 LOWEST SLP 29.77 ON 15
[REMARKS]
#FINAL-11-23#