000
CXUS56 KSTO 020553
CF6VCB
PRELIMINARY LOCAL CLIMATOLOGICAL DATA (WS FORM: F-6)
STATION: VACAVILLE AIRPORT CA
MONTH: FEBRUARY
YEAR: 2020
LATITUDE: 38 22 N
LONGITUDE: 121 58 W
TEMPERATURE IN F: :PCPN: SNOW: WIND :SUNSHINE: SKY :PK WND
================================================================================
1 2 3 4 5 6A 6B 7 8 9 10 11 12 13 14 15 16 17 18
12Z AVG MX 2MIN
DY MAX MIN AVG DEP HDD CDD WTR SNW DPTH SPD SPD DIR MIN PSBL S-S WX SPD DR
================================================================================
1 68 38 53 5 12 0 0.00 0.0 0 0.7 7 90 M M 1 12 8 80
2 60 42 51 3 14 0 0.00 0.0 0 11.2 29 300 M M 0 1 40 300
3 56 39 48 -1 17 0 0.00 0.0 0 13.3 26 350 M M 0 36 350
4 58 36 47 -2 18 0 0.00 0.0 0 12.0 24 360 M M 0 36 360
5 64 32 48 -1 17 0 0.00 0.0 0 1.3 6 140 M M 0 8 100
6 67 33 50 1 15 0 0.00 0.0 0 1.4 10 360 M M 0 12 350
7 67 32 50 1 15 0 0.00 0.0 0 2.5 8 140 M M 0 18 12 230
8 65 35 50 0 15 0 0.00 0.0 0 7.5 31 350 M M 0 18 43 350
9 63 46 55 5 10 0 0.00 0.0 0 26.7 38 350 M M 0 51 360
10 74 54 64 14 1 0 0.00 0.0 0 17.9 28 360 M M 0 40 360
11 78 43 61 11 4 0 0.00 0.0 0 11.8 24 350 M M 0 8 33 360
12 71 34 53 3 12 0 0.00 0.0 0 4.0 14 20 M M 0 18 30
13 64 34 49 -1 16 0 0.00 0.0 0 4.5 16 210 M M 0 19 210
14 67 36 52 1 13 0 0.00 0.0 0 3.8 14 360 M M 1 12 22 210
15 67 36 52 1 13 0 0.00 0.0 0 1.8 8 20 M M 0 18 12 40
16 70 44 57 6 8 0 0.00 0.0 0 2.7 12 210 M M 0 14 200
17 73 44 59 8 6 0 0.00 0.0 0 13.8 26 350 M M 0 34 350
18 70 39 55 4 10 0 0.00 0.0 0 4.8 18 360 M M 0 28 23 360
19 69 35 52 0 13 0 0.00 0.0 0 3.6 13 360 M M 0 15 20
20 69 38 54 2 11 0 0.00 0.0 0 4.3 14 360 M M 0 19 20
21 76 39 58 6 7 0 0.00 0.0 0 4.2 14 10 M M 0 18 30
22 76 40 58 6 7 0 0.00 0.0 0 7.2 21 210 M M 0 30 200
23 65 38 52 0 13 0 0.00 0.0 0 3.7 16 220 M M 2 12 21 220
24 77 36 57 5 8 0 0.00 0.0 0 6.8 22 350 M M 0 27 360
25 78 47 63 10 2 0 0.00 0.0 0 10.1 23 360 M M 0 31 360
26 76 38 57 4 8 0 0.00 0.0 0 1.5 7 90 M M 0 10 360
27 79 39 59 6 6 0 0.00 0.0 0 3.9 15 360 M M 0 19 10
28 76 41 59 6 6 0 0.00 0.0 0 4.0 13 220 M M 0 16 210
29 70 44 57 4 8 0 0.00 0.0 0 6.6 23 220 M M 2 30 220
================================================================================
SM 2013 1132 305 0 0.00 0.0 197.6 M 6
================================================================================
AV 69.4 39.0 6.8 FASTST M M 0 MAX(MPH)
MISC ----> # 38 350 # 51 360
================================================================================
NOTES:
# LAST OF SEVERAL OCCURRENCES
COLUMN 17 PEAK WIND IN M.P.H.
PRELIMINARY LOCAL CLIMATOLOGICAL DATA (WS FORM: F-6) , PAGE 2
STATION: VACAVILLE AIRPORT CA
MONTH: FEBRUARY
YEAR: 2020
LATITUDE: 38 22 N
LONGITUDE: 121 58 W
[TEMPERATURE DATA] [PRECIPITATION DATA] SYMBOLS USED IN COLUMN 16
AVERAGE MONTHLY: 54.2 TOTAL FOR MONTH: 0.00 1 = FOG OR MIST
DPTR FM NORMAL: 3.5 DPTR FM NORMAL: -4.76 2 = FOG REDUCING VISIBILITY
HIGHEST: 79 ON 27 GRTST 24HR 0.00 ON 29-29 TO 1/4 MILE OR LESS
LOWEST: 32 ON 7, 5 3 = THUNDER
SNOW, ICE PELLETS, HAIL 4 = ICE PELLETS
TOTAL MONTH: 0.0 INCH 5 = HAIL
GRTST 24HR 0.0 6 = FREEZING RAIN OR DRIZZLE
GRTST DEPTH: 0 7 = DUSTSTORM OR SANDSTORM:
VSBY 1/2 MILE OR LESS
8 = SMOKE OR HAZE
[NO. OF DAYS WITH] [WEATHER - DAYS WITH] 9 = BLOWING SNOW
X = TORNADO
MAX 32 OR BELOW: 0 0.01 INCH OR MORE: 0
MAX 90 OR ABOVE: 0 0.10 INCH OR MORE: 0
MIN 32 OR BELOW: 2 0.50 INCH OR MORE: 0
MIN 0 OR BELOW: 0 1.00 INCH OR MORE: 0
[HDD (BASE 65) ]
TOTAL THIS MO. 305 CLEAR (SCALE 0-3) 29
DPTR FM NORMAL -94 PTCLDY (SCALE 4-7) 0
TOTAL FM JUL 1 1684 CLOUDY (SCALE 8-10) 0
DPTR FM NORMAL -306
[CDD (BASE 65) ]
TOTAL THIS MO. 0
DPTR FM NORMAL 0 [PRESSURE DATA]
TOTAL FM JAN 1 0 HIGHEST SLP 30.41 ON 24
DPTR FM NORMAL 0 LOWEST SLP 29.92 ON 29
[REMARKS]
#FINAL-02-20#