000
CXUS52 KMLB 010732
CF6VRB
PRELIMINARY LOCAL CLIMATOLOGICAL DATA (WS FORM: F-6)
STATION: VERO BEACH
MONTH: FEBRUARY
YEAR: 2023
LATITUDE: 27 39 N
LONGITUDE: 80 25 W
TEMPERATURE IN F: :PCPN: SNOW: WIND :SUNSHINE: SKY :PK WND
================================================================================
1 2 3 4 5 6A 6B 7 8 9 10 11 12 13 14 15 16 17 18
12Z AVG MX 2MIN
DY MAX MIN AVG DEP HDD CDD WTR SNW DPTH SPD SPD DIR MIN PSBL S-S WX SPD DR
================================================================================
1 84 59 72 9 0 7 0.00 0.0 0 4.9 12 270 M M 3 12 16 260
2 86 66 76 12 0 11 0.00 0.0 0 8.1 16 150 M M 3 128 19 140
3 87 63 75 11 0 10 0.01 0.0 0 12.8 31 350 M M 8 1 40 360
4 74 63 69 5 0 4 0.00 0.0 0 16.1 24 350 M M 7 33 350
5 72 60 66 2 0 1 2.05 0.0 0 9.5 20 330 M M 7 18 25 330
6 74 53 64 0 1 0 0.00 0.0 0 6.7 16 30 M M 2 1 20 30
7 77 50 64 0 1 0 0.00 0.0 0 8.5 17 120 M M 2 22 110
8 79 62 71 7 0 6 0.00 0.0 0 10.1 17 110 M M 5 23 100
9 82 63 73 9 0 8 0.00 0.0 0 11.3 24 130 M M 3 29 130
10 84 60 72 8 0 7 0.00 0.0 0 9.5 22 130 M M 3 12 26 130
11 87 61 74 9 0 9 0.34 0.0 0 9.3 20 140 M M 3 1 26 150
12 76 59 68 3 0 3 0.00 0.0 0 17.7 32 250 M M 6 42 260
13 69 47 58 -7 7 0 0.00 0.0 0 7.1 20 310 M M 1 1 24 310
14 76 42 59 -6 6 0 0.00 0.0 0 5.2 16 130 M M 0 20 110
15 80 55 68 3 0 3 0.00 0.0 0 9.1 23 140 M M 3 29 120
16 83 69 76 11 0 11 T 0.0 0 10.9 23 130 M M 4 18 27 120
17 88 65 77 12 0 12 0.00 0.0 0 9.9 22 210 M M 1 1 26 200
18 75 64 70 4 0 5 0.00 0.0 0 13.9 23 350 M M 9 1 29 350
19 82 61 72 6 0 7 0.00 0.0 0 5.7 15 140 M M 5 18 150
20 88 61 75 9 0 10 0.00 0.0 0 8.0 18 270 M M 1 1 22 260
21 85 63 74 8 0 9 0.00 0.0 0 7.8 17 240 M M 1 1 27 230
22 84 57 71 5 0 6 0.00 0.0 0 8.5 23 150 M M 1 12 29 150
23 85 60 73 7 0 8 0.00 0.0 0 7.1 17 140 M M 1 12 21 120
24 84 59 72 6 0 7 0.00 0.0 0 3.5 M M M M 1 12 M M
25 85 59 72 6 0 7 0.00 0.0 0 5.3 13 260 M M 2 12 16 260
26 87 58 73 7 0 8 0.00 0.0 0 4.1 14 60 M M 0 1 19 90
27 87 56 72 6 0 7 0.00 0.0 0 8.0 18 260 M M 0 1 25 220
28 87 57 72 6 0 7 0.00 0.0 0 8.3 17 240 M M 1 1 22 250
================================================================================
SM 2287 1652 15 173 2.40 0.0 246.9 M 83
================================================================================
AV 81.7 59.0 8.8 FASTST M M 3 MAX(MPH)
MISC ----> 32 250 42 260
================================================================================
NOTES:
# LAST OF SEVERAL OCCURRENCES
COLUMN 17 PEAK WIND IN M.P.H.
PRELIMINARY LOCAL CLIMATOLOGICAL DATA (WS FORM: F-6) , PAGE 2
STATION: VERO BEACH
MONTH: FEBRUARY
YEAR: 2023
LATITUDE: 27 39 N
LONGITUDE: 80 25 W
[TEMPERATURE DATA] [PRECIPITATION DATA] SYMBOLS USED IN COLUMN 16
AVERAGE MONTHLY: 70.3 TOTAL FOR MONTH: 2.40 1 = FOG OR MIST
DPTR FM NORMAL: 5.3 DPTR FM NORMAL: 0.20 2 = FOG REDUCING VISIBILITY
HIGHEST: 88 ON 20,17 GRTST 24HR 2.05 ON 5- 5 TO 1/4 MILE OR LESS
LOWEST: 42 ON 14 3 = THUNDER
SNOW, ICE PELLETS, HAIL 4 = ICE PELLETS
TOTAL MONTH: 0.0 INCH 5 = HAIL
GRTST 24HR 0.0 6 = FREEZING RAIN OR DRIZZLE
GRTST DEPTH: 0 7 = DUSTSTORM OR SANDSTORM:
VSBY 1/2 MILE OR LESS
8 = SMOKE OR HAZE
[NO. OF DAYS WITH] [WEATHER - DAYS WITH] 9 = BLOWING SNOW
X = TORNADO
MAX 32 OR BELOW: 0 0.01 INCH OR MORE: 3
MAX 90 OR ABOVE: 0 0.10 INCH OR MORE: 2
MIN 32 OR BELOW: 0 0.50 INCH OR MORE: 1
MIN 0 OR BELOW: 0 1.00 INCH OR MORE: 1
[HDD (BASE 65) ]
TOTAL THIS MO. 15 CLEAR (SCALE 0-3) 19
DPTR FM NORMAL -70 PTCLDY (SCALE 4-7) 8
TOTAL FM JUL 1 171 CLOUDY (SCALE 8-10) 1
DPTR FM NORMAL -169
[CDD (BASE 65) ]
TOTAL THIS MO. 173
DPTR FM NORMAL 87 [PRESSURE DATA]
TOTAL FM JAN 1 286 HIGHEST SLP 30.35 ON 4
DPTR FM NORMAL 134 LOWEST SLP 29.86 ON 12
[REMARKS]
#FINAL-02-23#