000
CXUS52 KMLB 010628
CF6VRB
PRELIMINARY LOCAL CLIMATOLOGICAL DATA (WS FORM: F-6)
STATION: VERO BEACH
MONTH: APRIL
YEAR: 2022
LATITUDE: 27 39 N
LONGITUDE: 80 25 W
TEMPERATURE IN F: :PCPN: SNOW: WIND :SUNSHINE: SKY :PK WND
================================================================================
1 2 3 4 5 6A 6B 7 8 9 10 11 12 13 14 15 16 17 18
12Z AVG MX 2MIN
DY MAX MIN AVG DEP HDD CDD WTR SNW DPTH SPD SPD DIR MIN PSBL S-S WX SPD DR
================================================================================
1 83 70 77 7 0 12 0.72 0.0 0 6.9 24 330 M M 5 13 32 330
2 85 67 76 6 0 11 2.45 0.0 0 7.5 29 350 M M 6 123 37 350
3 78 60 69 -1 0 4 0.00 0.0 0 7.1 17 10 M M 3 21 20
4 81 56 69 -1 0 4 0.00 0.0 0 8.6 17 130 M M 4 1 22 110
5 86 67 77 7 0 12 0.00 0.0 0 11.8 25 140 M M 3 31 140
6 92 72 82 11 0 17 0.01 0.0 0 8.5 21 120 M M 3 3 24 190
7 87 70 79 8 0 14 0.05 0.0 0 10.1 24 290 M M 3 138 34 270
8 77 60 69 -2 0 4 0.00 0.0 0 10.3 21 260 M M 1 24 270
9 76 53 65 -6 0 0 0.00 0.0 0 11.4 29 290 M M 1 36 280
10 72 43 58 -13 7 0 0.00 0.0 0 6.3 16 50 M M 0 23 20
11 78 49 64 -7 1 0 0.00 0.0 0 7.7 17 100 M M 2 24 110
12 81 66 74 2 0 9 0.00 0.0 0 11.7 22 130 M M 2 29 130
13 83 71 77 5 0 12 0.00 0.0 0 14.2 23 110 M M 1 27 130
14 84 62 73 1 0 8 T 0.0 0 7.9 21 120 M M 3 1 25 120
15 79 70 75 3 0 10 0.08 0.0 0 6.2 21 140 M M 5 13 24 80
16 83 62 73 1 0 8 0.00 0.0 0 8.9 17 120 M M 2 1 22 100
17 85 63 74 2 0 9 0.00 0.0 0 9.1 20 120 M M 0 1 23 150
18 86 66 76 4 0 11 0.08 0.0 0 5.5 14 320 M M 2 13 20 310
19 77 65 71 -2 0 6 0.00 0.0 0 12.7 24 350 M M 1 32 360
20 79 62 71 -2 0 6 0.00 0.0 0 13.8 23 60 M M 5 29 70
21 81 71 76 3 0 11 T 0.0 0 15.9 24 60 M M 7 30 60
22 81 70 76 3 0 11 0.00 0.0 0 14.4 24 50 M M 7 29 60
23 81 71 76 3 0 11 T 0.0 0 13.3 22 70 M M 4 27 70
24 83 71 77 3 0 12 T 0.0 0 12.6 22 100 M M 6 26 100
25 83 72 78 4 0 13 0.00 0.0 0 11.7 17 110 M M 2 23 120
26 84 60 72 -2 0 7 0.00 0.0 0 8.0 17 110 M M 1 23 110
27 85 60 73 -1 0 8 0.00 0.0 0 6.9 16 130 M M 1 1 19 130
28 84 62 73 -1 0 8 0.00 0.0 0 9.5 20 70 M M 5 1 26 20
29 80 72 76 2 0 11 0.07 0.0 0 13.9 21 90 M M 9 1 26 80
30 82 72 77 3 0 12 0.00 0.0 0 13.1 22 90 M M 6 26 90
================================================================================
SM 2456 1935 8 261 3.46 0.0 305.5 M 100
================================================================================
AV 81.9 64.5 10.2 FASTST M M 3 MAX(MPH)
MISC ----> # 29 350 37 350
================================================================================
NOTES:
# LAST OF SEVERAL OCCURRENCES
COLUMN 17 PEAK WIND IN M.P.H.
PRELIMINARY LOCAL CLIMATOLOGICAL DATA (WS FORM: F-6) , PAGE 2
STATION: VERO BEACH
MONTH: APRIL
YEAR: 2022
LATITUDE: 27 39 N
LONGITUDE: 80 25 W
[TEMPERATURE DATA] [PRECIPITATION DATA] SYMBOLS USED IN COLUMN 16
AVERAGE MONTHLY: 73.2 TOTAL FOR MONTH: 3.46 1 = FOG OR MIST
DPTR FM NORMAL: 1.1 DPTR FM NORMAL: 0.40 2 = FOG REDUCING VISIBILITY
HIGHEST: 92 ON 6 GRTST 24HR 2.45 ON 2- 2 TO 1/4 MILE OR LESS
LOWEST: 43 ON 10 3 = THUNDER
SNOW, ICE PELLETS, HAIL 4 = ICE PELLETS
TOTAL MONTH: 0.0 INCH 5 = HAIL
GRTST 24HR 0.0 6 = FREEZING RAIN OR DRIZZLE
GRTST DEPTH: 0 7 = DUSTSTORM OR SANDSTORM:
VSBY 1/2 MILE OR LESS
8 = SMOKE OR HAZE
[NO. OF DAYS WITH] [WEATHER - DAYS WITH] 9 = BLOWING SNOW
X = TORNADO
MAX 32 OR BELOW: 0 0.01 INCH OR MORE: 7
MAX 90 OR ABOVE: 1 0.10 INCH OR MORE: 2
MIN 32 OR BELOW: 0 0.50 INCH OR MORE: 2
MIN 0 OR BELOW: 0 1.00 INCH OR MORE: 1
[HDD (BASE 65) ]
TOTAL THIS MO. 8 CLEAR (SCALE 0-3) 17
DPTR FM NORMAL -2 PTCLDY (SCALE 4-7) 12
TOTAL FM JUL 1 237 CLOUDY (SCALE 8-10) 1
DPTR FM NORMAL -157
[CDD (BASE 65) ]
TOTAL THIS MO. 261
DPTR FM NORMAL 36 [PRESSURE DATA]
TOTAL FM JAN 1 650 HIGHEST SLP M ON M
DPTR FM NORMAL 128 LOWEST SLP 29.81 ON 7
[REMARKS]
#FINAL-04-22#