000
CXUS52 KMLB 010635
CF6VRB
PRELIMINARY LOCAL CLIMATOLOGICAL DATA (WS FORM: F-6)
STATION: VERO BEACH
MONTH: MARCH
YEAR: 2020
LATITUDE: 27 39 N
LONGITUDE: 80 25 W
TEMPERATURE IN F: :PCPN: SNOW: WIND :SUNSHINE: SKY :PK WND
================================================================================
1 2 3 4 5 6A 6B 7 8 9 10 11 12 13 14 15 16 17 18
12Z AVG MX 2MIN
DY MAX MIN AVG DEP HDD CDD WTR SNW DPTH SPD SPD DIR MIN PSBL S-S WX SPD DR
================================================================================
1 71 40 56 -10 9 0 0.00 0.0 0 6.1 14 40 M M 1 19 20
2 78 49 64 -2 1 0 0.00 0.0 0 10.1 25 130 M M 4 32 140
3 86 63 75 9 0 10 0.00 0.0 0 9.1 21 210 M M 2 28 220
4 90 61 76 10 0 11 0.00 0.0 0 8.6 20 190 M M 2 1 24 180
5 91 70 81 15 0 16 0.00 0.0 0 11.5 21 210 M M 2 26 230
6 76 54 65 -1 0 0 0.00 0.0 0 10.5 18 320 M M 5 25 270
7 67 52 60 -6 5 0 0.00 0.0 0 16.1 28 350 M M 4 35 350
8 74 64 69 2 0 4 0.00 0.0 0 15.1 23 90 M M 8 30 80
9 77 66 72 5 0 7 0.02 0.0 0 13.9 24 110 M M 7 32 110
10 80 67 74 7 0 9 0.00 0.0 0 10.4 18 120 M M 5 23 120
11 81 57 69 2 0 4 0.00 0.0 0 5.4 17 130 M M 2 21 110
12 82 59 71 4 0 6 0.00 0.0 0 5.3 14 90 M M 2 16 90
13 81 58 70 3 0 5 0.00 0.0 0 6.1 14 110 M M 0 1 19 110
14 83 60 72 5 0 7 0.00 0.0 0 7.1 15 90 M M 3 19 90
15 84 62 73 6 0 8 0.00 0.0 0 5.2 12 80 M M 1 1 19 100
16 82 60 71 4 0 6 0.00 0.0 0 8.4 14 70 M M 3 18 70
17 82 72 77 9 0 12 0.00 0.0 0 9.3 15 100 M M 2 22 100
18 82 62 72 4 0 7 0.00 0.0 0 7.2 15 80 M M 2 21 100
19 84 72 78 10 0 13 0.00 0.0 0 12.6 21 120 M M 4 27 130
20 84 73 79 11 0 14 0.00 0.0 0 12.8 20 130 M M 2 24 140
21 84 61 73 5 0 8 0.00 0.0 0 6.5 15 130 M M 2 18 24 130
22 83 63 73 5 0 8 0.00 0.0 0 7.3 16 130 M M 2 1 20 130
23 85 63 74 6 0 9 0.00 0.0 0 8.4 18 130 M M 2 22 130
24 88 69 79 11 0 14 0.00 0.0 0 10.2 20 140 M M 3 23 120
25 91 67 79 11 0 14 0.00 0.0 0 9.9 20 270 M M 3 27 290
26 85 69 77 9 0 12 0.00 0.0 0 8.9 15 340 M M 3 1 19 20
27 85 65 75 7 0 10 0.00 0.0 0 9.7 18 130 M M 2 1 23 120
28 84 60 72 3 0 7 0.00 0.0 0 9.6 22 140 M M 1 128 28 130
29 87 61 74 5 0 9 0.00 0.0 0 9.0 21 140 M M 1 25 120
30 88 63 76 7 0 11 0.00 0.0 0 8.1 16 140 M M 1 12 20 140
31 93 70 82 13 0 17 0.00 0.0 0 12.8 26 250 M M 2 35 270
================================================================================
SM 2568 1932 15 258 0.02 0.0 291.2 M 83
================================================================================
AV 82.8 62.3 9.4 FASTST M M 3 MAX(MPH)
MISC ----> 28 350 # 35 350
================================================================================
NOTES:
# LAST OF SEVERAL OCCURRENCES
COLUMN 17 PEAK WIND IN M.P.H.
PRELIMINARY LOCAL CLIMATOLOGICAL DATA (WS FORM: F-6) , PAGE 2
STATION: VERO BEACH
MONTH: MARCH
YEAR: 2020
LATITUDE: 27 39 N
LONGITUDE: 80 25 W
[TEMPERATURE DATA] [PRECIPITATION DATA] SYMBOLS USED IN COLUMN 16
AVERAGE MONTHLY: 72.6 TOTAL FOR MONTH: 0.02 1 = FOG OR MIST
DPTR FM NORMAL: 5.2 DPTR FM NORMAL: -4.10 2 = FOG REDUCING VISIBILITY
HIGHEST: 93 ON 31 GRTST 24HR 0.02 ON 9- 9 TO 1/4 MILE OR LESS
LOWEST: 40 ON 1 3 = THUNDER
SNOW, ICE PELLETS, HAIL 4 = ICE PELLETS
TOTAL MONTH: 0.0 INCH 5 = HAIL
GRTST 24HR 0.0 6 = FREEZING RAIN OR DRIZZLE
GRTST DEPTH: 0 7 = DUSTSTORM OR SANDSTORM:
VSBY 1/2 MILE OR LESS
8 = SMOKE OR HAZE
[NO. OF DAYS WITH] [WEATHER - DAYS WITH] 9 = BLOWING SNOW
X = TORNADO
MAX 32 OR BELOW: 0 0.01 INCH OR MORE: 1
MAX 90 OR ABOVE: 4 0.10 INCH OR MORE: 0
MIN 32 OR BELOW: 0 0.50 INCH OR MORE: 0
MIN 0 OR BELOW: 0 1.00 INCH OR MORE: 0
[HDD (BASE 65) ]
TOTAL THIS MO. 15 CLEAR (SCALE 0-3) 23
DPTR FM NORMAL -40 PTCLDY (SCALE 4-7) 8
TOTAL FM JUL 1 226 CLOUDY (SCALE 8-10) 0
DPTR FM NORMAL -214
[CDD (BASE 65) ]
TOTAL THIS MO. 258
DPTR FM NORMAL 129 [PRESSURE DATA]
TOTAL FM JAN 1 532 HIGHEST SLP M ON M
DPTR FM NORMAL 264 LOWEST SLP 29.71 ON 31
[REMARKS]
#FINAL-03-20#
USED VRBF1 FOR MIN TEMP ON 3/16 DUE TO ASOS EQUIPMENT FAILURE