000
CXUS55 KLKN 021808
CLSWMC
CLIMATE REPORT
NATIONAL WEATHER SERVICE ELKO, NV
1108 AM PDT SAT SEP 02 2023
...................................
...THE WINNEMUCCA AIRPORT NV CLIMATE SUMMARY FOR THE SEASON, FROM
6/1/2023 TO 8/31/2023...
CLIMATE NORMAL PERIOD 1991 TO 2020
CLIMATE RECORD PERIOD 1877 TO 2023
WEATHER OBSERVED NORMAL DEPART LAST YEAR`S
VALUE DATE(S) VALUE FROM VALUE
NORMAL
..............................................................
TEMPERATURE (F)
RECORD
HIGH 109 07/11/2002
LOW 23 06/04/2001
06/06/1954
HIGHEST 106 07/22 104 2 105
LOWEST 31 06/20 31 0 26
AVG. MAXIMUM 89.8 91.2 -1.4 93.4
AVG. MINIMUM 51.5 49.9 1.6 52.7
MEAN 70.7 70.5 0.2 73.0
DAYS MAX >= 90 56 57.5 -1.5 72
DAYS MAX <= 32 0 0.0 0.0 0
DAYS MIN <= 32 1 1.4 -0.4 3
DAYS MIN <= 0 0 0.0 0.0 0
PRECIPITATION (INCHES)
RECORD
MAXIMUM 4.49 1913
MINIMUM T 1919
TOTALS 0.92 0.78 0.14 0.72
DAILY AVG. T 0.01 -0.01 0.01
DAYS >= .01 11 7.9 3.1 7
DAYS >= .10 3 2.3 0.7 1
DAYS >= .50 0 0.1 -0.1 0
DAYS >= 1.00 0 0.0 0.0 0
SNOWFALL (INCHES)
RECORDS
TOTAL 3.1 1908
TOTALS 0.0 0.0 0.0 0.0
DAYS >= 1.0 0 0.0 0.0 0
GREATEST
SNOW DEPTH 0 0
DEGREE DAYS
HEATING TOTAL 84 107 -23 90
COOLING TOTAL 639 618 21 858
..............................................................
WIND (MPH)
AVERAGE WIND SPEED 7.7
HIGHEST WIND SPEED/DIRECTION 39/010 DATE 08/04
HIGHEST GUST SPEED/DIRECTION 52/010 DATE 08/04
AVERAGE RH (PERCENT) 37
WEATHER CONDITIONS. NUMBER OF DAYS WITH
THUNDERSTORM 22 MIXED PRECIP 0
HEAVY RAIN 0 RAIN 2
LIGHT RAIN 19 FREEZING RAIN 0
LT FREEZING RAIN 0 HAIL 0
HEAVY SNOW 0 SNOW 0
LIGHT SNOW 0 SLEET 0
FOG 6 FOG W/VIS <= 1/4 MILE 0
HAZE 9
- INDICATES NEGATIVE NUMBERS.
R INDICATES RECORD WAS SET OR TIED.
MM INDICATES DATA IS MISSING.
T INDICATES TRACE AMOUNT.
=====================================================================
...WARMER THAN NORMAL METEOROLOGICAL SUMMER IN WINNEMUCCA...
...WETTER THAN NORMAL METEOROLOGICAL SUMMER IN WINNEMUCCA...
$$