000
CXUS55 KRIW 011010
CF6WRL
PRELIMINARY LOCAL CLIMATOLOGICAL DATA (WS FORM: F-6)
STATION: WORLAND WY
MONTH: OCTOBER
YEAR: 2023
LATITUDE: 43 58 N
LONGITUDE: 107 57 W
TEMPERATURE IN F: :PCPN: SNOW: WIND :SUNSHINE: SKY :PK WND
================================================================================
1 2 3 4 5 6A 6B 7 8 9 10 11 12 13 14 15 16 17 18
12Z AVG MX 2MIN
DY MAX MIN AVG DEP HDD CDD WTR SNW DPTH SPD SPD DIR MIN PSBL S-S WX SPD DR
================================================================================
1 66 42 54 2 11 0 T M M 5.2 23 240 M M 1 30 240
2 58 38 48 -4 17 0 0.07 M M 6.9 22 90 M M 5 13 32 90
3 54 43 49 -2 16 0 0.23 M M 6.7 17 360 M M 9 1 25 360
4 63 33 48 -3 17 0 0.00 M M 3.5 9 130 M M 5 12 13 350
5 64 47 56 6 9 0 0.04 M M 5.9 15 350 M M 8 1 21 360
6 59 36 48 -2 17 0 0.00 M M 6.1 23 340 M M 4 30 340
7 70 31 51 2 14 0 0.00 M M 3.7 12 170 M M 0 12 170
8 74 33 54 5 11 0 0.00 M M 3.0 10 170 M M 0 12 170
9 77 35 56 8 9 0 0.00 M M 4.8 13 150 M M 0 15 160
10 79 34 57 9 8 0 0.00 M M 4.2 15 190 M M 0 19 190
11 67 41 54 7 11 0 0.43 M M 6.5 26 290 M M 6 13 35 320
12 48 39 44 -3 21 0 0.32 M M 16.6 31 330 M M 8 1 46 350
13 51 31 41 -5 24 0 0.00 M M 3.0 12 330 M M 6 17 340
14 60 33 47 1 18 0 0.00 M M 3.1 9 170 M M 3 11 170
15 66 32 49 4 16 0 0.00 M M 4.3 13 170 M M 0 14 170
16 72 33 53 8 12 0 0.00 M M 3.6 12 170 M M 0 1 12 170
17 77 35 56 12 9 0 0.00 M M 8.3 26 320 M M 1 8 37 320
18 67 30 49 5 16 0 0.00 M M 3.9 13 250 M M 0 16 270
19 75 32 54 10 11 0 0.00 M M 4.3 10 130 M M 0 12 130
20 76 35 56 13 9 0 0.00 M M 3.7 10 130 M M 0 12 210
21 64 35 50 7 15 0 0.00 M M 3.6 12 180 M M 0 12 20
22 70 32 51 9 14 0 0.00 M M 3.1 10 310 M M 0 14 130
23 56 41 49 7 16 0 0.01 M M 5.6 17 50 M M 6 1 25 60
24 59 35 47 6 18 0 0.00 M M 4.5 13 10 M M 4 1 17 10
25 38 19 29 -12 36 0 T M M 9.4 20 350 M M 9 1 27 10
26 20 -3 9 -31 56 0 M M M 6.8 15 310 M M 8 12 18 330
27 22 -5 9 -31 56 0 M M M 5.1 12 350 M M 4 17 340
28 24 11 18 -21 47 0 M M M 2.6 9 20 M M 6 1 12 30
29 32 11 22 -17 43 0 T M M 3.4 10 40 M M 3 14 50
30 40 8 24 -14 41 0 M M M 3.4 9 170 M M 1 10 280
31 49 15 32 -6 33 0 M M M 2.5 9 50 M M 0 13 90
================================================================================
SM 1797 912 651 0 1.10 M 157.3 M 97
================================================================================
AV 58.0 29.4 5.1 FASTST M M 3 MAX(MPH)
MISC ----> 31 330 46 350
================================================================================
NOTES:
# LAST OF SEVERAL OCCURRENCES
COLUMN 17 PEAK WIND IN M.P.H.
PRELIMINARY LOCAL CLIMATOLOGICAL DATA (WS FORM: F-6) , PAGE 2
STATION: WORLAND WY
MONTH: OCTOBER
YEAR: 2023
LATITUDE: 43 58 N
LONGITUDE: 107 57 W
[TEMPERATURE DATA] [PRECIPITATION DATA] SYMBOLS USED IN COLUMN 16
AVERAGE MONTHLY: 43.7 TOTAL FOR MONTH: 1.10 1 = FOG OR MIST
DPTR FM NORMAL: -1.3 DPTR FM NORMAL: 0.33 2 = FOG REDUCING VISIBILITY
HIGHEST: 79 ON 10 GRTST 24HR 0.75 ON 11-12 TO 1/4 MILE OR LESS
LOWEST: -5 ON 27 3 = THUNDER
SNOW, ICE PELLETS, HAIL 4 = ICE PELLETS
TOTAL MONTH: M 5 = HAIL
GRTST 24HR M ON M 6 = FREEZING RAIN OR DRIZZLE
GRTST DEPTH: M ON M 7 = DUSTSTORM OR SANDSTORM:
VSBY 1/2 MILE OR LESS
8 = SMOKE OR HAZE
[NO. OF DAYS WITH] [WEATHER - DAYS WITH] 9 = BLOWING SNOW
X = TORNADO
MAX 32 OR BELOW: 4 0.01 INCH OR MORE: 6
MAX 90 OR ABOVE: 0 0.10 INCH OR MORE: 3
MIN 32 OR BELOW: 13 0.50 INCH OR MORE: 0
MIN 0 OR BELOW: 2 1.00 INCH OR MORE: 0
[HDD (BASE 65) ]
TOTAL THIS MO. 651 CLEAR (SCALE 0-3) 16
DPTR FM NORMAL 31 PTCLDY (SCALE 4-7) 11
TOTAL FM JUL 1 782 CLOUDY (SCALE 8-10) 4
DPTR FM NORMAL -79
[CDD (BASE 65) ]
TOTAL THIS MO. 0
DPTR FM NORMAL 0 [PRESSURE DATA]
TOTAL FM JAN 1 440 HIGHEST SLP 30.68 ON 29
DPTR FM NORMAL -88 LOWEST SLP 29.33 ON 11
[REMARKS]
#FINAL-10-23#