000
CXUS56 KMTR 081625
CF6WVI
PRELIMINARY LOCAL CLIMATOLOGICAL DATA (WS FORM: F-6)
STATION: WATSONVILLE AIRPORT
MONTH: JANUARY
YEAR: 2023
LATITUDE: 36 55 N
LONGITUDE: 121 47 W
TEMPERATURE IN F: :PCPN: SNOW: WIND :SUNSHINE: SKY :PK WND
================================================================================
1 2 3 4 5 6A 6B 7 8 9 10 11 12 13 14 15 16 17 18
12Z AVG MX 2MIN
DY MAX MIN AVG DEP HDD CDD WTR SNW DPTH SPD SPD DIR MIN PSBL S-S WX SPD DR
================================================================================
1 60 38 49 -1 16 0 0.01 M M 2.9 8 240 M M 0 1 13 290
2 48 38 43 -7 22 0 0.37 M M 3.1 10 100 M M 7 1 14 90
3 55 41 48 -2 17 0 0.01 M M 3.6 12 250 M M 5 16 270
4 60 42 51 1 14 0 0.82 M M 10.6 24 130 M M 9 1 36 120
5 56 46 51 1 14 0 0.25 M M 10.5 24 210 M M 10 1 35 210
6 59 38 49 -1 16 0 0.00 M M 2.8 8 130 M M 4 1 10 120
7 57 44 51 1 14 0 0.43 M M 4.7 24 140 M M 7 1 35 150
8 62 49 56 6 9 0 0.30 M M 5.8 21 200 M M 9 1 32 160
9 58 50 54 4 11 0 1.87 M M 6.9 30 210 M M 9 1 43 210
10 56 47 52 2 13 0 0.21 M M 13.4 31 220 M M 8 1 51 230
11 56 46 51 1 14 0 0.73 M M 2.3 8 120 M M 10 1 10 120
12 64 47 56 6 9 0 0.00 M M 4.0 12 290 M M 0 20 290
13 58 47 53 2 12 0 0.42 M M 6.2 18 230 M M 8 1 27 240
14 56 47 52 1 13 0 1.50 M M 9.1 29 210 M M 10 1 46 210
15 50 44 47 -4 18 0 0.73 M M 5.3 14 90 M M 9 1 22 90
16 51 41 46 -5 19 0 0.97 M M 4.1 15 290 M M 7 1 24 300
17 56 35 46 -5 19 0 0.00 M M 4.0 10 250 M M 0 15 200
18 55 33 44 -7 21 0 T M M 2.3 9 270 M M 2 14 260
19 55 35 45 -6 20 0 0.17 M M 3.1 12 330 M M 4 1 19 10
20 56 32 44 -7 21 0 0.00 M M 3.9 10 70 M M 0 16 50
21 59 31 45 -6 20 0 0.00 M M 3.6 9 260 M M 0 11 260
22 60 33 47 -4 18 0 0.00 M M 4.9 14 340 M M 0 24 360
23 62 38 50 -1 15 0 0.00 M M 5.0 18 360 M M 0 34 340
24 65 31 48 -3 17 0 0.00 M M 3.9 10 120 M M 0 15 120
25 66 35 51 0 14 0 0.00 M M 2.7 10 160 M M 0 14 120
26 68 36 52 1 13 0 0.00 M M 4.3 10 210 M M 0 15 40
27 61 34 48 -3 17 0 0.00 M M 3.5 8 60 M M 1 12 70
28 55 35 45 -6 20 0 0.00 M M 4.2 12 220 M M 2 17 220
29 55 41 48 -3 17 0 0.05 M M 4.6 16 260 M M 8 1 22 260
30 58 31 45 -6 20 0 0.00 M M 3.2 10 130 M M 1 15 120
31 59 28 44 -7 21 0 0.00 M M 3.2 8 230 M M 0 10 170
================================================================================
SM 1796 1213 504 0 8.84 M 151.7 M 130
================================================================================
AV 57.9 39.1 4.9 FASTST M M 4 MAX(MPH)
MISC ----> 31 220 51 230
================================================================================
NOTES:
# LAST OF SEVERAL OCCURRENCES
COLUMN 17 PEAK WIND IN M.P.H.
PRELIMINARY LOCAL CLIMATOLOGICAL DATA (WS FORM: F-6) , PAGE 2
STATION: WATSONVILLE AIRPORT
MONTH: JANUARY
YEAR: 2023
LATITUDE: 36 55 N
LONGITUDE: 121 47 W
[TEMPERATURE DATA] [PRECIPITATION DATA] SYMBOLS USED IN COLUMN 16
AVERAGE MONTHLY: 48.5 TOTAL FOR MONTH: 8.84 1 = FOG OR MIST
DPTR FM NORMAL: -2.2 DPTR FM NORMAL: 4.24 2 = FOG REDUCING VISIBILITY
HIGHEST: 68 ON 26 GRTST 24HR 2.16 ON 8- 9 TO 1/4 MILE OR LESS
LOWEST: 28 ON 31 3 = THUNDER
SNOW, ICE PELLETS, HAIL 4 = ICE PELLETS
TOTAL MONTH: M 5 = HAIL
GRTST 24HR M ON M 6 = FREEZING RAIN OR DRIZZLE
GRTST DEPTH: M ON M 7 = DUSTSTORM OR SANDSTORM:
VSBY 1/2 MILE OR LESS
8 = SMOKE OR HAZE
[NO. OF DAYS WITH] [WEATHER - DAYS WITH] 9 = BLOWING SNOW
X = TORNADO
MAX 32 OR BELOW: 0 0.01 INCH OR MORE: 16
MAX 90 OR ABOVE: 0 0.10 INCH OR MORE: 13
MIN 32 OR BELOW: 5 0.50 INCH OR MORE: 6
MIN 0 OR BELOW: 0 1.00 INCH OR MORE: 2
[HDD (BASE 65) ]
TOTAL THIS MO. 504 CLEAR (SCALE 0-3) 15
DPTR FM NORMAL 61 PTCLDY (SCALE 4-7) 8
TOTAL FM JUL 1 1827 CLOUDY (SCALE 8-10) 8
DPTR FM NORMAL 215
[CDD (BASE 65) ]
TOTAL THIS MO. 0
DPTR FM NORMAL 0 [PRESSURE DATA]
TOTAL FM JAN 1 0 HIGHEST SLP 30.45 ON 26
DPTR FM NORMAL 0 LOWEST SLP 29.31 ON 16
[REMARKS]
#FINAL-01-23#