000
CXUS56 KMTR 011000
CF6WVI
PRELIMINARY LOCAL CLIMATOLOGICAL DATA (WS FORM: F-6)
STATION: WATSONVILLE AIRPORT
MONTH: FEBRUARY
YEAR: 2024
LATITUDE: 36 55 N
LONGITUDE: 121 47 W
TEMPERATURE IN F: :PCPN: SNOW: WIND :SUNSHINE: SKY :PK WND
================================================================================
1 2 3 4 5 6A 6B 7 8 9 10 11 12 13 14 15 16 17 18
12Z AVG MX 2MIN
DY MAX MIN AVG DEP HDD CDD WTR SNW DPTH SPD SPD DIR MIN PSBL S-S WX SPD DR
================================================================================
1 57 48 53 2 12 0 0.41 M M 2.1 12 290 M M 9 18 18 260
2 56 42 49 -2 16 0 0.39 M M 4.1 16 270 M M 6 1 24 260
3 54 42 48 -4 17 0 0.61 M M 4.1 15 90 M M 7 1 23 90
4 62 49 56 4 9 0 0.55 M M 16.7 36 190 M M 10 1 55 200
5 58 44 51 -1 14 0 0.64 M M 4.2 20 210 M M 9 13 29 220
6 58 41 50 -2 15 0 T M M 3.4 13 270 M M 6 12 19 300
7 52 40 46 -6 19 0 0.67 M M 3.9 20 210 M M 8 1 28 310
8 55 36 46 -6 19 0 0.07 M M 3.5 13 220 M M 3 1 16 230
9 58 36 47 -5 18 0 0.00 M M 3.5 12 240 M M 1 17 260
10 59 36 48 -4 17 0 0.00 M M 3.8 10 220 M M 0 8 15 270
11 61 35 48 -4 17 0 0.00 M M 3.5 12 260 M M 0 14 260
12 63 36 50 -2 15 0 0.00 M M 2.9 10 250 M M 0 13 250
13 58 38 48 -4 17 0 0.00 M M 3.7 12 250 M M 1 1 15 250
14 61 45 53 1 12 0 0.61 M M 3.6 18 210 M M 10 1 28 210
15 65 43 54 2 11 0 0.00 M M 3.0 10 260 M M 4 1 12 250
16 63 45 54 2 11 0 0.00 M M 2.5 8 260 M M 0 11 260
17 57 47 52 0 13 0 0.45 M M 4.0 18 140 M M 7 1 29 150
18 67 45 56 4 9 0 0.32 M M 8.5 21 150 M M 7 12 31 140
19 64 52 58 6 7 0 0.03 M M 11.7 26 220 M M 7 1 38 210
20 62 47 55 3 10 0 0.39 M M 1.9 25 260 M M 7 1 37 260
21 59 46 53 1 12 0 0.12 M M 2.6 10 260 M M 5 12 M M
22 63 41 52 0 13 0 0.00 M M 2.8 10 260 M M 0 13 240
23 70 44 57 5 8 0 0.00 M M 3.8 14 110 M M 0 20 120
24 74 46 60 8 5 0 0.00 M M 3.2 13 270 M M 0 17 250
25 M M M M M M 0.00 M M 2.4 8 240 M M 4 M M
26 M M M M M M M M M M M M M M M M M
27 M M M M M M M M M M M M M M M M M
28 66 37 52 0 13 0 0.00 M M 3.2 13 230 M M 0 17 240
29 60 44 52 -1 13 0 0.21 M M 9.6 25 220 M M 9 1 35 220
================================================================================
SM 1582 1105 342 0 5.47 M 122.2 M 120
================================================================================
AV 60.8 42.5 4.5 FASTST M M 4 MAX(MPH)
MISC ----> 36 190 55 200
================================================================================
NOTES:
# LAST OF SEVERAL OCCURRENCES
COLUMN 17 PEAK WIND IN M.P.H.
PRELIMINARY LOCAL CLIMATOLOGICAL DATA (WS FORM: F-6) , PAGE 2
STATION: WATSONVILLE AIRPORT
MONTH: FEBRUARY
YEAR: 2024
LATITUDE: 36 55 N
LONGITUDE: 121 47 W
[TEMPERATURE DATA] [PRECIPITATION DATA] SYMBOLS USED IN COLUMN 16
AVERAGE MONTHLY: 51.7 TOTAL FOR MONTH: 5.47 1 = FOG OR MIST
DPTR FM NORMAL: -0.2 DPTR FM NORMAL: 1.45 2 = FOG REDUCING VISIBILITY
HIGHEST: 74 ON 24 GRTST 24HR 1.07 ON 31- 1 TO 1/4 MILE OR LESS
LOWEST: 35 ON 11 3 = THUNDER
SNOW, ICE PELLETS, HAIL 4 = ICE PELLETS
TOTAL MONTH: M 5 = HAIL
GRTST 24HR M ON M 6 = FREEZING RAIN OR DRIZZLE
GRTST DEPTH: M ON M 7 = DUSTSTORM OR SANDSTORM:
VSBY 1/2 MILE OR LESS
8 = SMOKE OR HAZE
[NO. OF DAYS WITH] [WEATHER - DAYS WITH] 9 = BLOWING SNOW
X = TORNADO
MAX 32 OR BELOW: 0 0.01 INCH OR MORE: 14
MAX 90 OR ABOVE: 0 0.10 INCH OR MORE: 12
MIN 32 OR BELOW: 0 0.50 INCH OR MORE: 5
MIN 0 OR BELOW: 0 1.00 INCH OR MORE: 0
[HDD (BASE 65) ]
TOTAL THIS MO. 342 CLEAR (SCALE 0-3) 11
DPTR FM NORMAL -25 PTCLDY (SCALE 4-7) 11
TOTAL FM JUL 1 1666 CLOUDY (SCALE 8-10) 7
DPTR FM NORMAL -337
[CDD (BASE 65) ]
TOTAL THIS MO. 0
DPTR FM NORMAL 0 [PRESSURE DATA]
TOTAL FM JAN 1 0 HIGHEST SLP M ON M
DPTR FM NORMAL 0 LOWEST SLP 29.39 ON 4
[REMARKS]
#FINAL-02-24#