000
CXAK56 PAJK 011410
CF6YAK
PRELIMINARY LOCAL CLIMATOLOGICAL DATA (WS FORM: F-6)
STATION: YAKUTAT
MONTH: JANUARY
YEAR: 2022
LATITUDE: 59 31 N
LONGITUDE: 139 40 W
TEMPERATURE IN F: :PCPN: SNOW: WIND :SUNSHINE: SKY :PK WND
================================================================================
1 2 3 4 5 6A 6B 7 8 9 10 11 12 13 14 15 16 17 18
12Z AVG MX 2MIN
DY MAX MIN AVG DEP HDD CDD WTR SNW DPTH SPD SPD DIR MIN PSBL S-S WX SPD DR
================================================================================
1 34 23 29 0 36 0 0.10 M M 11.7 23 60 M M 7 1 29 50
2 24 16 20 -9 45 0 T M M 20.5 31 60 M M 2 8 40 50
3 21 12 17 -12 48 0 T M M 15.5 33 70 M M 0 89 40 70
4 14 6 10 -19 55 0 0.00 M M 9.7 20 100 M M 0 29 90
5 8 -9 0 -28 65 0 0.00 M M 0.3 5 10 M M 0 18 7 40
6 6 -12 -3 -31 68 0 0.00 M M 0.5 5 40 M M 0 18 5 40
7 24 -5 10 -18 55 0 0.00 M M 7.9 23 70 M M 4 28 70
8 23 0 12 -16 53 0 0.00 M M 6.4 17 70 M M 1 20 60
9 35 23 29 1 36 0 1.98 M M 17.4 30 60 M M 10 126 40 60
10 39 34 37 9 28 0 0.84 M M 8.4 17 60 M M 10 1 21 60
11 38 31 35 7 30 0 0.32 M M 3.4 17 90 M M 10 2 25 90
12 38 31 35 7 30 0 0.35 M M 6.2 13 80 M M 10 2 16 80
13 42 35 39 11 26 0 0.66 M M 12.1 32 120 M M 10 1 49 110
14 39 32 36 8 29 0 0.29 M M 4.3 14 80 M M 9 1 17 70
15 39 28 34 6 31 0 0.34 M M 3.9 8 170 M M 9 1 12 170
16 36 22 29 1 36 0 0.54 M M 1.6 12 300 M M 10 2 16 280
17 28 15 22 -6 43 0 0.00 M M 0.7 6 20 M M 2 12 6 110
18 28 15 22 -6 43 0 0.00 M M 1.9 6 60 M M 6 6 40
19 35 28 32 4 33 0 0.44 M M 7.2 14 60 M M 10 1 16 60
20 38 33 36 8 29 0 0.44 M M 5.3 17 110 M M 10 12 24 100
21 41 32 37 9 28 0 2.75 M M 14.4 26 120 M M 10 1 36 120
22 41 37 39 10 26 0 1.82 M M 10.5 23 110 M M 10 1 32 110
23 40 32 36 7 29 0 0.30 M M 4.6 16 220 M M 10 1 19 220
24 40 33 37 8 28 0 1.65 M M 9.6 17 120 M M 9 1 26 120
25 38 34 36 7 29 0 0.51 M M 3.7 8 200 M M 10 1 M M
26 36 32 34 5 31 0 T M M 3.8 10 70 M M 9 1 12 70
27 40 36 38 9 27 0 1.51 M M 15.2 28 110 M M 10 1 42 110
28 40 33 37 8 28 0 2.13 M M 12.4 22 120 M M 10 1 32 120
29 38 28 33 4 32 0 1.46 M M 9.5 20 80 M M 9 1 31 80
30 30 16 23 -6 42 0 1.46 M M 0.8 24 80 M M 3 1 31 80
31 27 16 22 -8 43 0 T M M 2.1 7 80 M M 7 8 80
================================================================================
SM 1000 687 1162 0 19.89 M 231.5 M 217
================================================================================
AV 32.3 22.2 7.5 FASTST M M 7 MAX(MPH)
MISC ----> 33 70 49 110
================================================================================
NOTES:
# LAST OF SEVERAL OCCURRENCES
COLUMN 17 PEAK WIND IN M.P.H.
PRELIMINARY LOCAL CLIMATOLOGICAL DATA (WS FORM: F-6) , PAGE 2
STATION: YAKUTAT
MONTH: JANUARY
YEAR: 2022
LATITUDE: 59 31 N
LONGITUDE: 139 40 W
[TEMPERATURE DATA] [PRECIPITATION DATA] SYMBOLS USED IN COLUMN 16
AVERAGE MONTHLY: 27.2 TOTAL FOR MONTH: 19.89 1 = FOG OR MIST
DPTR FM NORMAL: -1.4 DPTR FM NORMAL: 7.48 2 = FOG REDUCING VISIBILITY
HIGHEST: 42 ON 13 GRTST 24HR 2.75 ON 21-21 TO 1/4 MILE OR LESS
LOWEST: -12 ON 6 3 = THUNDER
SNOW, ICE PELLETS, HAIL 4 = ICE PELLETS
TOTAL MONTH: M 5 = HAIL
GRTST 24HR M ON M 6 = FREEZING RAIN OR DRIZZLE
GRTST DEPTH: M ON M 7 = DUSTSTORM OR SANDSTORM:
VSBY 1/2 MILE OR LESS
8 = SMOKE OR HAZE
[NO. OF DAYS WITH] [WEATHER - DAYS WITH] 9 = BLOWING SNOW
X = TORNADO
MAX 32 OR BELOW: 11 0.01 INCH OR MORE: 20
MAX 90 OR ABOVE: 0 0.10 INCH OR MORE: 19
MIN 32 OR BELOW: 23 0.50 INCH OR MORE: 12
MIN 0 OR BELOW: 4 1.00 INCH OR MORE: 8
[HDD (BASE 65) ]
TOTAL THIS MO. 1162 CLEAR (SCALE 0-3) 8
DPTR FM NORMAL 34 PTCLDY (SCALE 4-7) 4
TOTAL FM JUL 1 5337 CLOUDY (SCALE 8-10) 19
DPTR FM NORMAL 400
[CDD (BASE 65) ]
TOTAL THIS MO. 0
DPTR FM NORMAL 0 [PRESSURE DATA]
TOTAL FM JAN 1 0 HIGHEST SLP 30.49 ON 5
DPTR FM NORMAL 0 LOWEST SLP 28.66 ON 10
[REMARKS]
#FINAL-01-22#