921
CXUS56 KPDT 011910
CF6YKM
PRELIMINARY LOCAL CLIMATOLOGICAL DATA (WS FORM: F-6)
STATION: YAKIMA WA
MONTH: DECEMBER
YEAR: 2020
LATITUDE: 46 34 N
LONGITUDE: 120 32 W
TEMPERATURE IN F: :PCPN: SNOW: WIND :SUNSHINE: SKY :PK WND
================================================================================
1 2 3 4 5 6A 6B 7 8 9 10 11 12 13 14 15 16 17 18
12Z AVG MX 2MIN
DY MAX MIN AVG DEP HDD CDD WTR SNW DPTH SPD SPD DIR MIN PSBL S-S WX SPD DR
================================================================================
1 47 24 36 4 29 0 0.00 M M 4.7 10 270 M M 0 11 270
2 47 22 35 4 30 0 0.00 M M 7.0 13 340 M M 0 19 320
3 43 18 31 0 34 0 0.00 M M 3.4 8 280 M M 1 M M
4 42 18 30 0 35 0 0.00 M M 3.7 9 290 M M 0 18 11 290
5 27 15 21 -9 44 0 T M M 3.0 9 80 M M 6 128 11 80
6 34 23 29 -1 36 0 0.00 M M 2.0 9 150 M M 9 18 12 140
7 32 28 30 0 35 0 0.00 M M 2.1 6 260 M M 10 1 7 250
8 37 30 34 5 31 0 0.00 M M 1.8 9 270 M M 9 18 11 250
9 45 25 35 6 30 0 T M M 2.3 10 260 M M 5 1248 12 100
10 35 22 29 0 36 0 0.00 M M 2.7 10 280 M M 6 12 290
11 41 27 34 5 31 0 T M M 2.3 9 250 M M 7 1 13 260
12 41 19 30 2 35 0 0.00 M M 3.0 9 280 M M 5 10 280
13 36 31 34 6 31 0 0.02 M M 1.9 8 240 M M 10 1 12 260
14 35 28 32 4 33 0 0.00 M M 2.6 7 260 M M 10 1 8 250
15 39 25 32 4 33 0 0.02 M M 2.6 10 290 M M 7 1 13 290
16 37 25 31 3 34 0 0.20 M M 3.2 9 310 M M 4 12 13 280
17 52 30 41 13 24 0 0.00 M M 4.4 18 290 M M 3 12 25 280
18 45 31 38 10 27 0 T M M 4.5 30 190 M M 5 41 190
19 52 33 43 15 22 0 T M M 7.2 30 310 M M 4 41 300
20 55 38 47 19 18 0 T M M 6.5 26 290 M M 6 37 280
21 58 40 49 21 16 0 0.08 M M 11.4 37 220 M M 7 1 53 210
22 49 23 36 9 29 0 0.00 M M 8.3 37 280 M M 1 50 280
23 39 18 29 2 36 0 0.00 M M 4.2 9 260 M M 0 11 250
24 38 18 28 0 37 0 0.00 M M 3.9 12 260 M M 0 13 260
25 34 22 28 0 37 0 0.21 M M 2.3 8 250 M M 6 12 10 240
26 31 27 29 1 36 0 0.00 M M 2.2 8 220 M M 10 1 10 240
27 35 21 28 0 37 0 0.00 M M 4.0 12 260 M M 6 128 14 250
28 37 28 33 5 32 0 0.00 M M 1.2 7 260 M M 10 1 9 240
29 35 31 33 5 32 0 T M M 1.4 7 110 M M 10 1 9 110
30 34 30 32 4 33 0 0.05 M M 1.3 6 240 M M 10 1 8 250
31 39 27 33 5 32 0 0.00 M M 1.8 9 270 M M 4 128 10 270
================================================================================
SM 1251 797 985 0 0.58 M 112.9 M 171
================================================================================
AV 40.4 25.7 3.6 FASTST M M 6 MAX(MPH)
MISC ----> # 37 220 53 210
================================================================================
NOTES:
# LAST OF SEVERAL OCCURRENCES
COLUMN 17 PEAK WIND IN M.P.H.
PRELIMINARY LOCAL CLIMATOLOGICAL DATA (WS FORM: F-6) , PAGE 2
STATION: YAKIMA WA
MONTH: DECEMBER
YEAR: 2020
LATITUDE: 46 34 N
LONGITUDE: 120 32 W
[TEMPERATURE DATA] [PRECIPITATION DATA] SYMBOLS USED IN COLUMN 16
AVERAGE MONTHLY: 33.0 TOTAL FOR MONTH: 0.58 1 = FOG OR MIST
DPTR FM NORMAL: 4.5 DPTR FM NORMAL: -0.95 2 = FOG REDUCING VISIBILITY
HIGHEST: 58 ON 21 GRTST 24HR 0.21 ON 25-25 TO 1/4 MILE OR LESS
LOWEST: 15 ON 5 3 = THUNDER
SNOW, ICE PELLETS, HAIL 4 = ICE PELLETS
TOTAL MONTH: M 5 = HAIL
GRTST 24HR M ON M 6 = FREEZING RAIN OR DRIZZLE
GRTST DEPTH: M ON M 7 = DUSTSTORM OR SANDSTORM:
VSBY 1/2 MILE OR LESS
8 = SMOKE OR HAZE
[NO. OF DAYS WITH] [WEATHER - DAYS WITH] 9 = BLOWING SNOW
X = TORNADO
MAX 32 OR BELOW: 3 0.01 INCH OR MORE: 6
MAX 90 OR ABOVE: 0 0.10 INCH OR MORE: 2
MIN 32 OR BELOW: 28 0.50 INCH OR MORE: 0
MIN 0 OR BELOW: 0 1.00 INCH OR MORE: 0
[HDD (BASE 65) ]
TOTAL THIS MO. 985 CLEAR (SCALE 0-3) 8
DPTR FM NORMAL -143 PTCLDY (SCALE 4-7) 14
TOTAL FM JUL 1 2261 CLOUDY (SCALE 8-10) 9
DPTR FM NORMAL -400
[CDD (BASE 65) ]
TOTAL THIS MO. 0
DPTR FM NORMAL 0 [PRESSURE DATA]
TOTAL FM JAN 1 728 HIGHEST SLP 30.67 ON 23
DPTR FM NORMAL 265 LOWEST SLP 29.44 ON 21
[REMARKS]
#FINAL-12-20#