000
CXUS51 KCLE 061501
CLSYNG
CLIMATE REPORT
NATIONAL WEATHER SERVICE CLEVELAND OH
951 AM EST FRI MAR 6 2020
...................................
...THE YOUNGSTOWN OH CLIMATE SUMMARY FOR THE SEASON, FROM
12/1/2019 TO 2/29/2020...
CLIMATE NORMAL PERIOD 1981 TO 2010
CLIMATE RECORD PERIOD 1897 TO 2020
WEATHER OBSERVED NORMAL DEPART
VALUE DATE(S) VALUE FROM
NORMAL
................................................
TEMPERATURE (F)
RECORD
HIGH 76 12/03/1982
LOW -22 01/19/1994
HIGHEST 70 01/11
LOWEST 1 02/15
AVG. MAXIMUM 40.8 35.0 5.8
AVG. MINIMUM 26.6 21.3 5.3
MEAN 33.7 28.1 5.6
DAYS MAX >= 90 0 0.0
DAYS MAX <= 32 16 37.0
DAYS MIN <= 32 73 75.1
DAYS MIN <= 0 0 3.6
PRECIPITATION (INCHES)
RECORD
MAXIMUM 15.88 1950
MINIMUM 3.84 1922
TOTALS 10.52 7.69 2.83
DAYS >= .01 50 48.6
DAYS >= .10 29 21.1
DAYS >= .50 6 3.4
DAYS >= 1.00 0 0.6
SNOWFALL (INCHES)
RECORDS
TOTAL 103.7 2011
TOTALS 34.1 44.4
DAYS >= TRACE 52
DAYS >= 1.0 13 14.5
DEGREE_DAYS
HEATING TOTAL 2820 3318 -498
COOLING TOTAL 0 0 0
.................................................
WIND (MPH)
HIGHEST GUST SPEED/DIRECTION 60/230 DATE 01/12
SKY COVER
POSSIBLE SUNSHINE (PERCENT) MM
NUMBER OF DAYS FAIR 4
NUMBER OF DAYS PC 20
NUMBER OF DAYS CLOUDY 67
WEATHER CONDITIONS. NUMBER OF DAYS WITH
THUNDERSTORM 1 MIXED PRECIP 0
HEAVY RAIN 2 RAIN 7
LIGHT RAIN 34 FREEZING RAIN 3
LT FREEZING RAIN 18 HAIL 0
HEAVY SNOW 3 SNOW 24
LIGHT SNOW 46 SLEET 12
FOG 55 FOG W/VIS <= 1/4 MILE 12
HAZE 8
- INDICATES NEGATIVE NUMBERS.
R INDICATES RECORD WAS SET OR TIED.
MM INDICATES DATA IS MISSING.
T INDICATES TRACE AMOUNT.
$$