000
CXUS51 KPBZ 011640
CLSZZV
CLIMATE REPORT
NATIONAL WEATHER SERVICE PITTSBURGH PA
1140 AM EST FRI MAR 01 2024
...................................
...THE ZANESVILLE OH CLIMATE SUMMARY FOR THE SEASON, FROM
12/1/2023 TO 2/29/2024...
CLIMATE NORMAL PERIOD 1991 TO 2020
CLIMATE RECORD PERIOD 1895 TO 2024
WEATHER OBSERVED NORMAL DEPART LAST YEAR`S
VALUE DATE(S) VALUE FROM VALUE DATE(S)
NORMAL
................................................................
TEMPERATURE (F)
RECORD
HIGH 78 02/20/2018
LOW -25 01/19/1994
HIGHEST 70 02/27 74 -4 75 02/23
LOWEST 5 01/22 5 0 -5 12/23
AVG. MAXIMUM 46.8 41.0 5.8 47.6
AVG. MINIMUM 29.7 24.1 5.6 29.6
MEAN 38.2 32.5 5.7 38.6
DAYS MAX >= 90 0 0.0 0.0 0
DAYS MAX <= 32 10 24.2 -14.2 9
DAYS MIN <= 32 52 70.8 -18.8 56
DAYS MIN <= 0 0 3.3 -3.3 2
PRECIPITATION (INCHES)
RECORD
MAXIMUM 15.44 1903
MINIMUM 2.18 1901
TOTALS 7.97 7.74 0.23 6.63
DAILY AVG. 0.09 NAN NAN 0.07
DAYS >= .01 34 36.0 -2.0 41
DAYS >= .10 17 18.1 -1.1 17
DAYS >= .50 5 4.8 0.2 5
DAYS >= 1.00 0 1.1 -1.1 0
GREATEST
24 HR. TOTAL 0.97
STORM TOTAL 0.97
(MM/DD(HH))
DEGREE DAYS
HEATING TOTAL 2415 2923 -508 2250
SINCE 7/1 3345 4051 -706 MM
COOLING TOTAL 0 0 0 0
SINCE 1/1 0 0 0 MM
................................................................
WIND (MPH)
AVERAGE WIND SPEED 6.2
HIGHEST WIND SPEED/DIRECTION 30/260 DATE 12/03
HIGHEST GUST SPEED/DIRECTION 49/260 DATE 12/03
AVERAGE RH (PERCENT) 70
WEATHER CONDITIONS. NUMBER OF DAYS WITH
THUNDERSTORM 3 MIXED PRECIP 0
HEAVY RAIN 5 RAIN 11
LIGHT RAIN 30 FREEZING RAIN 0
LT FREEZING RAIN 0 HAIL 0
HEAVY SNOW 0 SNOW 4
LIGHT SNOW 21 SLEET 0
FOG 42 FOG W/VIS <= 1/4 MILE 7
HAZE 9
- INDICATES NEGATIVE NUMBERS.
R INDICATES RECORD WAS SET OR TIED.
MM INDICATES DATA IS MISSING.
T INDICATES TRACE AMOUNT.
$$