000
CXUS54 KHGX 291415
CF611R
PRELIMINARY LOCAL CLIMATOLOGICAL DATA (WS FORM: F-6)

                                          STATION:   BRENHAM
                                          MONTH:     DECEMBER
                                          YEAR:      2014
                                          LATITUDE:   30 13 N
                                          LONGITUDE:  96 22 W

  TEMPERATURE IN F:       :PCPN:    SNOW:  WIND      :SUNSHINE: SKY     :PK WND
================================================================================
1   2   3   4   5  6A  6B    7    8   9   10  11  12  13   14  15   16   17  18
                                     12Z  AVG MX 2MIN
DY MAX MIN AVG DEP HDD CDD  WTR  SNW DPTH SPD SPD DIR MIN PSBL S-S WX    SPD DR
================================================================================

 1  66  45  56   M   9   0 0.00  0.0    0  9.2 21 340   M    M  10 12     29 340
 2  53  41  47   M  18   0 0.00  0.0    0  6.5 15 340   M    M  10 1      21 340
 3  70  51  61   M   4   0 0.00  0.0    0  2.9  9 140   M    M   6 1       M  M
 4  77  56  67   M   0   2 0.00  0.0    0  4.0 14 140   M    M   7 12      M  M
 5  81  67  74   M   0   9 0.08  0.0    0  6.8 14 200   M    M   6 1      21 200
 6  72  55  64   M   1   0 0.00  0.0    0  6.5 14 360   M    M   6 1      21 350
 7  60  55  58   M   7   0 0.00  0.0    0  4.1  8 360   M    M  10         M  M
 8  65  47  56   M   9   0 0.00  0.0    0  4.3  9 340   M    M   2 1       M  M
 9  68  43  56   M   9   0 0.00  0.0    0  1.2  5  50   M    M   0 1       M  M
10  67  40  54   M  11   0 0.00  0.0    0  2.1  7 150   M    M   0 18      M  M
11  70  58  64   M   1   0 0.05  0.0    0  4.6 10 170   M    M   3 1       M  M
12  77  58  68   M   0   3 0.00  0.0    0  5.9 15 190   M    M   1        18 190
13  75  53  64   M   1   0 0.00  0.0    0  4.8 10 130   M    M   5 12      M  M
14  78  59  69   M   0   4 0.02  0.0    0  9.2 16 160   M    M   6 1      27 160
15  77  55  66   M   0   1 0.00  0.0    0  8.8 14 190   M    M   4        21 190
16  63  45  54   M  11   0 0.00  0.0    0  7.0 15  10   M    M   0        20  10
17  61  45  53   M  12   0 0.00  0.0    0  4.7 13 140   M    M   4         M  M
18  65  53  59   M   6   0 0.13  0.0    0  4.7  8 330   M    M  10 138     M  M
19  61  52  57   M   8   0 2.13  0.0    0 10.4 20 350   M    M   9 13     21  20
20  54  50  52   M  13   0 0.00  0.0    0  5.6 10 340   M    M  10 1       M  M
21  59  50  55   M  10   0 0.00  0.0    0  2.5 10 160   M    M  10 1       M  M
22  69  58  64   M   1   0 0.00  0.0    0  8.2 18 210   M    M   4 1      22 210
23  58  47  53   M  12   0 0.00  0.0    0 13.2 23 360   M    M   3        32 360
24  57  36  47   M  18   0 0.00  0.0    0  9.2 17 320   M    M   1        28 310
25  66  34  50   M  15   0 0.00  0.0    0  6.4 17 180   M    M   1        30 180
26  69  56  63   M   2   0 0.02  0.0    0  6.8  9 170   M    M   8 1      17 160
27  71  43  57   M   8   0 1.08  0.0    0 12.2 23 340   M    M   9 13     28 340
28  43  36  40   M  25   0 0.42    M    0  9.0 17 340   M    M   7 1      23 330
================================================================================
SM 1852 1388       211  19  3.93     0.0 180.8          M      152
================================================================================
AV 66.1 49.6                               6.5 FASTST   M    M   5    MAX(MPH)
                                 MISC ---->  # 23 360                 32    M
================================================================================
NOTES:
# LAST OF SEVERAL OCCURRENCES

COLUMN 17 PEAK WIND IN M.P.H.

PRELIMINARY LOCAL CLIMATOLOGICAL DATA (WS FORM: F-6) , PAGE 2

                                          STATION:  BRENHAM
                                          MONTH:    DECEMBER
                                          YEAR:     2014
                                          LATITUDE:   30 13 N
                                          LONGITUDE:  96 22 W

[TEMPERATURE DATA]      [PRECIPITATION DATA]       SYMBOLS USED IN COLUMN 16

AVERAGE MONTHLY: 57.9   TOTAL FOR MONTH:   3.93    1 = FOG OR MIST
DPTR FM NORMAL:     M   DPTR FM NORMAL:       M    2 = FOG REDUCING VISIBILITY
HIGHEST:    81 ON  5    GRTST 24HR  2.13 ON 19-19      TO 1/4 MILE OR LESS
LOWEST:     34 ON 25                               3 = THUNDER
                        SNOW, ICE PELLETS, HAIL    4 = ICE PELLETS
                        TOTAL MONTH:   0.0 INCH    5 = HAIL
                        GRTST 24HR     0.0         6 = FREEZING RAIN OR DRIZZLE
                        GRTST DEPTH:   0           7 = DUSTSTORM OR SANDSTORM:
                                                       VSBY 1/2 MILE OR LESS
                                                   8 = SMOKE OR HAZE
[NO. OF DAYS WITH]      [WEATHER - DAYS WITH]      9 = BLOWING SNOW
                                                   X = TORNADO
MAX 32 OR BELOW:   0    0.01 INCH OR MORE:   8
MAX 90 OR ABOVE:   0    0.10 INCH OR MORE:   4
MIN 32 OR BELOW:   0    0.50 INCH OR MORE:   2
MIN  0 OR BELOW:   0    1.00 INCH OR MORE:   2

[HDD (BASE 65) ]
TOTAL THIS MO.   211    CLEAR  (SCALE 0-3)   8
DPTR FM NORMAL     M    PTCLDY (SCALE 4-7)  11
TOTAL FM JUL 1   473    CLOUDY (SCALE 8-10)  9
DPTR FM NORMAL     M

[CDD (BASE 65) ]
TOTAL THIS MO.    19
DPTR FM NORMAL     M    [PRESSURE DATA]
TOTAL FM JAN 1  3016    HIGHEST SLP M ON M
DPTR FM NORMAL     M    LOWEST  SLP M ON M

[REMARKS]
