000
CXUS54 KHGX 241306
CF611R
PRELIMINARY LOCAL CLIMATOLOGICAL DATA (WS FORM: F-6)

                                          STATION:   BRENHAM
                                          MONTH:     MARCH
                                          YEAR:      2017
                                          LATITUDE:   30 13 N
                                          LONGITUDE:  96 22 W

  TEMPERATURE IN F:       :PCPN:    SNOW:  WIND      :SUNSHINE: SKY     :PK WND
================================================================================
1   2   3   4   5  6A  6B    7    8   9   10  11  12  13   14  15   16   17  18
                                     12Z  AVG MX 2MIN
DY MAX MIN AVG DEP HDD CDD  WTR  SNW DPTH SPD SPD DIR MIN PSBL S-S WX    SPD DR
================================================================================

 1  76  53  65   M   0   0 0.00  0.0    0 10.5 18 350   M    M   5 1      23  20
 2  67  43  55   M  10   0 0.00  0.0    0  5.7 10  50   M    M   0        18  60
 3  71  40  56   M   9   0 0.00  0.0    0  5.2 12 140   M    M   1        17 130
 4  62  54  58   M   7   0 0.17  0.0    0  5.5 12 110   M    M  10        20 100
 5  73  58  66   M   0   1 0.43  0.0    0  8.0 12 160   M    M  10 1      18 130
 6  82  70  76   M   0  11 0.06  0.0    0 13.1 21 190   M    M   9        29 170
 7  79  62  71   M   0   6 0.04  0.0    0  6.6 15 350   M    M   9        18 350
 8  77  58  68   M   0   3 0.00  0.0    0  5.1  9 110   M    M  10 1       M  M
 9  78  66  72   M   0   7 0.40  0.0    0  4.4 10 150   M    M   8 123     M  M
10  78  64  71   M   0   6 0.01  0.0    0  1.7  6 200   M    M   5 13      M  M
11  71  63  67   M   0   2 0.34  0.0    0  4.2 13  90   M    M   9        18  90
12  65  47  56   M   9   0 0.00  0.0    0  6.5 12  10   M    M   9        20  10
13  68  48  58   M   7   0 0.00  0.0    0  5.9 13 350   M    M   5 1      18 360
14  69  39  54   M  11   0 0.00  0.0    0  1.8  7 350   M    M   0         M  M
15  72  47  60   M   5   0 0.00  0.0    0  5.1 10 130   M    M   1 1       M  M
16  78  54  66   M   0   1 0.00  0.0    0  7.8 14 170   M    M   8 1      20 160
17  81  67  74   M   0   9 0.00  0.0    0 11.1 18 190   M    M   8        24 180
18  83  62  73   M   0   8 0.00  0.0    0  3.1  8 180   M    M   6 12      M  M
19  84  65  75   M   0  10 0.00  0.0    0  6.4 12 190   M    M   5 1      18 190
20  85  66  76   M   0  11 0.00  0.0    0  8.5 13 190   M    M   4        18 190
21  84  61  73   M   0   8 0.00  0.0    0  7.0 13 160   M    M   3 12     20 180
22  84  67  76   M   0  11 0.00  0.0    0  6.5 14 190   M    M   6        18 160
23  85  64  75   M   0  10 0.00  0.0    0 10.7 23 180   M    M   4 12     35 190
================================================================================
SM 1752 1318        58 104  1.45     0.0 150.4          M      135
================================================================================
AV 76.2 57.3                               6.5 FASTST   M    M   6    MAX(MPH)
                                 MISC ---->  # 23 180               # 35  190
================================================================================
NOTES:
# LAST OF SEVERAL OCCURRENCES

COLUMN 17 PEAK WIND IN M.P.H.

PRELIMINARY LOCAL CLIMATOLOGICAL DATA (WS FORM: F-6) , PAGE 2

                                          STATION:  BRENHAM
                                          MONTH:    MARCH
                                          YEAR:     2017
                                          LATITUDE:   30 13 N
                                          LONGITUDE:  96 22 W

[TEMPERATURE DATA]      [PRECIPITATION DATA]       SYMBOLS USED IN COLUMN 16

AVERAGE MONTHLY: 66.7   TOTAL FOR MONTH:   1.45    1 = FOG OR MIST
DPTR FM NORMAL:     M   DPTR FM NORMAL:       M    2 = FOG REDUCING VISIBILITY
HIGHEST:    85 ON 23,20 GRTST 24HR  0.43 ON  5- 5      TO 1/4 MILE OR LESS
LOWEST:     39 ON 14                               3 = THUNDER
                        SNOW, ICE PELLETS, HAIL    4 = ICE PELLETS
                        TOTAL MONTH:   0.0 INCH    5 = HAIL
                        GRTST 24HR     0.0         6 = FREEZING RAIN OR DRIZZLE
                        GRTST DEPTH:   0           7 = DUSTSTORM OR SANDSTORM:
                                                       VSBY 1/2 MILE OR LESS
                                                   8 = SMOKE OR HAZE
[NO. OF DAYS WITH]      [WEATHER - DAYS WITH]      9 = BLOWING SNOW
                                                   X = TORNADO
MAX 32 OR BELOW:   0    0.01 INCH OR MORE:   7
MAX 90 OR ABOVE:   0    0.10 INCH OR MORE:   4
MIN 32 OR BELOW:   0    0.50 INCH OR MORE:   0
MIN  0 OR BELOW:   0    1.00 INCH OR MORE:   0

[HDD (BASE 65) ]
TOTAL THIS MO.    58    CLEAR  (SCALE 0-3)   4
DPTR FM NORMAL     M    PTCLDY (SCALE 4-7)  11
TOTAL FM JUL 1   741    CLOUDY (SCALE 8-10)  8
DPTR FM NORMAL     M

[CDD (BASE 65) ]
TOTAL THIS MO.   104
DPTR FM NORMAL     M    [PRESSURE DATA]
TOTAL FM JAN 1   273    HIGHEST SLP M ON M
DPTR FM NORMAL     M    LOWEST  SLP M ON M

[REMARKS]
