000
CXUS51 KBTV 160700
CF61V4
PRELIMINARY LOCAL CLIMATOLOGICAL DATA (WS FORM: F-6)

                                          STATION:   SAINT JOHNSBURY VT
                                          MONTH:     JANUARY
                                          YEAR:      2018
                                          LATITUDE:   44 25 N
                                          LONGITUDE:  72  1 W

  TEMPERATURE IN F:       :PCPN:    SNOW:  WIND      :SUNSHINE: SKY     :PK WND
================================================================================
1   2   3   4   5  6A  6B    7    8   9   10  11  12  13   14  15   16   17  18
                                     12Z  AVG MX 2MIN
DY MAX MIN AVG DEP HDD CDD  WTR  SNW DPTH SPD SPD DIR MIN PSBL S-S WX    SPD DR
================================================================================

 1   2 -26 -12 -30  77   0 0.00  0.0    0   M   M   M   M    M   0         M  M
 2   3 -27 -12 -30  77   0 0.06    M    0   M   M   M   M    M   0         M  M
 3  21  -2  10  -8  55   0 0.00  0.0    0   M   M   M   M    M   0         M  M
 4  18   0   9  -9  56   0 0.39    M    0   M   M   M   M    M   0         M  M
 5  16  -6   5 -12  60   0 0.01    M    0   M   M   M   M    M   0         M  M
 6  -5 -10  -7 -24  72   0 0.01    M    0   M   M   M   M    M   0         M  M
 7   9 -23  -7 -24  72   0 0.00  0.0    0   M   M   M   M    M   0         M  M
 8  28   7  18   1  47   0 0.04    M    0   M   M   M   M    M   0         M  M
 9  33  25  29  12  36   0 0.03    M    0   M   M   M   M    M   0         M  M
10  31   6  19   2  46   0 0.01    M    0   M   M   M   M    M   0         M  M
11  46  30  38  21  27   0 0.00  0.0    0   M   M   M   M    M   0         M  M
12  57  36  47  30  18   0 0.77    M    0   M   M   M   M    M   0         M  M
13  36   6  21   4  44   0 1.15    M    0   M   M   M   M    M   0         M  M
14  10  -4   3 -13  62   0 0.00  0.0    0   M   M   M   M    M   0         M  M
15  16  -6   5 -11  60   0 0.00  0.0    0   M   M   M   M    M   0         M  M
================================================================================
SM  321    6       809   0  2.47     0.0     M          M        0
================================================================================
AV 21.4  0.4                                 M FASTST   M    M   0    MAX(MPH)
                                 MISC ---->     M   M                  M    M
================================================================================
NOTES:
# LAST OF SEVERAL OCCURRENCES

COLUMN 17 PEAK WIND IN M.P.H.

PRELIMINARY LOCAL CLIMATOLOGICAL DATA (WS FORM: F-6) , PAGE 2

                                          STATION:  SAINT JOHNSBURY VT
                                          MONTH:    JANUARY
                                          YEAR:     2018
                                          LATITUDE:   44 25 N
                                          LONGITUDE:  72  1 W

[TEMPERATURE DATA]      [PRECIPITATION DATA]       SYMBOLS USED IN COLUMN 16

AVERAGE MONTHLY: 10.9   TOTAL FOR MONTH:   2.47    1 = FOG OR MIST
DPTR FM NORMAL:  -6.2   DPTR FM NORMAL:    1.27    2 = FOG REDUCING VISIBILITY
HIGHEST:    57 ON 12    GRTST 24HR  1.15 ON 13-13      TO 1/4 MILE OR LESS
LOWEST:    -27 ON  2                               3 = THUNDER
                        SNOW, ICE PELLETS, HAIL    4 = ICE PELLETS
                        TOTAL MONTH:   0.0 INCH    5 = HAIL
                        GRTST 24HR     0.0         6 = FREEZING RAIN OR DRIZZLE
                        GRTST DEPTH:   0           7 = DUSTSTORM OR SANDSTORM:
                                                       VSBY 1/2 MILE OR LESS
                                                   8 = SMOKE OR HAZE
[NO. OF DAYS WITH]      [WEATHER - DAYS WITH]      9 = BLOWING SNOW
                                                   X = TORNADO
MAX 32 OR BELOW:  11    0.01 INCH OR MORE:   9
MAX 90 OR ABOVE:   0    0.10 INCH OR MORE:   3
MIN 32 OR BELOW:  14    0.50 INCH OR MORE:   2
MIN  0 OR BELOW:   9    1.00 INCH OR MORE:   1

[HDD (BASE 65) ]
TOTAL THIS MO.   809    CLEAR  (SCALE 0-3)  15
DPTR FM NORMAL    91    PTCLDY (SCALE 4-7)   0
TOTAL FM JUL 1  3764    CLOUDY (SCALE 8-10)  0
DPTR FM NORMAL    93

[CDD (BASE 65) ]
TOTAL THIS MO.     0
DPTR FM NORMAL     0    [PRESSURE DATA]
TOTAL FM JAN 1     0    HIGHEST SLP M ON M
DPTR FM NORMAL     0    LOWEST  SLP M ON M

[REMARKS]
