000
CXUS54 KEWX 290910
CF63T5
PRELIMINARY LOCAL CLIMATOLOGICAL DATA (WS FORM: F-6)

                                          STATION:   LA GRANGE
                                          MONTH:     JUNE
                                          YEAR:      2017
                                          LATITUDE:   29 54 N
                                          LONGITUDE:  96 57 W

  TEMPERATURE IN F:       :PCPN:    SNOW:  WIND      :SUNSHINE: SKY     :PK WND
================================================================================
1   2   3   4   5  6A  6B    7    8   9   10  11  12  13   14  15   16   17  18
                                     12Z  AVG MX 2MIN
DY MAX MIN AVG DEP HDD CDD  WTR  SNW DPTH SPD SPD DIR MIN PSBL S-S WX    SPD DR
================================================================================

 1  89  69  79   M   0  14 0.03    M    M  2.9 10 130   M    M   6        17 170
 2  93  75  84   M   0  19 0.00    M    M  3.4  9 120   M    M   6 1      20 130
 3  93  72  83   M   0  18 0.29    M    M  2.1 10 310   M    M   6 13     17 310
 4  88  71  80   M   0  15 0.27    M    M  3.0 13 260   M    M   4 3      18 260
 5  86  70  78   M   0  13 0.23    M    M  1.9 14 350   M    M   5        18 350
 6  90  71  81   M   0  16 0.00    M    M  5.1 14  20   M    M   4 1      17  20
 7  94  67  81   M   0  16 0.00    M    M  1.9  7  40   M    M   1         M  M
 8  91  73  82   M   0  17 0.00    M    M  2.1  7 110   M    M   3         M  M
 9  90  71  81   M   0  16 0.00    M    M  5.1  9 150   M    M   5         M  M
10  92  68  80   M   0  15 0.00    M    M  5.2 12 160   M    M   2        20 150
11  94  73  84   M   0  19 0.00    M    M  5.3 10 120   M    M   4         M  M
12  96  73  85   M   0  20 0.00    M    M  5.5 10 160   M    M   5 1      17 160
13  95  78  87   M   0  22 0.04    M    M  7.2 15 170   M    M   6        22 160
14  97  78  88   M   0  23 0.00    M    M  8.1 14 170   M    M   5        20 170
15  98  74  86   M   0  21 0.00    M    M  6.7 13 170   M    M   3 1      21 170
16  98  76  87   M   0  22 0.00    M    M  8.0 13 170   M    M   5 1      18 220
17  98  80  89   M   0  24 0.00    M    M  9.7 14 190   M    M   6        18 190
18  98  77  88   M   0  23 0.00    M    M  8.9 14 160   M    M   4        20 180
19  95  76  86   M   0  21 0.00    M    M  1.8  7 230   M    M   4 1       M  M
20  98  76  87   M   0  22 0.00    M    M  3.9 10  40   M    M   3 8      16  30
21  94  75  85   M   0  20 0.00    M    M  7.3 14  10   M    M   1        23  10
22  95  78  87   M   0  22    T    M    M  5.0  9 270   M    M   5 8       M  M
23 101  80  91   M   0  26 0.00    M    M  8.1 12 200   M    M   4        17 170
24  86  73  80   M   0  15 0.62    M    M  1.9 10  70   M    M   6 13     18  30
25  91  74  83   M   0  18 1.63    M    M  1.8  8 140   M    M   5 3       M  M
26  91  74  83   M   0  18 0.11    M    M  1.9  8 160   M    M   6 13      M  M
27  90  73  82   M   0  17 0.92    M    M  1.1  7 180   M    M   4         M  M
28  92  73  83   M   0  18 0.00    M    M  2.6  7 110   M    M   5         M  M
================================================================================
SM 2613 2068         0 530  4.14    M    127.5          M      123
================================================================================
AV 93.3 73.9                               4.6 FASTST   M    M   4    MAX(MPH)
                                 MISC ---->  # 15 170               # 23   10
================================================================================
NOTES:
# LAST OF SEVERAL OCCURRENCES

COLUMN 17 PEAK WIND IN M.P.H.

PRELIMINARY LOCAL CLIMATOLOGICAL DATA (WS FORM: F-6) , PAGE 2

                                          STATION:  LA GRANGE
                                          MONTH:    JUNE
                                          YEAR:     2017
                                          LATITUDE:   29 54 N
                                          LONGITUDE:  96 57 W

[TEMPERATURE DATA]      [PRECIPITATION DATA]       SYMBOLS USED IN COLUMN 16

AVERAGE MONTHLY: 83.6   TOTAL FOR MONTH:   4.14    1 = FOG OR MIST
DPTR FM NORMAL:     M   DPTR FM NORMAL:       M    2 = FOG REDUCING VISIBILITY
HIGHEST:   101 ON 23    GRTST 24HR  1.63 ON 25-25      TO 1/4 MILE OR LESS
LOWEST:     67 ON  7                               3 = THUNDER
                        SNOW, ICE PELLETS, HAIL    4 = ICE PELLETS
                        TOTAL MONTH:    M          5 = HAIL
                        GRTST 24HR    M  ON   M    6 = FREEZING RAIN OR DRIZZLE
                        GRTST DEPTH:  M  ON   M    7 = DUSTSTORM OR SANDSTORM:
                                                       VSBY 1/2 MILE OR LESS
                                                   8 = SMOKE OR HAZE
[NO. OF DAYS WITH]      [WEATHER - DAYS WITH]      9 = BLOWING SNOW
                                                   X = TORNADO
MAX 32 OR BELOW:   0    0.01 INCH OR MORE:   9
MAX 90 OR ABOVE:  24    0.10 INCH OR MORE:   7
MIN 32 OR BELOW:   0    0.50 INCH OR MORE:   3
MIN  0 OR BELOW:   0    1.00 INCH OR MORE:   1

[HDD (BASE 65) ]
TOTAL THIS MO.     0    CLEAR  (SCALE 0-3)   5
DPTR FM NORMAL     M    PTCLDY (SCALE 4-7)  23
TOTAL FM JUL 1   732    CLOUDY (SCALE 8-10)  0
DPTR FM NORMAL     M

[CDD (BASE 65) ]
TOTAL THIS MO.   530
DPTR FM NORMAL     M    [PRESSURE DATA]
TOTAL FM JAN 1  1439    HIGHEST SLP M ON M
DPTR FM NORMAL     M    LOWEST  SLP M ON M

[REMARKS]
