000
CXUS55 KABR 271400
CF68D3
PRELIMINARY LOCAL CLIMATOLOGICAL DATA (WS FORM: F-6)

                                          STATION:   SISSETON SD
                                          MONTH:     MARCH
                                          YEAR:      2015
                                          LATITUDE:   45 40 N
                                          LONGITUDE:  96 59 W

  TEMPERATURE IN F:       :PCPN:    SNOW:  WIND      :SUNSHINE: SKY     :PK WND
================================================================================
1   2   3   4   5  6A  6B    7    8   9   10  11  12  13   14  15   16   17  18
                                     12Z  AVG MX 2MIN
DY MAX MIN AVG DEP HDD CDD  WTR  SNW DPTH SPD SPD DIR MIN PSBL S-S WX    SPD DR
================================================================================

 1  28   5  17  -6  48   0 0.00  0.0    0 13.4 26 320   M    M   0        33 320
 2  32   4  18  -6  47   0 0.00  0.0    2 14.9 28 180   M    M   0        33 180
 3  29   2  16  -8  49   0 0.14  3.1    4 20.7 38 330   M    M   0        44 340
 4   4  -6  -1 -26  66   0 0.00  0.0    3 14.4 28 340   M    M   0        32 340
 5  23 -11   6 -19  59   0 0.00  0.0    3  9.6 20 220   M    M   0        23 220
 6  41  21  31   5  34   0 0.00  0.0    3 12.7 28 270   M    M   0        35 270
 7  43  30  37  11  28   0 0.00  0.0    1 14.2 25 300   M    M   0        35 310
 8  49  30  40  14  25   0 0.00  0.0    1 10.3 21 270   M    M   0        27 280
 9  55  37  46  19  19   0 0.00  0.0    0 10.9 26 240   M    M   0        33 240
10  58  31  45  18  20   0 0.00  0.0    0 13.8 24  10   M    M   0        29 360
11  59  27  43  15  22   0 0.00  0.0    0 11.0 28 190   M    M   0        35 200
12  67  42  55  27  10   0 0.00  0.0    0 16.9 43 230   M    M   0        56 230
13  49  34  42  13  23   0 0.00  0.0    0 13.8 30 340   M    M   0        35 340
14  67  32  50  21  15   0 0.00  0.0    0  9.6 28 210   M    M   0        34 200
15  76  48  62  32   3   0 0.00  0.0    0 15.6 38 240   M    M   0        51 240
16  51  26  39   9  26   0    T  0.0    0 14.2 32  10   M    M   0        38  10
17  43  20  32   2  33   0 0.00  0.0    M  6.1 16 350   M    M   0        20 340
18  34  30  32   1  33   0 0.13    T    0  6.0 13 140   M    M   0        15 150
19  53  31  42  11  23   0 0.00  0.0    0 11.4 20 300   M    M   0        23 310
20  63  24  44  12  21   0 0.00  0.0    0 15.4 30  20   M    M   0        36  10
21  37  20  29  -3  36   0 0.00  0.0    0  7.9 15  80   M    M   0        19  80
22  34  25  30  -3  35   0 0.37  2.1    0  9.8 24 140   M    M   0        28 130
23  34  26  30  -3  35   0 0.00  0.0    2 13.3 22 170   M    M   0        29 170
24  37  31  34   0  31   0 0.11  0.0    1 19.1 30 170   M    M   0        34 180
25  42  31  37   3  28   0 0.00  0.0    1 23.8 40 340   M    M   0        52 320
26  36  17  27  -7  38   0 0.00  0.0    0 12.9 25  20   M    M   0        31  30
================================================================================
SM 1144  607       807   0  0.75     5.2 341.7          M        0
================================================================================
AV 44.0 23.3                              13.1 FASTST   M    M   0    MAX(MPH)
                                 MISC ---->  # 43 230               # 56  230
================================================================================
NOTES:
# LAST OF SEVERAL OCCURRENCES

COLUMN 17 PEAK WIND IN M.P.H.

PRELIMINARY LOCAL CLIMATOLOGICAL DATA (WS FORM: F-6) , PAGE 2

                                          STATION:  SISSETON SD
                                          MONTH:    MARCH
                                          YEAR:     2015
                                          LATITUDE:   45 40 N
                                          LONGITUDE:  96 59 W

[TEMPERATURE DATA]      [PRECIPITATION DATA]       SYMBOLS USED IN COLUMN 16

AVERAGE MONTHLY: 33.7   TOTAL FOR MONTH:   0.75    1 = FOG OR MIST
DPTR FM NORMAL:   4.8   DPTR FM NORMAL:   -0.10    2 = FOG REDUCING VISIBILITY
HIGHEST:    76 ON 15    GRTST 24HR  0.37 ON 22-22      TO 1/4 MILE OR LESS
LOWEST:    -11 ON  5                               3 = THUNDER
                        SNOW, ICE PELLETS, HAIL    4 = ICE PELLETS
                        TOTAL MONTH:   5.2 INCHES  5 = HAIL
                        GRTST 24HR   3.1 ON   M    6 = FREEZING RAIN OR DRIZZLE
                        GRTST DEPTH:   4 ON  3     7 = DUSTSTORM OR SANDSTORM:
                                                       VSBY 1/2 MILE OR LESS
                                                   8 = SMOKE OR HAZE
[NO. OF DAYS WITH]      [WEATHER - DAYS WITH]      9 = BLOWING SNOW
                                                   X = TORNADO
MAX 32 OR BELOW:   5    0.01 INCH OR MORE:   4
MAX 90 OR ABOVE:   0    0.10 INCH OR MORE:   4
MIN 32 OR BELOW:  22    0.50 INCH OR MORE:   0
MIN  0 OR BELOW:   2    1.00 INCH OR MORE:   0

[HDD (BASE 65) ]
TOTAL THIS MO.   807    CLEAR  (SCALE 0-3)  26
DPTR FM NORMAL  -131    PTCLDY (SCALE 4-7)   0
TOTAL FM JUL 1  7076    CLOUDY (SCALE 8-10)  0
DPTR FM NORMAL  -121

[CDD (BASE 65) ]
TOTAL THIS MO.     0
DPTR FM NORMAL     0    [PRESSURE DATA]
TOTAL FM JAN 1     0    HIGHEST SLP M ON M
DPTR FM NORMAL     0    LOWEST  SLP 29.72 ON 16

[REMARKS]
