000
CXUS52 KTAE 290800
CF6AAF
PRELIMINARY LOCAL CLIMATOLOGICAL DATA (WS FORM: F-6)

                                          STATION:   APALACHICOLA
                                          MONTH:     MARCH
                                          YEAR:      2015
                                          LATITUDE:   29 43 N
                                          LONGITUDE:  85  2 W

  TEMPERATURE IN F:       :PCPN:    SNOW:  WIND      :SUNSHINE: SKY     :PK WND
================================================================================
1   2   3   4   5  6A  6B    7    8   9   10  11  12  13   14  15   16   17  18
                                     12Z  AVG MX 2MIN
DY MAX MIN AVG DEP HDD CDD  WTR  SNW DPTH SPD SPD DIR MIN PSBL S-S WX    SPD DR
================================================================================

 1  66  51  59   1   6   0 0.00  0.0    0  8.3 15 100   M    M  10 18     19 100
 2  73  61  67   9   0   2 0.00  0.0    0  3.5  9 230   M    M   6 128    11 220
 3  74  57  66   8   0   1 0.00  0.0    0  4.5 14 160   M    M   7 128    18 150
 4  75  65  70  12   0   5 0.00  0.0    0  8.0 15 150   M    M   9 12     21 160
 5  78  50  64   6   1   0 0.06  0.0    0  9.4 20  20   M    M  10 128    25  10
 6  63  44  54  -5  11   0 0.00  0.0    0 13.0 22  10   M    M   4 8      27  10
 7  66  43  55  -4  10   0 0.00  0.0    0  7.6 17  50   M    M   0        21  60
 8  70  46  58  -1   7   0 0.00  0.0    0  6.7 14 150   M    M   1 8      20 100
 9  73  56  65   6   0   0    T  0.0    0  7.1 14 120   M    M   6 8      19 130
10  76  63  70  11   0   5 0.00  0.0    0  8.4 16 140   M    M   2 18     22 150
11  80  67  74  14   0   9 0.00  0.0    0  6.4 14 150   M    M   9 128    18 130
12  77  69  73  13   0   8 0.00  0.0    0  5.3 17  90   M    M   7 12     25  90
13  77  69  73  13   0   8 0.01  0.0    0 11.0 18  90   M    M   8        30  90
14  83  63  73  13   0   8 0.43  0.0    0  6.5 14 280   M    M   5 1      17 230
15  78  62  70  10   0   5 0.00  0.0    0  5.4 12 240   M    M   4 18     13 250
16  83  60  72  12   0   7 0.00  0.0    M  6.0 14 190   M    M   0        17 200
17  88  59  74  14   0   9 0.00  0.0    0  8.9 20 250   M    M   0 8      25 310
18  82  63  73  12   0   8 0.00  0.0    0  5.4 14 130   M    M   0 18     19  60
19  77  64  71  10   0   6 0.00  0.0    0  5.4 13 100   M    M   5 18     19 110
20  84  62  73  12   0   8 0.00  0.0    0  5.0 17 250   M    M   4 128    20 260
21  80  68  74  13   0   9 0.00  0.0    0  4.7 14 190   M    M   2 128    18 200
22  81  68  75  14   0  10 0.00  0.0    0  7.1 15 250   M    M   0 128    19 260
23  81  67  74  12   0   9    T  0.0    0  8.3 17  10   M    M   4 8      22  30
24  74  61  68   6   0   3 0.00  0.0    0  7.2 15 150   M    M   6        19 150
25  76  58  67   5   0   2 0.00  0.0    0  8.1 15 150   M    M   4        18 170
26  74  67  71   9   0   6 0.91  0.0    0  8.0 20 150   M    M   6 13     27 220
27  74  54  64   2   1   0 0.00  0.0    0  9.2 22 310   M    M   3        27 310
28  70  44  57  -5   8   0 0.00  0.0    0  7.9 18 340   M    M   0        24 340
================================================================================
SM 2133 1661        44 128  1.41     0.0 202.3          M      122
================================================================================
AV 76.2 59.3                               7.2 FASTST   M    M   4    MAX(MPH)
                                 MISC ---->  # 22  10               # 30   90
================================================================================
NOTES:
# LAST OF SEVERAL OCCURRENCES

COLUMN 17 PEAK WIND IN M.P.H.

PRELIMINARY LOCAL CLIMATOLOGICAL DATA (WS FORM: F-6) , PAGE 2

                                          STATION:  APALACHICOLA
                                          MONTH:    MARCH
                                          YEAR:     2015
                                          LATITUDE:   29 43 N
                                          LONGITUDE:  85  2 W

[TEMPERATURE DATA]      [PRECIPITATION DATA]       SYMBOLS USED IN COLUMN 16

AVERAGE MONTHLY: 67.8   TOTAL FOR MONTH:   1.41    1 = FOG OR MIST
DPTR FM NORMAL:   7.7   DPTR FM NORMAL:   -3.36    2 = FOG REDUCING VISIBILITY
HIGHEST:    88 ON 17    GRTST 24HR  0.91 ON 26-26      TO 1/4 MILE OR LESS
LOWEST:     43 ON  7                               3 = THUNDER
                        SNOW, ICE PELLETS, HAIL    4 = ICE PELLETS
                        TOTAL MONTH:   0.0 INCH    5 = HAIL
                        GRTST 24HR     0.0         6 = FREEZING RAIN OR DRIZZLE
                        GRTST DEPTH:   0           7 = DUSTSTORM OR SANDSTORM:
                                                       VSBY 1/2 MILE OR LESS
                                                   8 = SMOKE OR HAZE
[NO. OF DAYS WITH]      [WEATHER - DAYS WITH]      9 = BLOWING SNOW
                                                   X = TORNADO
MAX 32 OR BELOW:   0    0.01 INCH OR MORE:   4
MAX 90 OR ABOVE:   0    0.10 INCH OR MORE:   2
MIN 32 OR BELOW:   0    0.50 INCH OR MORE:   1
MIN  0 OR BELOW:   0    1.00 INCH OR MORE:   0

[HDD (BASE 65) ]
TOTAL THIS MO.    44    CLEAR  (SCALE 0-3)   9
DPTR FM NORMAL  -116    PTCLDY (SCALE 4-7)  15
TOTAL FM JUL 1  1010    CLOUDY (SCALE 8-10)  4
DPTR FM NORMAL  -318

[CDD (BASE 65) ]
TOTAL THIS MO.   128
DPTR FM NORMAL   103    [PRESSURE DATA]
TOTAL FM JAN 1   144    HIGHEST SLP M ON M
DPTR FM NORMAL   110    LOWEST  SLP 29.78 ON 27

[REMARKS]
