000
CXUS52 KTAE 190800
CF6AAF
PRELIMINARY LOCAL CLIMATOLOGICAL DATA (WS FORM: F-6)

                                          STATION:   APALACHICOLA
                                          MONTH:     SEPTEMBER
                                          YEAR:      2017
                                          LATITUDE:   29 43 N
                                          LONGITUDE:  85  2 W

  TEMPERATURE IN F:       :PCPN:    SNOW:  WIND      :SUNSHINE: SKY     :PK WND
================================================================================
1   2   3   4   5  6A  6B    7    8   9   10  11  12  13   14  15   16   17  18
                                     12Z  AVG MX 2MIN
DY MAX MIN AVG DEP HDD CDD  WTR  SNW DPTH SPD SPD DIR MIN PSBL S-S WX    SPD DR
================================================================================

 1  89  79  84   3   0  19    T  0.0    0  9.1 17 200   M    M   2 3      23 210
 2  87  74  81   0   0  16 0.15  0.0    0  5.4 15 270   M    M   2 13     19 200
 3  89  72  81   0   0  16 0.00  0.0    0  2.8 12  60   M    M   1        15 180
 4  88  72  80  -1   0  15 0.00  0.0    0  3.3 12 140   M    M   1        16 150
 5  86  75  81   0   0  16 0.24  0.0    0  3.7 12 210   M    M   3 1      16 210
 6  87  73  80  -1   0  15 0.01  0.0    0  7.3 16  10   M    M   3 3      21 230
 7  87  70  79  -2   0  14 0.00  0.0    0  8.5 15  30   M    M   3        22  30
 8  90  70  80   0   0  15 0.00  0.0    0  8.3 17 120   M    M   3        22 110
 9  88  70  79  -1   0  14 0.00  0.0    0 13.0 20  40   M    M   4        27  40
10  77  66  72  -8   0   7 0.05  0.0    0 19.1 32  30   M    M   8 1      44  20
11  75  63  69 -11   0   4 0.61  0.0    0 20.9 37  20   M    M   9 1      48 360
12  84  68  76  -4   0  11 0.00  0.0    0  9.4 22 250   M    M   4        27 260
13  83  69  76  -4   0  11 0.17  0.0    0  3.9 13 210   M    M   4 1      17 220
14  86  71  79  -1   0  14 0.00  0.0    0  3.3 12 180   M    M   3        14 160
15  86  73  80   1   0  15 0.00  0.0    0  4.8 12 140   M    M   5 12     15 130
16  87  72  80   1   0  15 0.01  0.0    0  5.4 18  40   M    M   1 13     23  40
17  89  71  80   1   0  15 0.01  0.0    0  4.6 13 180   M    M   2 1      14 190
18  91  70  81   2   0  16 0.00  0.0    0  3.7 14 240   M    M   2        17 250
================================================================================
SM 1549 1278         0 248  1.25     0.0 136.5          M       60
================================================================================
AV 86.1 71.0                               7.6 FASTST   M    M   3    MAX(MPH)
                                 MISC ---->  # 37  20               # 48  360
================================================================================
NOTES:
# LAST OF SEVERAL OCCURRENCES

COLUMN 17 PEAK WIND IN M.P.H.

PRELIMINARY LOCAL CLIMATOLOGICAL DATA (WS FORM: F-6) , PAGE 2

                                          STATION:  APALACHICOLA
                                          MONTH:    SEPTEMBER
                                          YEAR:     2017
                                          LATITUDE:   29 43 N
                                          LONGITUDE:  85  2 W

[TEMPERATURE DATA]      [PRECIPITATION DATA]       SYMBOLS USED IN COLUMN 16

AVERAGE MONTHLY: 78.5   TOTAL FOR MONTH:   1.25    1 = FOG OR MIST
DPTR FM NORMAL:  -1.6   DPTR FM NORMAL:   -3.03    2 = FOG REDUCING VISIBILITY
HIGHEST:    91 ON 18    GRTST 24HR  0.61 ON 11-11      TO 1/4 MILE OR LESS
LOWEST:     63 ON 11                               3 = THUNDER
                        SNOW, ICE PELLETS, HAIL    4 = ICE PELLETS
                        TOTAL MONTH:   0.0 INCH    5 = HAIL
                        GRTST 24HR     0.0         6 = FREEZING RAIN OR DRIZZLE
                        GRTST DEPTH:   0           7 = DUSTSTORM OR SANDSTORM:
                                                       VSBY 1/2 MILE OR LESS
                                                   8 = SMOKE OR HAZE
[NO. OF DAYS WITH]      [WEATHER - DAYS WITH]      9 = BLOWING SNOW
                                                   X = TORNADO
MAX 32 OR BELOW:   0    0.01 INCH OR MORE:   8
MAX 90 OR ABOVE:   2    0.10 INCH OR MORE:   4
MIN 32 OR BELOW:   0    0.50 INCH OR MORE:   1
MIN  0 OR BELOW:   0    1.00 INCH OR MORE:   0

[HDD (BASE 65) ]
TOTAL THIS MO.     0    CLEAR  (SCALE 0-3)  10
DPTR FM NORMAL     0    PTCLDY (SCALE 4-7)   7
TOTAL FM JUL 1     0    CLOUDY (SCALE 8-10)  1
DPTR FM NORMAL     0

[CDD (BASE 65) ]
TOTAL THIS MO.   248
DPTR FM NORMAL   -25    [PRESSURE DATA]
TOTAL FM JAN 1  2369    HIGHEST SLP M ON M
DPTR FM NORMAL   170    LOWEST  SLP 29.41 ON 11

[REMARKS]
