000
CXUS56 KMFR 301000
CF6AAT
PRELIMINARY LOCAL CLIMATOLOGICAL DATA (WS FORM: F-6)

                                          STATION:   ALTURAS CA
                                          MONTH:     APRIL
                                          YEAR:      2016
                                          LATITUDE:   41 29 N
                                          LONGITUDE: 120 34 W

  TEMPERATURE IN F:       :PCPN:    SNOW:  WIND      :SUNSHINE: SKY     :PK WND
================================================================================
1   2   3   4   5  6A  6B    7    8   9   10  11  12  13   14  15   16   17  18
                                     12Z  AVG MX 2MIN
DY MAX MIN AVG DEP HDD CDD  WTR  SNW DPTH SPD SPD DIR MIN PSBL S-S WX    SPD DR
================================================================================

 1  69  26  48   8  17   0 0.00    M    M  2.1  9  50   M    M   0        13 140
 2  69  29  49   9  16   0 0.00    M    M  5.5 21 260   M    M   0        26 230
 3  69  29  49   9  16   0 0.00    M    M  5.0 22 270   M    M   0        31 250
 4  57  30  44   3  21   0 0.00    M    M  7.7 22 330   M    M   3        28 330
 5  65  22  44   3  21   0 0.00    M    M  4.4 15  10   M    M   0 8      22 360
 6  78  28  53  12  12   0 0.00    M    M  2.7 10  80   M    M   0        13  70
 7  80  31  56  15   9   0 0.00    M    M  2.7 14 140   M    M   0        19 150
 8  76  37  57  16   8   0 0.00    M    M  4.1 21 250   M    M   1        23 260
 9  69  39  54  12  11   0 0.14    M    M  7.2 23 310   M    M   4 13     28 310
10  66  43  55  13  10   0 0.61    M    M  5.5 22 180   M    M   6 13     27 170
11  66  38  52  10  13   0 0.00    M    M  5.0 20 270   M    M   8 12     23 280
12  56  43  50   8  15   0 0.10    M    M  9.3 20 270   M    M   9 1      26 270
13  54  36  45   3  20   0 0.03    M    M 11.3 29 220   M    M   7 1      35 240
14  49  30  40  -3  25   0 0.09    M    M 11.7 32 260   M    M   8 1      40 260
15  56  31  44   1  21   0 0.00    M    M  5.6 15  30   M    M   4 18     20  20
16  68  25  47   4  18   0 0.00    M    M  1.7 12 160   M    M   0 1      19 220
17  73  29  51   8  14   0 0.00    M    M  0.9 10  70   M    M   0        13  60
18  76  30  53   9  12   0 0.00    M    M  1.5  9  10   M    M   0        11  10
19  78  33  56  12   9   0 0.00    M    M  2.7 13 260   M    M   0        29 260
20  72  38  55  11  10   0    T    M    M  4.4 26 190   M    M   2        36 180
21  70  31  51   7  14   0 0.00    M    M 12.6 33 190   M    M   0        43 190
22  53  39  46   1  19   0 0.27    M    M 10.0 29 190   M    M   8 1      40 200
23  56  37  47   2  18   0 0.03    M    M  9.2 14 260   M    M  10 1      17 270
24   M   M   M   M   M   M    M    M    M   M   M   M   M    M   M         M  M
25  53   M   M   M   M   M 0.00    M    M 13.1 26 310   M    M   M        35 300
26  58  25  42  -4  23   0 0.00    M    M  6.4 20 320   M    M   3        27 320
27  61  39  50   4  15   0 0.03    M    M  6.5 26 310   M    M   7        35 340
28  60  34  47   0  18   0 0.00    M    M  7.2 18 310   M    M   4        23 310
29  59  36  48   1  17   0 0.02    M    M 10.1 30 340   M    M   5 1      39 340
================================================================================
SM 1816  888       422   0  1.32    M    176.1          M       89
================================================================================
AV 64.9 32.9                               6.3 FASTST   M    M   3    MAX(MPH)
                                 MISC ---->  # 33 190               # 43  190
================================================================================
NOTES:
# LAST OF SEVERAL OCCURRENCES

COLUMN 17 PEAK WIND IN M.P.H.

PRELIMINARY LOCAL CLIMATOLOGICAL DATA (WS FORM: F-6) , PAGE 2

                                          STATION:  ALTURAS CA
                                          MONTH:    APRIL
                                          YEAR:     2016
                                          LATITUDE:   41 29 N
                                          LONGITUDE: 120 34 W

[TEMPERATURE DATA]      [PRECIPITATION DATA]       SYMBOLS USED IN COLUMN 16

AVERAGE MONTHLY: 48.9   TOTAL FOR MONTH:   1.32    1 = FOG OR MIST
DPTR FM NORMAL:   5.8   DPTR FM NORMAL:   -0.19    2 = FOG REDUCING VISIBILITY
HIGHEST:    80 ON  7    GRTST 24HR  0.64 ON  9-10      TO 1/4 MILE OR LESS
LOWEST:     22 ON  5                               3 = THUNDER
                        SNOW, ICE PELLETS, HAIL    4 = ICE PELLETS
                        TOTAL MONTH:    M          5 = HAIL
                        GRTST 24HR    M  ON   M    6 = FREEZING RAIN OR DRIZZLE
                        GRTST DEPTH:  M  ON   M    7 = DUSTSTORM OR SANDSTORM:
                                                       VSBY 1/2 MILE OR LESS
                                                   8 = SMOKE OR HAZE
[NO. OF DAYS WITH]      [WEATHER - DAYS WITH]      9 = BLOWING SNOW
                                                   X = TORNADO
MAX 32 OR BELOW:   0    0.01 INCH OR MORE:   9
MAX 90 OR ABOVE:   0    0.10 INCH OR MORE:   4
MIN 32 OR BELOW:  14    0.50 INCH OR MORE:   1
MIN  0 OR BELOW:   0    1.00 INCH OR MORE:   0

[HDD (BASE 65) ]
TOTAL THIS MO.   422    CLEAR  (SCALE 0-3)  15
DPTR FM NORMAL  -212    PTCLDY (SCALE 4-7)   9
TOTAL FM JUL 1  5516    CLOUDY (SCALE 8-10)  3
DPTR FM NORMAL  -810

[CDD (BASE 65) ]
TOTAL THIS MO.     0
DPTR FM NORMAL     0    [PRESSURE DATA]
TOTAL FM JAN 1     0    HIGHEST SLP  0.00 ON  3
DPTR FM NORMAL     0    LOWEST  SLP  0.00 ON  3

[REMARKS]
