000
CXUS55 KABQ 271000
CF6ABQ
PRELIMINARY LOCAL CLIMATOLOGICAL DATA (WS FORM: F-6)

                                          STATION:   ALBUQUERQUE  NM
                                          MONTH:     APRIL
                                          YEAR:      2017
                                          LATITUDE:   35  2 N
                                          LONGITUDE: 106 37 W

  TEMPERATURE IN F:       :PCPN:    SNOW:  WIND      :SUNSHINE: SKY     :PK WND
================================================================================
1   2   3   4   5  6A  6B    7    8   9   10  11  12  13   14  15   16   17  18
                                     12Z  AVG MX 2MIN
DY MAX MIN AVG DEP HDD CDD  WTR  SNW DPTH SPD SPD DIR MIN PSBL S-S WX    SPD DR
================================================================================

 1  45  34  40 -12  25   0 0.21    T    0  7.7 22 160   M    M   8 1      30 140
 2  61  31  46  -6  19   0 0.00  0.0    0  8.4 26 320   M    M   3 1      35 310
 3  66  41  54   2  11   0    T  0.0    0  7.4 28 260   M    M   6        38 260
 4  56  40  48  -4  17   0    T  0.0    0 17.2 31 310   M    M   5        40 310
 5  60  34  47  -6  18   0 0.00  0.0    0  5.3 12 280   M    M   2        15 280
 6  71  39  55   2  10   0 0.00  0.0    0  5.6 12 230   M    M   4        14 190
 7  79  44  62   9   3   0 0.00  0.0    0  5.8 21 250   M    M   6        26 240
 8  78  48  63   9   2   0 0.00  0.0    0 12.9 28 270   M    M   6        34 240
 9  69  49  59   5   6   0 0.00  0.0    0 12.1 29 280   M    M   5        36 250
10  67  42  55   1  10   0 0.00  0.0    0  5.9 14  70   M    M   5        17  70
11  73  42  58   4   7   0 0.00  0.0    0  9.8 20 170   M    M   6        25 210
12  78  50  64   9   1   0 0.00  0.0    0  9.4 35  80   M    M   5        42  80
13  77  47  62   7   3   0 0.00  0.0    0 10.2 23 180   M    M   3        32 170
14  80  51  66  11   0   1 0.00  0.0    0  7.5 22 190   M    M   3        28 210
15  78  45  62   6   3   0 0.00  0.0    0  4.2 15 200   M    M   2        19 220
16  78  41  60   4   5   0 0.00  0.0    0  5.4 15 250   M    M   3        19 250
17  79  50  65   9   0   0 0.00  0.0    0  5.2 14 130   M    M   3        18  50
18  81  49  65   8   0   0 0.00  0.0    0  6.4 18 170   M    M   3        22 190
19  81  53  67  10   0   2 0.00  0.0    0 10.3 24 240   M    M   1        30 270
20  78  50  64   7   1   0 0.00  0.0    0 13.7 31 130   M    M   1        39 130
21  76  46  61   3   4   0 0.00  0.0    0 10.9 20 350   M    M   1        26 330
22  71  45  58   0   7   0 0.00  0.0    0 16.5 35  90   M    M   2        46  90
23  77  44  61   3   4   0 0.00  0.0    0 13.6 32 170   M    M   3        37 180
24  82  49  66   7   0   1 0.00  0.0    0 15.3 35 280   M    M   6        44 270
25  65  45  55  -4  10   0 0.21  0.0    0  9.2 28 310   M    M   8 13     39 290
26  68  41  55  -4  10   0 0.00  0.0    0 10.0 24 250   M    M   4        34 250
================================================================================
SM 1874 1150       176   4  0.42    T    245.9          M      104
================================================================================
AV 72.1 44.2                               9.5 FASTST   M    M   4    MAX(MPH)
                                 MISC ---->  # 35  80               # 46   90
================================================================================
NOTES:
# LAST OF SEVERAL OCCURRENCES

COLUMN 17 PEAK WIND IN M.P.H.

PRELIMINARY LOCAL CLIMATOLOGICAL DATA (WS FORM: F-6) , PAGE 2

                                          STATION:  ALBUQUERQUE  NM
                                          MONTH:    APRIL
                                          YEAR:     2017
                                          LATITUDE:   35  2 N
                                          LONGITUDE: 106 37 W

[TEMPERATURE DATA]      [PRECIPITATION DATA]       SYMBOLS USED IN COLUMN 16

AVERAGE MONTHLY: 58.2   TOTAL FOR MONTH:   0.42    1 = FOG OR MIST
DPTR FM NORMAL:   2.8   DPTR FM NORMAL:   -0.12    2 = FOG REDUCING VISIBILITY
HIGHEST:    82 ON 24    GRTST 24HR  0.21 ON 25-25      TO 1/4 MILE OR LESS
LOWEST:     31 ON  2                               3 = THUNDER
                        SNOW, ICE PELLETS, HAIL    4 = ICE PELLETS
                        TOTAL MONTH:    T          5 = HAIL
                        GRTST 24HR    T  ON  1- 1  6 = FREEZING RAIN OR DRIZZLE
                        GRTST DEPTH:   0           7 = DUSTSTORM OR SANDSTORM:
                                                       VSBY 1/2 MILE OR LESS
                                                   8 = SMOKE OR HAZE
[NO. OF DAYS WITH]      [WEATHER - DAYS WITH]      9 = BLOWING SNOW
                                                   X = TORNADO
MAX 32 OR BELOW:   0    0.01 INCH OR MORE:   2
MAX 90 OR ABOVE:   0    0.10 INCH OR MORE:   2
MIN 32 OR BELOW:   1    0.50 INCH OR MORE:   0
MIN  0 OR BELOW:   0    1.00 INCH OR MORE:   0

[HDD (BASE 65) ]
TOTAL THIS MO.   176    CLEAR  (SCALE 0-3)  10
DPTR FM NORMAL   -79    PTCLDY (SCALE 4-7)  14
TOTAL FM JUL 1  3166    CLOUDY (SCALE 8-10)  2
DPTR FM NORMAL  -916

[CDD (BASE 65) ]
TOTAL THIS MO.     4
DPTR FM NORMAL     2    [PRESSURE DATA]
TOTAL FM JAN 1     5    HIGHEST SLP M ON M
DPTR FM NORMAL     3    LOWEST  SLP 29.43 ON 25

[REMARKS]
