000
CXUS55 KABR 291400
CF6ABR
PRELIMINARY LOCAL CLIMATOLOGICAL DATA (WS FORM: F-6)

                                          STATION:   ABERDEEN SD
                                          MONTH:     JULY
                                          YEAR:      2014
                                          LATITUDE:   45 27 N
                                          LONGITUDE:  98 26 W

  TEMPERATURE IN F:       :PCPN:    SNOW:  WIND      :SUNSHINE: SKY     :PK WND
================================================================================
1   2   3   4   5  6A  6B    7    8   9   10  11  12  13   14  15   16   17  18
                                     12Z  AVG MX 2MIN
DY MAX MIN AVG DEP HDD CDD  WTR  SNW DPTH SPD SPD DIR MIN PSBL S-S WX    SPD DR
================================================================================

 1  62  54  58 -12   7   0 0.14  0.0    0 15.4 32 330   M    M   9 18     39 330
 2  74  50  62  -8   3   0 0.00  0.0    0  7.2 15 330   M    M   2        20 340
 3  77  47  62  -8   3   0 0.00  0.0    0  6.9 15 100   M    M   1        18 110
 4  82  62  72   2   0   7 0.00  0.0    0 15.2 24 190   M    M   2 3      32 140
 5  91  65  78   8   0  13 0.00  0.0    0 10.9 18 170   M    M   0        28 180
 6  85  59  72   1   0   7 0.00  0.0    0 10.8 26 310   M    M   0        33 340
 7  79  59  69  -2   0   4 0.23  0.0    0  9.8 28 330   M    M   3 13     34 340
 8  78  56  67  -4   0   2 0.00  0.0    0 12.4 24 330   M    M   2 1      34 320
 9  78  53  66  -5   0   1 0.00  0.0    0  5.2 12  80   M    M   1 18     14  70
10  82  52  67  -4   0   2 0.01  0.0    0  9.1 20 160   M    M   1        25 170
11  87  65  76   5   0  11 0.00  0.0    0  6.7 14  40   M    M   1        17  60
12  82  62  72   1   0   7 0.12  0.0    0  6.9 16 280   M    M   4 1      24 270
13  78  51  65  -6   0   0 0.00  0.0    0 11.8 23 310   M    M   0        29 320
14  68  50  59 -13   6   0 0.00  0.0    0 15.2 28 350   M    M   4        35 330
15  74  50  62 -10   3   0 0.00  0.0    0  7.9 20  20   M    M   4        25  20
16  77  46  62 -10   3   0 0.00  0.0    0  2.3  8 190   M    M   6 1      12 160
17  81  51  66  -6   0   1 0.00  0.0    0  9.2 20 190   M    M   2        25 190
18  81  60  71  -1   0   6 0.00  0.0    0 16.6 26 170   M    M   1        35 180
19  81  57  69  -3   0   4 0.00  0.0    0  6.3 15 150   M    M   0        20 150
20  90  67  79   7   0  14 0.00  0.0    0 11.7 18 170   M    M   0 1      23 180
21  89  62  76   4   0  11 0.00  0.0    0 10.5 25 140   M    M   1 123    34 140
22  80  61  71  -1   0   6 0.00  0.0    0  9.6 20  20   M    M   0 8      24  20
23  81  54  68  -4   0   3 0.00  0.0    0  6.3 14  80   M    M   2        20 110
24  80  58  69  -3   0   4 0.20  0.0    0 15.2 32 150   M    M   4 13     42 110
25  81  55  68  -4   0   3    T  0.0    0  8.1 28 190   M    M   3 3      37 190
26  87  54  71  -1   0   6 0.00  0.0    0 10.9 28 310   M    M   0 1      35 290
27  68  53  61 -11   4   0 0.00  0.0    0 14.3 24 340   M    M   5        30 340
28  74  50  62 -10   3   0 0.00  0.0    0  6.7 14  20   M    M   5 1      17  30
================================================================================
SM 2227 1563        32 112  0.70     0.0 279.1          M       63
================================================================================
AV 79.5 55.8                              10.0 FASTST   M    M   2    MAX(MPH)
                                 MISC ---->  # 32 330               # 42  110
================================================================================
NOTES:
# LAST OF SEVERAL OCCURRENCES

COLUMN 17 PEAK WIND IN M.P.H.

PRELIMINARY LOCAL CLIMATOLOGICAL DATA (WS FORM: F-6) , PAGE 2

                                          STATION:  ABERDEEN SD
                                          MONTH:    JULY
                                          YEAR:     2014
                                          LATITUDE:   45 27 N
                                          LONGITUDE:  98 26 W

[TEMPERATURE DATA]      [PRECIPITATION DATA]       SYMBOLS USED IN COLUMN 16

AVERAGE MONTHLY: 67.7   TOTAL FOR MONTH:   0.70    1 = FOG OR MIST
DPTR FM NORMAL:  -3.7   DPTR FM NORMAL:   -2.07    2 = FOG REDUCING VISIBILITY
HIGHEST:    91 ON  5    GRTST 24HR  0.23 ON  7- 7      TO 1/4 MILE OR LESS
LOWEST:     46 ON 16                               3 = THUNDER
                        SNOW, ICE PELLETS, HAIL    4 = ICE PELLETS
                        TOTAL MONTH:   0.0 INCH    5 = HAIL
                        GRTST 24HR     0.0         6 = FREEZING RAIN OR DRIZZLE
                        GRTST DEPTH:   0           7 = DUSTSTORM OR SANDSTORM:
                                                       VSBY 1/2 MILE OR LESS
                                                   8 = SMOKE OR HAZE
[NO. OF DAYS WITH]      [WEATHER - DAYS WITH]      9 = BLOWING SNOW
                                                   X = TORNADO
MAX 32 OR BELOW:   0    0.01 INCH OR MORE:   5
MAX 90 OR ABOVE:   2    0.10 INCH OR MORE:   4
MIN 32 OR BELOW:   0    0.50 INCH OR MORE:   0
MIN  0 OR BELOW:   0    1.00 INCH OR MORE:   0

[HDD (BASE 65) ]
TOTAL THIS MO.    32    CLEAR  (SCALE 0-3)  18
DPTR FM NORMAL    24    PTCLDY (SCALE 4-7)   9
TOTAL FM JUL 1    32    CLOUDY (SCALE 8-10)  1
DPTR FM NORMAL    24

[CDD (BASE 65) ]
TOTAL THIS MO.   112
DPTR FM NORMAL   -75    [PRESSURE DATA]
TOTAL FM JAN 1   200    HIGHEST SLP M ON M
DPTR FM NORMAL  -102    LOWEST  SLP 29.48 ON 25

[REMARKS]
