000
CXUS55 KABR 211400
CF6ABR
PRELIMINARY LOCAL CLIMATOLOGICAL DATA (WS FORM: F-6)

                                          STATION:   ABERDEEN SD
                                          MONTH:     OCTOBER
                                          YEAR:      2014
                                          LATITUDE:   45 27 N
                                          LONGITUDE:  98 26 W

  TEMPERATURE IN F:       :PCPN:    SNOW:  WIND      :SUNSHINE: SKY     :PK WND
================================================================================
1   2   3   4   5  6A  6B    7    8   9   10  11  12  13   14  15   16   17  18
                                     12Z  AVG MX 2MIN
DY MAX MIN AVG DEP HDD CDD  WTR  SNW DPTH SPD SPD DIR MIN PSBL S-S WX    SPD DR
================================================================================

 1  70  47  59   7   6   0 0.00  0.0    0  9.7 21 310   M    M   1        27 310
 2  71  45  58   6   7   0    T    M    0  9.7 33 330   M    M   4        41 320
 3  47  33  40 -11  25   0 0.00  0.0    0 21.9 38 320   M    M   9        47 320
 4  50  28  39 -12  26   0 0.02  0.0    0 10.4 18 310   M    M   3        28 310
 5  60  38  49  -1  16   0 0.02  0.0    0 11.7 28 330   M    M   6        36 320
 6  64  30  47  -3  18   0 0.00  0.0    0 12.6 28 310   M    M   3        35 310
 7  63  34  49   0  16   0 0.00  0.0    0 13.8 30 310   M    M   3        36 300
 8  59  33  46  -3  19   0    T  0.0    0  7.0 14  10   M    M   2 8      20  10
 9  56  31  44  -4  21   0 0.01    M    0  4.2 10 360   M    M   5 8      16 320
10  59  23  41  -7  24   0 0.00  0.0    0  2.3  8 240   M    M   0        13 340
11  68  28  48   0  17   0 0.00  0.0    0 16.6 29 170   M    M   0        37 170
12  62  47  55   8  10   0 0.12  0.0    0 12.3 23 170   M    M   4        31 170
13  66  40  53   6  12   0 0.03  0.0    0 11.5 23 340   M    M   2        27 340
14  69  29  49   3  16   0 0.00  0.0    0  3.9  9 170   M    M   0        12 170
15  73  32  53   7  12   0 0.00  0.0    0 14.1 25 160   M    M   0        32 140
16  69  48  59  14   6   0 0.00  0.0    0 20.1 35 290   M    M   4        46 300
17  52  43  48   3  17   0 0.00  0.0    0 16.6 31 330   M    M  10        42 310
18  56  41  49   5  16   0 0.00  0.0    0  9.0 18 160   M    M   6        24 180
19  77  38  58  14   7   0 0.00  0.0    0  9.4 22 340   M    M   0        27 340
20  73  29  51   8  14   0 0.00  0.0    0  3.9  9 120   M    M   0 8      12 170
================================================================================
SM 1264  717       305   0  0.20     0.0 220.7          M       62
================================================================================
AV 63.2 35.8                              11.0 FASTST   M    M   3    MAX(MPH)
                                 MISC ---->  # 38 320               # 47  320
================================================================================
NOTES:
# LAST OF SEVERAL OCCURRENCES

COLUMN 17 PEAK WIND IN M.P.H.

PRELIMINARY LOCAL CLIMATOLOGICAL DATA (WS FORM: F-6) , PAGE 2

                                          STATION:  ABERDEEN SD
                                          MONTH:    OCTOBER
                                          YEAR:     2014
                                          LATITUDE:   45 27 N
                                          LONGITUDE:  98 26 W

[TEMPERATURE DATA]      [PRECIPITATION DATA]       SYMBOLS USED IN COLUMN 16

AVERAGE MONTHLY: 49.5   TOTAL FOR MONTH:   0.20    1 = FOG OR MIST
DPTR FM NORMAL:   1.8   DPTR FM NORMAL:   -1.23    2 = FOG REDUCING VISIBILITY
HIGHEST:    77 ON 19    GRTST 24HR  0.22 ON 30- 1      TO 1/4 MILE OR LESS
LOWEST:     23 ON 10                               3 = THUNDER
                        SNOW, ICE PELLETS, HAIL    4 = ICE PELLETS
                        TOTAL MONTH:   0.0 INCH    5 = HAIL
                        GRTST 24HR     0.0         6 = FREEZING RAIN OR DRIZZLE
                        GRTST DEPTH:   0           7 = DUSTSTORM OR SANDSTORM:
                                                       VSBY 1/2 MILE OR LESS
                                                   8 = SMOKE OR HAZE
[NO. OF DAYS WITH]      [WEATHER - DAYS WITH]      9 = BLOWING SNOW
                                                   X = TORNADO
MAX 32 OR BELOW:   0    0.01 INCH OR MORE:   5
MAX 90 OR ABOVE:   0    0.10 INCH OR MORE:   1
MIN 32 OR BELOW:   8    0.50 INCH OR MORE:   0
MIN  0 OR BELOW:   0    1.00 INCH OR MORE:   0

[HDD (BASE 65) ]
TOTAL THIS MO.   305    CLEAR  (SCALE 0-3)  10
DPTR FM NORMAL   -43    PTCLDY (SCALE 4-7)   8
TOTAL FM JUL 1   560    CLOUDY (SCALE 8-10)  2
DPTR FM NORMAL   -62

[CDD (BASE 65) ]
TOTAL THIS MO.     0
DPTR FM NORMAL     0    [PRESSURE DATA]
TOTAL FM JAN 1   342    HIGHEST SLP M ON M
DPTR FM NORMAL  -181    LOWEST  SLP 29.50 ON  6

[REMARKS]
