000
CXUS52 KTAE 280800
CF6ABY
PRELIMINARY LOCAL CLIMATOLOGICAL DATA (WS FORM: F-6)

                                          STATION:   ALBANY
                                          MONTH:     FEBRUARY
                                          YEAR:      2015
                                          LATITUDE:   31 31 N
                                          LONGITUDE:  84 11 W

  TEMPERATURE IN F:       :PCPN:    SNOW:  WIND      :SUNSHINE: SKY     :PK WND
================================================================================
1   2   3   4   5  6A  6B    7    8   9   10  11  12  13   14  15   16   17  18
                                     12Z  AVG MX 2MIN
DY MAX MIN AVG DEP HDD CDD  WTR  SNW DPTH SPD SPD DIR MIN PSBL S-S WX    SPD DR
================================================================================

 1  71  37  54   4  11   0 0.16  0.0    0  8.7 22 180   M    M   4 1      29 180
 2  65  36  51   1  14   0 0.04  0.0    0 12.4 26 320   M    M   5 1      38 320
 3  53  29  41  -9  24   0 0.00  0.0    0  2.9 10  70   M    M   0        20  30
 4  52  39  46  -5  19   0 0.67  0.0    0  4.8 10  60   M    M   6 1      14  50
 5  63  42  53   2  12   0 0.25  0.0    0  7.3 18 340   M    M   4 1      24 320
 6  58  29  44  -7  21   0 0.00  0.0    0  3.7 13  90   M    M   0        23  10
 7  65  29  47  -4  18   0 0.00  0.0    0  1.3 10 220   M    M   0 1      14 210
 8  70  33  52   1  13   0 0.00  0.0    0  4.1 15 240   M    M   0        21 220
 9  69  46  58   7   7   0 0.17  0.0    0  4.0 12 220   M    M   6 12     15 220
10  58  40  49  -3  16   0 0.00  0.0    0  7.4 21 330   M    M   5 8      28 330
11  66  33  50  -2  15   0 0.00  0.0    0  2.1 13 220   M    M   0 1      17  80
12  65  36  51  -1  14   0 0.00  0.0    0  9.0 23 300   M    M   0 1      32 320
13  50  26  38 -14  27   0 0.00  0.0    0  3.3 13  60   M    M   0 8      17  10
14  64  26  45  -7  20   0 0.00  0.0    0  5.6 20 260   M    M   0 18     24 250
15  55  40  48  -4  17   0 0.00  0.0    0  5.5 14  20   M    M   0 8      24  20
16  65  41  53   0  12   0    T  0.0    0 11.1 28 200   M    M   7        36 190
17  66  35  51  -2  14   0 0.56  0.0    0 10.0 28 210   M    M   6 1      35 200
18  53  26  40 -13  25   0 0.00  0.0    0  9.3 24 290   M    M   1        35 280
19  40  24  32 -21  33   0 0.00  0.0    0  9.2 20 330   M    M   0 8      28 320
20  43  22  33 -20  32   0 0.00  0.0    0  4.0  9  80   M    M   4        14  60
21  70  31  51  -3  14   0 0.00  0.0    0 10.6 24 180   M    M   0        33 190
22  78  51  65  11   0   0 0.10  0.0    0  7.4 18 220   M    M   7 1      24 200
23  67  52  60   6   5   0 0.05  0.0    0  6.5 20 330   M    M   5 1      25 350
24  53  43  48  -6  17   0 0.47    M    0  4.3 12 320   M    M   9 1      22 240
25  49  43  46  -9  19   0 1.50  0.0    0  6.6 21  70   M    M   9 138    24  60
26  48  40  44 -11  21   0 0.00  0.0    0  5.9 13 320   M    M   9 1      16 310
27  58  35  47  -8  18   0 0.00  0.0    0  4.7 14  10   M    M   1        20 360
================================================================================
SM 1614  964       458   0  3.97     0.0 171.7          M       88
================================================================================
AV 59.8 35.7                               6.4 FASTST   M    M   3    MAX(MPH)
                                 MISC ---->  # 28 200               # 38  320
================================================================================
NOTES:
# LAST OF SEVERAL OCCURRENCES

COLUMN 17 PEAK WIND IN M.P.H.

PRELIMINARY LOCAL CLIMATOLOGICAL DATA (WS FORM: F-6) , PAGE 2

                                          STATION:  ALBANY
                                          MONTH:    FEBRUARY
                                          YEAR:     2015
                                          LATITUDE:   31 31 N
                                          LONGITUDE:  84 11 W

[TEMPERATURE DATA]      [PRECIPITATION DATA]       SYMBOLS USED IN COLUMN 16

AVERAGE MONTHLY: 47.7   TOTAL FOR MONTH:   3.97    1 = FOG OR MIST
DPTR FM NORMAL:  -4.6   DPTR FM NORMAL:   -0.02    2 = FOG REDUCING VISIBILITY
HIGHEST:    78 ON 22    GRTST 24HR  1.50 ON 24-25      TO 1/4 MILE OR LESS
LOWEST:     22 ON 20                               3 = THUNDER
                        SNOW, ICE PELLETS, HAIL    4 = ICE PELLETS
                        TOTAL MONTH:   0.0 INCH    5 = HAIL
                        GRTST 24HR     0.0         6 = FREEZING RAIN OR DRIZZLE
                        GRTST DEPTH:   0           7 = DUSTSTORM OR SANDSTORM:
                                                       VSBY 1/2 MILE OR LESS
                                                   8 = SMOKE OR HAZE
[NO. OF DAYS WITH]      [WEATHER - DAYS WITH]      9 = BLOWING SNOW
                                                   X = TORNADO
MAX 32 OR BELOW:   0    0.01 INCH OR MORE:  10
MAX 90 OR ABOVE:   0    0.10 INCH OR MORE:   8
MIN 32 OR BELOW:   9    0.50 INCH OR MORE:   3
MIN  0 OR BELOW:   0    1.00 INCH OR MORE:   1

[HDD (BASE 65) ]
TOTAL THIS MO.   458    CLEAR  (SCALE 0-3)  13
DPTR FM NORMAL   112    PTCLDY (SCALE 4-7)  11
TOTAL FM JUL 1  1705    CLOUDY (SCALE 8-10)  3
DPTR FM NORMAL   155

[CDD (BASE 65) ]
TOTAL THIS MO.     0
DPTR FM NORMAL    -2    [PRESSURE DATA]
TOTAL FM JAN 1     2    HIGHEST SLP M ON M
DPTR FM NORMAL    -4    LOWEST  SLP 29.60 ON 25

[REMARKS]
