000
CXUS56 KEKA 251230
CF6ACV
PRELIMINARY LOCAL CLIMATOLOGICAL DATA (WS FORM: F-6)

                                          STATION:   ARCATA CA
                                          MONTH:     DECEMBER
                                          YEAR:      2014
                                          LATITUDE:   40 58 N
                                          LONGITUDE: 124  6 W

  TEMPERATURE IN F:       :PCPN:    SNOW:  WIND      :SUNSHINE: SKY     :PK WND
================================================================================
1   2   3   4   5  6A  6B    7    8   9   10  11  12  13   14  15   16   17  18
                                     12Z  AVG MX 2MIN
DY MAX MIN AVG DEP HDD CDD  WTR  SNW DPTH SPD SPD DIR MIN PSBL S-S WX    SPD DR
================================================================================

 1  67  52  60  13   5   0 0.00  0.0    0  5.5 13 160   M    M   4 18     16 140
 2  65  51  58  11   7   0 0.11  0.0    0  4.2 15 100   M    M   6 1      22  90
 3  61  51  56   9   9   0 0.35  0.0    0  4.9 17 210   M    M   9 18     22 130
 4  66  52  59  12   6   0    T  0.0    0  7.4 20 200   M    M   6 1      28 190
 5  68  52  60  13   5   0 1.46  0.0    0  9.2 23 210   M    M   8 1      31 210
 6  61  45  53   6  12   0    T    M    0  4.6 10 120   M    M   2 1      16 130
 7  66  45  56  10   9   0 0.27    M    0 11.3 32 220   M    M   3 1      41 230
 8  64  55  60  14   5   0 0.00  0.0    0  8.0 16 130   M    M   4 18     22 130
 9  66  57  62  16   3   0    T  0.0    0  8.2 16 190   M    M   7        21 140
10  65  55  60  14   5   0 0.91  0.0    0 13.7 28 140   M    M   7 1      41 150
11  64  50  57  11   8   0 1.06  0.0    0 10.8 33 200   M    M   8 13     46 230
12  56  41  49   3  16   0 0.30    M    0  3.7 15 330   M    M   6 1      17 320
13  55  38  47   1  18   0 0.00  0.0    0  4.7  9  80   M    M   0 8      12 270
14  57  43  50   4  15   0 0.03    M    0  9.5 23 130   M    M   5        32 140
15  56  47  52   6  13   0 0.26    M    0  8.1 14 120   M    M   8 1      19 130
16  56  49  53   7  12   0 0.12    M    0 14.0 24 130   M    M   8 1      37 130
17  54  48  51   5  14   0 0.41    M    0  9.4 20 240   M    M  10 1      25 250
18  59  48  54   8  11   0 0.46    M    0  8.9 20 170   M    M   8 1      27 170
19  58  50  54   8  11   0 0.46  0.0    0  6.8 14 190   M    M   9 18     18 210
20  57  51  54   8  11   0 1.70  0.0    0 10.1 18 130   M    M  10 1      24 130
21  58  57  58  12   7   0 1.39  0.0    0  5.2 12 200   M    M  10 12     15 210
22  58  53  56  10   9   0 0.01  0.0    0  2.9 13 330   M    M  10 12     15 330
23  56  50  53   7  12   0 0.00  0.0    0  2.2  9 330   M    M  10 2      11 340
24  53  39  46   0  19   0 0.57    M    0  8.3 36 350   M    M   9 1      52 320
================================================================================
SM 1446 1179       242   0  9.87     0.0 181.6          M      167
================================================================================
AV 60.2 49.1                               7.6 FASTST   M    M   7    MAX(MPH)
                                 MISC ---->  # 36 350               # 52  320
================================================================================
NOTES:
# LAST OF SEVERAL OCCURRENCES

COLUMN 17 PEAK WIND IN M.P.H.

PRELIMINARY LOCAL CLIMATOLOGICAL DATA (WS FORM: F-6) , PAGE 2

                                          STATION:  ARCATA CA
                                          MONTH:    DECEMBER
                                          YEAR:     2014
                                          LATITUDE:   40 58 N
                                          LONGITUDE: 124  6 W

[TEMPERATURE DATA]      [PRECIPITATION DATA]       SYMBOLS USED IN COLUMN 16

AVERAGE MONTHLY: 54.7   TOTAL FOR MONTH:   9.87    1 = FOG OR MIST
DPTR FM NORMAL:   8.4   DPTR FM NORMAL:    3.40    2 = FOG REDUCING VISIBILITY
HIGHEST:    68 ON  5    GRTST 24HR  2.01 ON 20-21      TO 1/4 MILE OR LESS
LOWEST:     38 ON 13                               3 = THUNDER
                        SNOW, ICE PELLETS, HAIL    4 = ICE PELLETS
                        TOTAL MONTH:   0.0 INCH    5 = HAIL
                        GRTST 24HR     0.0         6 = FREEZING RAIN OR DRIZZLE
                        GRTST DEPTH:   0           7 = DUSTSTORM OR SANDSTORM:
                                                       VSBY 1/2 MILE OR LESS
                                                   8 = SMOKE OR HAZE
[NO. OF DAYS WITH]      [WEATHER - DAYS WITH]      9 = BLOWING SNOW
                                                   X = TORNADO
MAX 32 OR BELOW:   0    0.01 INCH OR MORE:  17
MAX 90 OR ABOVE:   0    0.10 INCH OR MORE:  15
MIN 32 OR BELOW:   0    0.50 INCH OR MORE:   6
MIN  0 OR BELOW:   0    1.00 INCH OR MORE:   4

[HDD (BASE 65) ]
TOTAL THIS MO.   242    CLEAR  (SCALE 0-3)   3
DPTR FM NORMAL  -207    PTCLDY (SCALE 4-7)  10
TOTAL FM JUL 1  1325    CLOUDY (SCALE 8-10) 11
DPTR FM NORMAL  -795

[CDD (BASE 65) ]
TOTAL THIS MO.     0
DPTR FM NORMAL     0    [PRESSURE DATA]
TOTAL FM JAN 1     9    HIGHEST SLP M ON M
DPTR FM NORMAL     7    LOWEST  SLP 29.12 ON 11

[REMARKS]
