000
CXUS51 KPHI 190800
CF6ACY
PRELIMINARY LOCAL CLIMATOLOGICAL DATA (WS FORM: F-6)

                                          STATION:   ATLANTIC CITY NJ
                                          MONTH:     FEBRUARY
                                          YEAR:      2017
                                          LATITUDE:   39 27 N
                                          LONGITUDE:  74 34 W

  TEMPERATURE IN F:       :PCPN:    SNOW:  WIND      :SUNSHINE: SKY     :PK WND
================================================================================
1   2   3   4   5  6A  6B    7    8   9   10  11  12  13   14  15   16   17  18
                                     12Z  AVG MX 2MIN
DY MAX MIN AVG DEP HDD CDD  WTR  SNW DPTH SPD SPD DIR MIN PSBL S-S WX    SPD DR
================================================================================

 1  47  29  38   5  27   0 0.00  0.0    0  6.8 14 250   M    M   4        18 260
 2  47  29  38   4  27   0 0.00  0.0    0  7.1 17 280   M    M   4        23 290
 3  37  25  31  -3  34   0 0.00  0.0    0 10.3 23 310   M    M   3        29 310
 4  36  20  28  -6  37   0 0.00  0.0    0 10.0 24 310   M    M   0        34 310
 5  52  26  39   5  26   0 0.00  0.0    M  9.3 20 290   M    M   4        28 280
 6  56  30  43   9  22   0 0.00  0.0    0  7.7 16 260   M    M   1        19 260
 7  60  44  52  18  13   0    T  0.0    0  9.6 20 200   M    M   4        28 210
 8  71  47  59  25   6   0 0.00  0.0    0  9.3 18 230   M    M   2        24 230
 9  47  23  35   1  30   0 0.71  0.3    0 22.5 39 290   M    M   4 1      51 300
10  37  21  29  -5  36   0 0.00  0.0    0 10.1 24 290   M    M   2        31 270
11  60  37  49  14  16   0 0.00  0.0    0  6.9 14 190   M    M   2        19 190
12  45  36  41   6  24   0 0.26  0.0    0 11.9 21 320   M    M   8 1      27  90
13  44  35  40   5  25   0    T    T    0 25.9 41 310   M    M   1        54 310
14  43  24  34  -1  31   0 0.00  0.0    0  8.5 17 230   M    M   M        22 230
15  52  31  42   7  23   0    T  0.0    0  9.8 32 290   M    M   4 1      40 300
16  41  29  35   0  30   0 0.00  0.0    0 17.5 28 310   M    M   5        37 300
17  45  25  35  -1  30   0 0.00  0.0    0  7.9 17 280   M    M   0        24 310
18  68  24  46  10  19   0 0.00  0.0    0  6.9 20 260   M    M   0        24 250
================================================================================
SM  888  535       456   0  0.97     0.3 198.0          M       48
================================================================================
AV 49.3 29.7                              11.0 FASTST   M    M   3    MAX(MPH)
                                 MISC ---->    41   M                 54    M
================================================================================
NOTES:
# LAST OF SEVERAL OCCURRENCES

COLUMN 17 PEAK WIND IN M.P.H.

PRELIMINARY LOCAL CLIMATOLOGICAL DATA (WS FORM: F-6) , PAGE 2

                                          STATION:  ATLANTIC CITY NJ
                                          MONTH:    FEBRUARY
                                          YEAR:     2017
                                          LATITUDE:   39 27 N
                                          LONGITUDE:  74 34 W

[TEMPERATURE DATA]      [PRECIPITATION DATA]       SYMBOLS USED IN COLUMN 16

AVERAGE MONTHLY: 39.5   TOTAL FOR MONTH:   0.97    1 = FOG OR MIST
DPTR FM NORMAL:   5.0   DPTR FM NORMAL:   -0.80    2 = FOG REDUCING VISIBILITY
HIGHEST:    71 ON  8    GRTST 24HR  0.71 ON  9- 9      TO 1/4 MILE OR LESS
LOWEST:     20 ON  4                               3 = THUNDER
                        SNOW, ICE PELLETS, HAIL    4 = ICE PELLETS
                        TOTAL MONTH:   0.3 INCH    5 = HAIL
                        GRTST 24HR   0.3 ON   M    6 = FREEZING RAIN OR DRIZZLE
                        GRTST DEPTH:   0           7 = DUSTSTORM OR SANDSTORM:
                                                       VSBY 1/2 MILE OR LESS
                                                   8 = SMOKE OR HAZE
[NO. OF DAYS WITH]      [WEATHER - DAYS WITH]      9 = BLOWING SNOW
                                                   X = TORNADO
MAX 32 OR BELOW:   0    0.01 INCH OR MORE:   2
MAX 90 OR ABOVE:   0    0.10 INCH OR MORE:   2
MIN 32 OR BELOW:  13    0.50 INCH OR MORE:   1
MIN  0 OR BELOW:   0    1.00 INCH OR MORE:   0

[HDD (BASE 65) ]
TOTAL THIS MO.   456    CLEAR  (SCALE 0-3)   8
DPTR FM NORMAL   -94    PTCLDY (SCALE 4-7)   8
TOTAL FM JUL 1  2841    CLOUDY (SCALE 8-10)  1
DPTR FM NORMAL  -470

[CDD (BASE 65) ]
TOTAL THIS MO.     0
DPTR FM NORMAL     0    [PRESSURE DATA]
TOTAL FM JAN 1     0    HIGHEST SLP M ON M
DPTR FM NORMAL     0    LOWEST  SLP 29.34 ON 15

[REMARKS]
