000
CXUS54 KLZK 201330
CF6ADF
PRELIMINARY LOCAL CLIMATOLOGICAL DATA (WS FORM: F-6)

                                          STATION:   Arkadelphia Airport
                                          MONTH:     OCTOBER
                                          YEAR:      2014
                                          LATITUDE:   34  9 N
                                          LONGITUDE:  93  4 W

  TEMPERATURE IN F:       :PCPN:    SNOW:  WIND      :SUNSHINE: SKY     :PK WND
================================================================================
1   2   3   4   5  6A  6B    7    8   9   10  11  12  13   14  15   16   17  18
                                     12Z  AVG MX 2MIN
DY MAX MIN AVG DEP HDD CDD  WTR  SNW DPTH SPD SPD DIR MIN PSBL S-S WX    SPD DR
================================================================================

 1  90  67  79  11   0  14 1.34  0.0    0  3.7 12 160   M    M   3 123     M  M
 2  92  66  79  12   0  14 0.84  0.0    0  4.8 12 180   M    M   4 13      M  M
 3  77  57  67   0   0   2 0.00  0.0    0  7.5 13 290   M    M   2         M  M
 4  73  44  59  -8   6   0 0.00  0.0    0  3.7  9 290   M    M   0 1       M  M
 5  80  46  63  -3   2   0 0.00  0.0    0  4.1 14 230   M    M   0 1       M  M
 6  82  60  71   5   0   6 0.49  0.0    0  3.3 10 200   M    M   2 13      M  M
 7  87  60  74   8   0   9 0.00  0.0    0  4.4 13 250   M    M   2 12      M  M
 8  81  67  74   9   0   9 0.00  0.0    0  1.8  8 220   M    M   5 128     M  M
 9  87  64  76  11   0  11    T  0.0    0  2.2 10 200   M    M   4 12      M  M
10  89  64  77  13   0  12 0.28  0.0    0  3.6 10 230   M    M   3 123     M  M
11  69  61  65   1   0   0 1.96  0.0    0  4.4  6  60   M    M   8 13      M  M
12  66  61  64   0   1   0 0.07  0.0    0  2.5  7 210   M    M   8 123     M  M
13  73  59  66   3   0   1 0.86  0.0    0  9.3 15 240   M    M   7 13     21 240
14  71  55  63   0   2   0    T  0.0    0  7.5 15 310   M    M   1         M  M
15  74  48  61  -2   4   0 0.00  0.0    0  4.1 10 270   M    M   0         M  M
16  80  45  63   1   2   0 0.00  0.0    0  0.8  6 180   M    M   1 128     M  M
17  82  52  67   5   0   2    T  0.0    0  0.2  4 220   M    M   0 18      M  M
18  71  54  63   1   2   0    T  0.0    0  1.9  6  40   M    M   0 1       M  M
19  70  48  59  -2   6   0    T    M    0  0.7  5  40   M    M   0 1       M  M
================================================================================
SM 1494 1078        25  80  5.84     0.0  70.5          M       50
================================================================================
AV 78.6 56.7                               3.7 FASTST   M    M   3    MAX(MPH)
                                 MISC ---->  # 15 240                 21    M
================================================================================
NOTES:
# LAST OF SEVERAL OCCURRENCES

COLUMN 17 PEAK WIND IN M.P.H.

PRELIMINARY LOCAL CLIMATOLOGICAL DATA (WS FORM: F-6) , PAGE 2

                                          STATION:  Arkadelphia Airport
                                          MONTH:    OCTOBER
                                          YEAR:     2014
                                          LATITUDE:   34  9 N
                                          LONGITUDE:  93  4 W

[TEMPERATURE DATA]      [PRECIPITATION DATA]       SYMBOLS USED IN COLUMN 16

AVERAGE MONTHLY: 67.7   TOTAL FOR MONTH:   5.84    1 = FOG OR MIST
DPTR FM NORMAL:   3.2   DPTR FM NORMAL:    2.54    2 = FOG REDUCING VISIBILITY
HIGHEST:    92 ON  2    GRTST 24HR  1.96 ON 11-11      TO 1/4 MILE OR LESS
LOWEST:     44 ON  4                               3 = THUNDER
                        SNOW, ICE PELLETS, HAIL    4 = ICE PELLETS
                        TOTAL MONTH:   0.0 INCH    5 = HAIL
                        GRTST 24HR     0.0         6 = FREEZING RAIN OR DRIZZLE
                        GRTST DEPTH:   0           7 = DUSTSTORM OR SANDSTORM:
                                                       VSBY 1/2 MILE OR LESS
                                                   8 = SMOKE OR HAZE
[NO. OF DAYS WITH]      [WEATHER - DAYS WITH]      9 = BLOWING SNOW
                                                   X = TORNADO
MAX 32 OR BELOW:   0    0.01 INCH OR MORE:   7
MAX 90 OR ABOVE:   2    0.10 INCH OR MORE:   6
MIN 32 OR BELOW:   0    0.50 INCH OR MORE:   4
MIN  0 OR BELOW:   0    1.00 INCH OR MORE:   2

[HDD (BASE 65) ]
TOTAL THIS MO.    25    CLEAR  (SCALE 0-3)  13
DPTR FM NORMAL   -35    PTCLDY (SCALE 4-7)   6
TOTAL FM JUL 1    28    CLOUDY (SCALE 8-10)  0
DPTR FM NORMAL   -48

[CDD (BASE 65) ]
TOTAL THIS MO.    80
DPTR FM NORMAL    30    [PRESSURE DATA]
TOTAL FM JAN 1  2014    HIGHEST SLP M ON M
DPTR FM NORMAL   116    LOWEST  SLP M ON M

[REMARKS]
