454
CXAK56 PAFC 191320
CF6ADQ
PRELIMINARY LOCAL CLIMATOLOGICAL DATA (WS FORM: F-6)

                                          STATION:   KODIAK
                                          MONTH:     SEPTEMBER
                                          YEAR:      2017
                                          LATITUDE:   57 45 N
                                          LONGITUDE: 152 31 W

  TEMPERATURE IN F:       :PCPN:    SNOW:  WIND      :SUNSHINE: SKY     :PK WND
================================================================================
1   2   3   4   5  6A  6B    7    8   9   10  11  12  13   14  15   16   17  18
                                     12Z  AVG MX 2MIN
DY MAX MIN AVG DEP HDD CDD  WTR  SNW DPTH SPD SPD DIR MIN PSBL S-S WX    SPD DR
================================================================================

 1  58  39  49  -4  16   0    T  0.0    0  5.1 13  60   M    M   7         M  M
 2  53  39  46  -7  19   0 0.22  0.0    0  8.1 24 110   M    M   9 1      30 110
 3  53  51  52  -1  13   0 1.33  0.0    0 24.2 37  50   M    M  10 1      56  60
 4  53  52  53   0  12   0 0.61  0.0    0 17.5 23  90   M    M  10 1      35  90
 5  53  50  52   0  13   0 1.05  0.0    0 13.4 30 270   M    M  10 1      46 270
 6  58  43  51  -1  14   0 0.01  0.0    0  7.4 14 160   M    M   9         M  M
 7  55  47  51  -1  14   0 0.10  0.0    0  5.8 13  40   M    M  10 1      15  40
 8  57  50  54   2  11   0 0.08  0.0    0  9.3 16 290   M    M   7 1      24 300
 9  57  48  53   2  12   0 0.00  0.0    0  7.1 17 300   M    M   6        23 290
10  55  43  49  -2  16   0 0.00  0.0    0  4.0  8 110   M    M   8 12      9 100
11  56  42  49  -2  16   0 0.00  0.0    0  5.7 13 310   M    M   5        18 330
12  56  39  48  -3  17   0 0.04  0.0    0  7.9 14 180   M    M   7        21 190
13  55  50  53   3  12   0 0.10  0.0    0 13.0 17 140   M    M  10 1      25 160
14  58  42  50   0  15   0 0.49  0.0    0  9.5 17 120   M    M   7 1      25 120
15  54  38  46  -4  19   0 0.11  0.0    0  8.2 20 110   M    M   7 1       M  M
16  53  46  50   1  15   0 0.67  0.0    0 15.4 26 280   M    M   9 1      38 280
17  63  48  56   7   9   0 0.05  0.0    0 10.0 15 290   M    M   4 1      21 310
18  59  47  53   4  12   0 0.00  0.0    0 12.4 25 260   M    M   4        36 270
================================================================================
SM 1006  814       255   0  4.86     0.0 184.0          M      139
================================================================================
AV 55.9 45.2                              10.2 FASTST   M    M   8    MAX(MPH)
                                 MISC ---->  # 37  50               # 56   60
================================================================================
NOTES:
# LAST OF SEVERAL OCCURRENCES

COLUMN 17 PEAK WIND IN M.P.H.

PRELIMINARY LOCAL CLIMATOLOGICAL DATA (WS FORM: F-6) , PAGE 2

                                          STATION:  KODIAK
                                          MONTH:    SEPTEMBER
                                          YEAR:     2017
                                          LATITUDE:   57 45 N
                                          LONGITUDE: 152 31 W

[TEMPERATURE DATA]      [PRECIPITATION DATA]       SYMBOLS USED IN COLUMN 16

AVERAGE MONTHLY: 50.6   TOTAL FOR MONTH:   4.86    1 = FOG OR MIST
DPTR FM NORMAL:  -0.6   DPTR FM NORMAL:    0.84    2 = FOG REDUCING VISIBILITY
HIGHEST:    63 ON 17    GRTST 24HR  1.33 ON  3- 3      TO 1/4 MILE OR LESS
LOWEST:     38 ON 15                               3 = THUNDER
                        SNOW, ICE PELLETS, HAIL    4 = ICE PELLETS
                        TOTAL MONTH:   0.0 INCH    5 = HAIL
                        GRTST 24HR     0.0         6 = FREEZING RAIN OR DRIZZLE
                        GRTST DEPTH:   0           7 = DUSTSTORM OR SANDSTORM:
                                                       VSBY 1/2 MILE OR LESS
                                                   8 = SMOKE OR HAZE
[NO. OF DAYS WITH]      [WEATHER - DAYS WITH]      9 = BLOWING SNOW
                                                   X = TORNADO
MAX 32 OR BELOW:   0    0.01 INCH OR MORE:  13
MAX 90 OR ABOVE:   0    0.10 INCH OR MORE:   9
MIN 32 OR BELOW:   0    0.50 INCH OR MORE:   4
MIN  0 OR BELOW:   0    1.00 INCH OR MORE:   2

[HDD (BASE 65) ]
TOTAL THIS MO.   255    CLEAR  (SCALE 0-3)   0
DPTR FM NORMAL     6    PTCLDY (SCALE 4-7)   9
TOTAL FM JUL 1   860    CLOUDY (SCALE 8-10)  9
DPTR FM NORMAL   -22

[CDD (BASE 65) ]
TOTAL THIS MO.     0
DPTR FM NORMAL     0    [PRESSURE DATA]
TOTAL FM JAN 1     0    HIGHEST SLP M ON M
DPTR FM NORMAL    -1    LOWEST  SLP 29.19 ON 16

[REMARKS]
