000
CXUS54 KLCH 301310
CF6AEX
PRELIMINARY LOCAL CLIMATOLOGICAL DATA (WS FORM: F-6)

                                          STATION:   ALEXANDRIA
                                          MONTH:     SEPTEMBER
                                          YEAR:      2014
                                          LATITUDE:   31 19 N
                                          LONGITUDE:  92 33 W

  TEMPERATURE IN F:       :PCPN:    SNOW:  WIND      :SUNSHINE: SKY     :PK WND
================================================================================
1   2   3   4   5  6A  6B    7    8   9   10  11  12  13   14  15   16   17  18
                                     12Z  AVG MX 2MIN
DY MAX MIN AVG DEP HDD CDD  WTR  SNW DPTH SPD SPD DIR MIN PSBL S-S WX    SPD DR
================================================================================

 1  92  73  83   2   0  18 0.01  0.0    0  7.6 18 230   M    M   3 123    22 230
 2  92  74  83   2   0  18 0.12  0.0    0  5.8 24 220   M    M   4 123    32 220
 3  93  71  82   1   0  17 0.00  0.0    0  3.0 14 140   M    M   1 1      18 130
 4  93  71  82   2   0  17 0.00  0.0    0  2.9 10 140   M    M   1 1      15 140
 5  91  73  82   2   0  17    T  0.0    0  3.4 15 110   M    M   1 13     18 110
 6  90  72  81   1   0  16 0.00  0.0    0  2.9 13 350   M    M   1 3      16 340
 7  82  73  78  -2   0  13 0.00  0.0    0  4.1  9  30   M    M   6 1      12 350
 8  92  70  81   1   0  16    T  0.0    0  2.3  9  30   M    M   2 128    12  40
 9  93  73  83   4   0  18 0.00  0.0    0  3.5 10 160   M    M   2 1      13 160
10  93  73  83   4   0  18 0.00  0.0    0  6.1 14 220   M    M   2 1      19 230
11  94  72  83   4   0  18 0.16  0.0    0  3.3 10 160   M    M   1        15 160
12  91  71  81   3   0  16 0.57  0.0    0  5.5 16  20   M    M   3 13     21 260
13  71  64  68 -10   0   3 0.01  0.0    0  8.8 16  20   M    M  10 1      22  10
14  80  64  72  -6   0   7 0.00  0.0    0  5.0 10  10   M    M   7 1      14  50
15  90  65  78   1   0  13 0.00  0.0    0  3.1  9  20   M    M   0 1      12  10
16  91  72  82   5   0  17 0.00  0.0    0  3.8 14 210   M    M   4 13     20 180
17  88  70  79   2   0  14 0.00  0.0    0  1.9 10  70   M    M   3 12     12  70
18  87  72  80   4   0  15 0.00  0.0    0  1.9  8 210   M    M   1 1      11 210
19  89  69  79   3   0  14 0.00  0.0    0  4.9 14 130   M    M   2 1      18 110
20  91  66  79   3   0  14 0.00  0.0    0  3.3 13  70   M    M   1 12     17 110
21  92  66  79   4   0  14 0.00  0.0    0  1.8 12 360   M    M   1 1      16 360
22  86  65  76   1   0  11 0.00  0.0    0  7.2 15 350   M    M   2 1      22 350
23  83  54  69  -6   0   4 0.00  0.0    0  5.5 13  20   M    M   0        17  40
24  86  57  72  -2   0   7 0.00  0.0    0  4.3 14  70   M    M   0        18 100
25  86  61  74   0   0   9 0.00  0.0    0  3.1 13  60   M    M   1 1      18 110
26  86  62  74   0   0   9 0.00  0.0    0  2.4 13  90   M    M   0 1      16 100
27   M   M   M   M   M   M    M    M    M   M   M   M   M    M   M 1       M  M
28  82  68  75   2   0  10    T  0.0    0  4.3 10  40   M    M   4        13  40
29  88  70  79   7   0  14 0.00  0.0    0  4.2 13  60   M    M   6        16 110
================================================================================
SM 2472 1911         0 377  0.87     0.0 115.9          M       69
================================================================================
AV 88.3 68.2                               4.1 FASTST   M    M   2    MAX(MPH)
                                 MISC ---->  # 24 220               # 32  220
================================================================================
NOTES:
# LAST OF SEVERAL OCCURRENCES

COLUMN 17 PEAK WIND IN M.P.H.

PRELIMINARY LOCAL CLIMATOLOGICAL DATA (WS FORM: F-6) , PAGE 2

                                          STATION:  ALEXANDRIA
                                          MONTH:    SEPTEMBER
                                          YEAR:     2014
                                          LATITUDE:   31 19 N
                                          LONGITUDE:  92 33 W

[TEMPERATURE DATA]      [PRECIPITATION DATA]       SYMBOLS USED IN COLUMN 16

AVERAGE MONTHLY: 78.3   TOTAL FOR MONTH:   0.87    1 = FOG OR MIST
DPTR FM NORMAL:   1.1   DPTR FM NORMAL:   -1.87    2 = FOG REDUCING VISIBILITY
HIGHEST:    94 ON 11    GRTST 24HR  0.58 ON 12-13      TO 1/4 MILE OR LESS
LOWEST:     54 ON 23                               3 = THUNDER
                        SNOW, ICE PELLETS, HAIL    4 = ICE PELLETS
                        TOTAL MONTH:   0.0 INCH    5 = HAIL
                        GRTST 24HR     0.0         6 = FREEZING RAIN OR DRIZZLE
                        GRTST DEPTH:   0           7 = DUSTSTORM OR SANDSTORM:
                                                       VSBY 1/2 MILE OR LESS
                                                   8 = SMOKE OR HAZE
[NO. OF DAYS WITH]      [WEATHER - DAYS WITH]      9 = BLOWING SNOW
                                                   X = TORNADO
MAX 32 OR BELOW:   0    0.01 INCH OR MORE:   5
MAX 90 OR ABOVE:  15    0.10 INCH OR MORE:   3
MIN 32 OR BELOW:   0    0.50 INCH OR MORE:   1
MIN  0 OR BELOW:   0    1.00 INCH OR MORE:   0

[HDD (BASE 65) ]
TOTAL THIS MO.     0    CLEAR  (SCALE 0-3)  20
DPTR FM NORMAL     0    PTCLDY (SCALE 4-7)   7
TOTAL FM JUL 1     0    CLOUDY (SCALE 8-10)  1
DPTR FM NORMAL     0

[CDD (BASE 65) ]
TOTAL THIS MO.   377
DPTR FM NORMAL    23    [PRESSURE DATA]
TOTAL FM JAN 1  2285    HIGHEST SLP M ON M
DPTR FM NORMAL   -56    LOWEST  SLP 29.87 ON 29

[REMARKS]
