000
CXUS52 KFFC 261110
CF6AHN
PRELIMINARY LOCAL CLIMATOLOGICAL DATA (WS FORM: F-6)

                                          STATION:   ATHENS
                                          MONTH:     JUNE
                                          YEAR:      2017
                                          LATITUDE:   33 57 N
                                          LONGITUDE:  83 19 W

  TEMPERATURE IN F:       :PCPN:    SNOW:  WIND      :SUNSHINE: SKY     :PK WND
================================================================================
1   2   3   4   5  6A  6B    7    8   9   10  11  12  13   14  15   16   17  18
                                     12Z  AVG MX 2MIN
DY MAX MIN AVG DEP HDD CDD  WTR  SNW DPTH SPD SPD DIR MIN PSBL S-S WX    SPD DR
================================================================================

 1  88  64  76   2   0  11 0.00  0.0    0  2.2  8 280   M    M   0 1      12 220
 2  89  65  77   2   0  12 0.00  0.0    0  1.1  7 330   M    M   0 1      10 340
 3  90  64  77   2   0  12 0.00  0.0    0  0.3  6 180   M    M   1         9 210
 4  83  69  76   1   0  11 0.39  0.0    0  1.1  9 320   M    M   5 13     14 320
 5  82  70  76   1   0  11 0.63  0.0    0  3.3 14 320   M    M   8 13     20 330
 6  82  68  75  -1   0  10    T  0.0    0  2.1  8  20   M    M   4        10  20
 7  82  63  73  -3   0   8    T  0.0    0  6.2 15  70   M    M   5        21  70
 8  82  60  71  -5   0   6 0.00  0.0    0  3.1 14  60   M    M   3 1      20  60
 9  87  61  74  -2   0   9 0.00  0.0    0  1.4 10 270   M    M   4 1      13 230
10  88  63  76  -1   0  11 0.00  0.0    0  2.2  7 180   M    M   2        12 190
11  88  62  75  -2   0  10 0.00  0.0    0  2.8  8  90   M    M   4        12  70
12  86  68  77   0   0  12 0.00  0.0    0  2.3  8 180   M    M   2        12 180
13  90  67  79   2   0  14 0.00  0.0    0  1.8  7 190   M    M   2        10 180
14  92  68  80   2   0  15 0.39  0.0    0  2.3 14  10   M    M   2 13     20  20
15  92  69  81   3   0  16 0.65  0.0    0  3.2 13 310   M    M   3 13     21 300
16  88  68  78   0   0  13    T  0.0    0  1.5  6 230   M    M   6 1       9 230
17  90  68  79   1   0  14 0.00  0.0    0  1.7  9 220   M    M   2        17 210
18  87  69  78   0   0  13 0.04  0.0    0  2.9  9 170   M    M   3        17 180
19  89  68  79   1   0  14 0.06  0.0    0  3.6 12 330   M    M   3 13     17 320
20  75  69  72  -7   0   7 1.42  0.0    0  2.4  8 200   M    M   9 12     14 210
21  83  69  76  -3   0  11    T  0.0    0  1.0  7 100   M    M   7 1      10 170
22  84  70  77  -2   0  12 1.50  0.0    0  2.6 15 250   M    M   4 123    24 260
23  90  72  81   2   0  16 0.01  0.0    0  6.0  9 210   M    M   3 8      20  99
24  86  70  78  -1   0  13 1.57  0.0    0  3.6 12  60   M    M   8 123    16  60
25  85  68  77  -2   0  12 0.00  0.0    0  3.1  9 310   M    M   1 1      14 310
================================================================================
SM 2158 1672         0 293  6.66     0.0  63.8          M       91
================================================================================
AV 86.3 66.9                               2.6 FASTST   M    M   4    MAX(MPH)
                                 MISC ---->  # 15  70               # 24  260
================================================================================
NOTES:
# LAST OF SEVERAL OCCURRENCES

COLUMN 17 PEAK WIND IN M.P.H.

PRELIMINARY LOCAL CLIMATOLOGICAL DATA (WS FORM: F-6) , PAGE 2

                                          STATION:  ATHENS
                                          MONTH:    JUNE
                                          YEAR:     2017
                                          LATITUDE:   33 57 N
                                          LONGITUDE:  83 19 W

[TEMPERATURE DATA]      [PRECIPITATION DATA]       SYMBOLS USED IN COLUMN 16

AVERAGE MONTHLY: 76.6   TOTAL FOR MONTH:   6.66    1 = FOG OR MIST
DPTR FM NORMAL:  -0.5   DPTR FM NORMAL:    3.23    2 = FOG REDUCING VISIBILITY
HIGHEST:    92 ON 15,14 GRTST 24HR  1.57 ON 24-24      TO 1/4 MILE OR LESS
LOWEST:     60 ON  8                               3 = THUNDER
                        SNOW, ICE PELLETS, HAIL    4 = ICE PELLETS
                        TOTAL MONTH:   0.0 INCH    5 = HAIL
                        GRTST 24HR     0.0         6 = FREEZING RAIN OR DRIZZLE
                        GRTST DEPTH:   0           7 = DUSTSTORM OR SANDSTORM:
                                                       VSBY 1/2 MILE OR LESS
                                                   8 = SMOKE OR HAZE
[NO. OF DAYS WITH]      [WEATHER - DAYS WITH]      9 = BLOWING SNOW
                                                   X = TORNADO
MAX 32 OR BELOW:   0    0.01 INCH OR MORE:  10
MAX 90 OR ABOVE:   6    0.10 INCH OR MORE:   7
MIN 32 OR BELOW:   0    0.50 INCH OR MORE:   5
MIN  0 OR BELOW:   0    1.00 INCH OR MORE:   3

[HDD (BASE 65) ]
TOTAL THIS MO.     0    CLEAR  (SCALE 0-3)  14
DPTR FM NORMAL     0    PTCLDY (SCALE 4-7)  10
TOTAL FM JUL 1  1888    CLOUDY (SCALE 8-10)  1
DPTR FM NORMAL  -882

[CDD (BASE 65) ]
TOTAL THIS MO.   293
DPTR FM NORMAL   -11    [PRESSURE DATA]
TOTAL FM JAN 1   658    HIGHEST SLP M ON M
DPTR FM NORMAL   114    LOWEST  SLP 29.72 ON  6

[REMARKS]
