025
CXUS55 KCYS 301000
CF6AIA
PRELIMINARY LOCAL CLIMATOLOGICAL DATA (WS FORM: F-6)

                                          STATION:   ALLIANCE NEBRASKA AIRPORT
                                          MONTH:     APRIL
                                          YEAR:      2016
                                          LATITUDE:   42  2 N
                                          LONGITUDE: 102 48 W

  TEMPERATURE IN F:       :PCPN:    SNOW:  WIND      :SUNSHINE: SKY     :PK WND
================================================================================
1   2   3   4   5  6A  6B    7    8   9   10  11  12  13   14  15   16   17  18
                                     12Z  AVG MX 2MIN
DY MAX MIN AVG DEP HDD CDD  WTR  SNW DPTH SPD SPD DIR MIN PSBL S-S WX    SPD DR
================================================================================

 1  47  25  36  -5  29   0    T    M    M 14.8 28 310   M    M   3        36 320
 2  66  31  49   7  16   0 0.00    M    M 12.5 26 260   M    M   2        32 260
 3  70  31  51   9  14   0 0.00    M    M 14.1 29 330   M    M   2        36 280
 4  74  25  50   8  15   0 0.00    M    M 10.2 29 250   M    M   1 8      37 250
 5  62  41  52  10  13   0 0.00    M    M 19.4 41 310   M    M   2        49 320
 6  65  37  51   9  14   0 0.00    M    M 19.4 37 300   M    M   1        45 300
 7  59  26  43   0  22   0 0.00    M    M 16.0 35 340   M    M   5        43 320
 8  65  20  43   0  22   0 0.00    M    M  9.3 22 320   M    M   0        27 320
 9  78  33  56  13   9   0 0.00    M    M 16.2 28 240   M    M   2        35 310
10  51  32  42  -1  23   0 0.01    M    M  8.5 18  40   M    M   6        22  40
11  60  23  42  -2  23   0 0.00    M    M  7.9 17 190   M    M   4        21 150
12  75  37  56  12   9   0    T    M    M  9.1 16 300   M    M   1        21 110
13  79  29  54  10  11   0 0.00    M    M  6.8 21 160   M    M   1        27 160
14  76  41  59  15   6   0    T    M    M 20.9 37 150   M    M   0 3      44 150
15  59  39  49   4  16   0 0.59    M    M 16.8 32 360   M    M   6 13     42  10
16  42  32  37  -8  28   0 0.67    M    M 22.1 33  10   M    M  10 1      41  20
17  39  31  35 -10  30   0 0.13    M    M 17.2 35  20   M    M  10 1      43  20
18  46  29  38  -7  27   0 0.00    M    M  7.0 15 310   M    M  10        18 340
19  55  23  39  -7  26   0 0.00    M    M  6.4 16 190   M    M   6 1      21 210
20  60  25  43  -3  22   0 0.00    M    M  7.1 17 340   M    M   3 1      22 320
21  68  28  48   2  17   0 0.00    M    M  7.5 16 350   M    M   0        21 350
22  77  36  57  11   8   0 0.00    M    M 18.4 30 150   M    M   0        47 130
23  78  47  63  16   2   0    T    M    M 15.5 37 270   M    M   0 3      49 270
24  61  31  46  -1  19   0 0.02    M    M 18.7 38 260   M    M   4        46 260
25  64  30  47  -1  18   0    T    M    M 12.2 28  70   M    M   3        33  60
26  43  34  39  -9  26   0 0.36    M    M 14.8 33  50   M    M  10 13     38  50
27  49  31  40  -8  25   0 0.08    M    M 17.5 30 340   M    M  10 1      39 340
28  43  29  36 -12  29   0 0.10    M    M  7.8 18  10   M    M   9 1      24  20
29  45  32  39 -10  26   0 0.28    M    M  9.7 20  50   M    M  10 1      23  60
================================================================================
SM 1756  908       545   0  2.24    M    383.8          M      121
================================================================================
AV 60.6 31.3                              13.2 FASTST   M    M   4    MAX(MPH)
                                 MISC ---->  # 41 310               # 49  320
================================================================================
NOTES:
# LAST OF SEVERAL OCCURRENCES

COLUMN 17 PEAK WIND IN M.P.H.

PRELIMINARY LOCAL CLIMATOLOGICAL DATA (WS FORM: F-6) , PAGE 2

                                          STATION:  ALLIANCE NEBRASKA AIRPORT
                                          MONTH:    APRIL
                                          YEAR:     2016
                                          LATITUDE:   42  2 N
                                          LONGITUDE: 102 48 W

[TEMPERATURE DATA]      [PRECIPITATION DATA]       SYMBOLS USED IN COLUMN 16

AVERAGE MONTHLY: 45.9   TOTAL FOR MONTH:   2.24    1 = FOG OR MIST
DPTR FM NORMAL:   1.2   DPTR FM NORMAL:    0.84    2 = FOG REDUCING VISIBILITY
HIGHEST:    79 ON 13    GRTST 24HR  0.87 ON 15-16      TO 1/4 MILE OR LESS
LOWEST:     20 ON  8                               3 = THUNDER
                        SNOW, ICE PELLETS, HAIL    4 = ICE PELLETS
                        TOTAL MONTH:    M          5 = HAIL
                        GRTST 24HR    M  ON   M    6 = FREEZING RAIN OR DRIZZLE
                        GRTST DEPTH:  M  ON   M    7 = DUSTSTORM OR SANDSTORM:
                                                       VSBY 1/2 MILE OR LESS
                                                   8 = SMOKE OR HAZE
[NO. OF DAYS WITH]      [WEATHER - DAYS WITH]      9 = BLOWING SNOW
                                                   X = TORNADO
MAX 32 OR BELOW:   0    0.01 INCH OR MORE:   9
MAX 90 OR ABOVE:   0    0.10 INCH OR MORE:   6
MIN 32 OR BELOW:  20    0.50 INCH OR MORE:   2
MIN  0 OR BELOW:   0    1.00 INCH OR MORE:   0

[HDD (BASE 65) ]
TOTAL THIS MO.   545    CLEAR  (SCALE 0-3)  16
DPTR FM NORMAL   -42    PTCLDY (SCALE 4-7)   6
TOTAL FM JUL 1  6424    CLOUDY (SCALE 8-10)  7
DPTR FM NORMAL  -449

[CDD (BASE 65) ]
TOTAL THIS MO.     0
DPTR FM NORMAL     0    [PRESSURE DATA]
TOTAL FM JAN 1     0    HIGHEST SLP M ON M
DPTR FM NORMAL     0    LOWEST  SLP 29.40 ON 14

[REMARKS]
